{"id":9824,"date":"2025-07-20T11:15:40","date_gmt":"2025-07-20T11:15:40","guid":{"rendered":"https:\/\/chibolita.es\/?post_type=product&#038;p=9824"},"modified":"2025-07-20T11:15:40","modified_gmt":"2025-07-20T11:15:40","slug":"pherostrong-perfume-con-feromonas-king-para-hombre-50-ml","status":"publish","type":"product","link":"https:\/\/chibolita.es\/index.php\/product\/pherostrong-perfume-con-feromonas-king-para-hombre-50-ml\/","title":{"rendered":"PHEROSTRONG &#8211; PERFUME CON FEROMONAS KING PARA HOMBRE 50 ML"},"content":{"rendered":"<p><strong>Perfume con feromonas para hombre para excitar a la mujer.<\/strong><\/p>\n<p>PheroStrong Pheromone King for Men encarna la historia de un hombre decidido que puede escuchar su ser interior. En medio de la vibrante naturaleza, encuentra un respiro de la vida urbana. \u00a0 \u00a0 \u00a0 \u00a0 \u00a0 \u00a0 \u00a0 \u00a0 \u00a0 \u00a0 \u00a0 \u00a0 \u00a0 \u00a0 \u00a0 \u00a0 \u00a0 \u00a0 \u00a0 \u00a0 \u00a0 \u00a0 \u00a0 \u00a0 \u00a0 \u00a0 \u00a0 \u00a0 \u00a0 \u00a0 \u00a0 \u00a0 \u00a0 \u00a0 \u00a0 \u00a0 \u00a0 \u00a0 \u00a0 \u00a0 \u00a0 \u00a0 \u00a0 \u00a0 \u00a0&#8211; fragancia intensa, arom\u00e1tica y amaderada<br \/>\n&#8211; perfecto para un hombre con estilo sin esfuerzo<br \/>\n&#8211; ideal para uso diurno<\/p>\n<p>Al principio oler\u00e1s el aroma de salvia, canela, manzanas jugosas y mandarinas. Al poco tiempo se percibe un coraz\u00f3n fuerte y masculino, repleto de acordes de romero, embriagadora lavanda y pachul\u00ed. La nota de fondo est\u00e1 dominada por el s\u00e1ndalo y el olivo, lo que le da a la composici\u00f3n un encanto atractivo y enfatiza su carisma. La encarnaci\u00f3n perfecta de un hombre que, a pesar de sus \u00e9xitos, se mantiene firme en la tierra y encuentra la mayor paz a orillas del oc\u00e9ano ind\u00f3mito.<\/p>\n<div>\n<p>&nbsp;<\/p>\n<p><strong><u>PHEROSTRONG<\/u><\/strong><\/p>\n<p>Al crear PheroStrong, nuestro equipo de dise\u00f1o quer\u00eda que el resultado final reflejara la singularidad de nuestra marca, nos concentramos en preparar la f\u00f3rmula correcta de feromonas, combinada con una alta concentraci\u00f3n de fragancias de alta calidad especialmente seleccionadas para satisfacer incluso a los m\u00e1s sofisticados. gustos.<\/p>\n<p>Una amplia gama de productos: perfumes, aceites, concentrados de feromonas. Cada uno encontrar\u00e1 algo para s\u00ed mismo.<\/p>\n<p>Nuestros perfumes son amados por personas influyentes de todo el mundo.<\/p>\n<p>Con PheroStrong puedes hacer que cada cita sea un \u00e9xito y que cada desaf\u00edo se convierta en una meta realista.<\/p>\n<p>Saber c\u00f3mo funcionan las feromonas en combinaci\u00f3n con la composici\u00f3n de fragancia adecuada y c\u00f3mo usarlas puede desarrollar enormes posibilidades para usted.<\/p>\n<p>Ver\u00e1s por ti mismo c\u00f3mo cambian tus interacciones diarias y profesionales, lo f\u00e1cil que es aprobar ex\u00e1menes o hacer nuevos amigos en el club.<\/p>\n<div>Vea si las feromonas en las fragancias PheroStrong le ayudar\u00e1n a despertar el deseo en el sexo opuesto para que pueda electrificar sus sentidos y satisfacer sus deseos y lujurias sin inhibiciones, obtenga confianza y nuevos amigos, logra el \u00e9xito profesional y aumenta la efectividad de tu trabajo, disfruta del respeto, reconocimiento y confianza entre quienes te rodean, s\u00e9 un HOMBRE DE \u00c9XITO.<\/div>\n<\/div>\n","protected":false},"excerpt":{"rendered":"<p>Perfume con feromonas para hombre para excitar a la mujer. PheroStrong Pheromone King for Men encarna la historia de un hombre decidido que puede escuchar su ser interior. En medio de la vibrante naturaleza, encuentra un respiro de la vida urbana. \u00a0 \u00a0 \u00a0 \u00a0 \u00a0 \u00a0 \u00a0 \u00a0 \u00a0 \u00a0 \u00a0 \u00a0 \u00a0 \u00a0 [&hellip;]<\/p>\n","protected":false},"featured_media":9825,"comment_status":"open","ping_status":"closed","template":"","meta":{"_eb_attr":"","site-sidebar-layout":"default","site-content-layout":"","ast-site-content-layout":"default","site-content-style":"default","site-sidebar-style":"default","ast-global-header-display":"","ast-banner-title-visibility":"","ast-main-header-display":"","ast-hfb-above-header-display":"","ast-hfb-below-header-display":"","ast-hfb-mobile-header-display":"","site-post-title":"","ast-breadcrumbs-content":"","ast-featured-img":"","footer-sml-layout":"","ast-disable-related-posts":"","theme-transparent-header-meta":"default","adv-header-id-meta":"","stick-header-meta":"","header-above-stick-meta":"","header-main-stick-meta":"","header-below-stick-meta":"","astra-migrate-meta-layouts":"set","ast-page-background-enabled":"default","ast-page-background-meta":{"desktop":{"background-color":"var(--ast-global-color-4)","background-image":"","background-repeat":"repeat","background-position":"center center","background-size":"auto","background-attachment":"scroll","background-type":"","background-media":"","overlay-type":"","overlay-color":"","overlay-opacity":"","overlay-gradient":""},"tablet":{"background-color":"","background-image":"","background-repeat":"repeat","background-position":"center center","background-size":"auto","background-attachment":"scroll","background-type":"","background-media":"","overlay-type":"","overlay-color":"","overlay-opacity":"","overlay-gradient":""},"mobile":{"background-color":"","background-image":"","background-repeat":"repeat","background-position":"center center","background-size":"auto","background-attachment":"scroll","background-type":"","background-media":"","overlay-type":"","overlay-color":"","overlay-opacity":"","overlay-gradient":""}},"ast-content-background-meta":{"desktop":{"background-color":"var(--ast-global-color-5)","background-image":"","background-repeat":"repeat","background-position":"center center","background-size":"auto","background-attachment":"scroll","background-type":"","background-media":"","overlay-type":"","overlay-color":"","overlay-opacity":"","overlay-gradient":""},"tablet":{"background-color":"var(--ast-global-color-5)","background-image":"","background-repeat":"repeat","background-position":"center center","background-size":"auto","background-attachment":"scroll","background-type":"","background-media":"","overlay-type":"","overlay-color":"","overlay-opacity":"","overlay-gradient":""},"mobile":{"background-color":"var(--ast-global-color-5)","background-image":"","background-repeat":"repeat","background-position":"center center","background-size":"auto","background-attachment":"scroll","background-type":"","background-media":"","overlay-type":"","overlay-color":"","overlay-opacity":"","overlay-gradient":""}}},"product_brand":[],"product_cat":[293],"product_tag":[],"class_list":{"0":"post-9824","1":"product","2":"type-product","3":"status-publish","4":"has-post-thumbnail","6":"product_cat-perfumes-de-feromonas","7":"desktop-align-left","8":"tablet-align-left","9":"mobile-align-left","11":"first","12":"instock","13":"sale","14":"shipping-taxable","15":"purchasable","16":"product-type-simple"},"_links":{"self":[{"href":"https:\/\/chibolita.es\/index.php\/wp-json\/wp\/v2\/product\/9824","targetHints":{"allow":["GET"]}}],"collection":[{"href":"https:\/\/chibolita.es\/index.php\/wp-json\/wp\/v2\/product"}],"about":[{"href":"https:\/\/chibolita.es\/index.php\/wp-json\/wp\/v2\/types\/product"}],"replies":[{"embeddable":true,"href":"https:\/\/chibolita.es\/index.php\/wp-json\/wp\/v2\/comments?post=9824"}],"wp:featuredmedia":[{"embeddable":true,"href":"https:\/\/chibolita.es\/index.php\/wp-json\/wp\/v2\/media\/9825"}],"wp:attachment":[{"href":"https:\/\/chibolita.es\/index.php\/wp-json\/wp\/v2\/media?parent=9824"}],"wp:term":[{"taxonomy":"product_brand","embeddable":true,"href":"https:\/\/chibolita.es\/index.php\/wp-json\/wp\/v2\/product_brand?post=9824"},{"taxonomy":"product_cat","embeddable":true,"href":"https:\/\/chibolita.es\/index.php\/wp-json\/wp\/v2\/product_cat?post=9824"},{"taxonomy":"product_tag","embeddable":true,"href":"https:\/\/chibolita.es\/index.php\/wp-json\/wp\/v2\/product_tag?post=9824"}],"curies":[{"name":"wp","href":"https:\/\/api.w.org\/{rel}","templated":true}]}}