{"id":9484,"date":"2025-03-23T09:42:27","date_gmt":"2025-03-23T09:42:27","guid":{"rendered":"https:\/\/chibolita.es\/?post_type=product&#038;p=9484"},"modified":"2025-03-23T09:42:27","modified_gmt":"2025-03-23T09:42:27","slug":"pretty-love-corban-vibrador-anal-10-vibraciones-negro","status":"publish","type":"product","link":"https:\/\/chibolita.es\/index.php\/product\/pretty-love-corban-vibrador-anal-10-vibraciones-negro\/","title":{"rendered":"PRETTY LOVE &#8211; CORBAN VIBRADOR ANAL 10 VIBRACIONES NEGRO"},"content":{"rendered":"<p><strong>PRETTY LOVE BI-040173<\/strong><br \/>\n\u00a1Este exclusivo juguete sexual anal de silicona\u00a0combina la longitud y las sensaciones graduales de las cuentas anales con la sensaci\u00f3n completa de un tap\u00f3n para brindarles a los amantes de la diversi\u00f3n por la puerta trasera lo mejor de ambos mundos!<\/p>\n<p>Las cuentas alargadas son f\u00e1ciles de insertar y tienen un eje flexible para moverse c\u00f3modamente con su cuerpo, aumentando gradualmente de tama\u00f1o hasta llegar a la base. El motor silencioso brinda vibraciones alucinantes directamente a sus puntos m\u00e1s sensibles en 12\u00a0patrones.<\/p>\n<p>&nbsp;<\/p>\n<p><strong><u>CARACTER\u00cdSTICAS<\/u>:\u00a0<\/strong><\/p>\n<ul>\n<li>Funci\u00f3n: 10 funciones de vibraci\u00f3n<\/li>\n<li>Material: Silicona<\/li>\n<li>Alimentaci\u00f3n: Recargable por USB<\/li>\n<\/ul>\n","protected":false},"excerpt":{"rendered":"<p>PRETTY LOVE BI-040173 \u00a1Este exclusivo juguete sexual anal de silicona\u00a0combina la longitud y las sensaciones graduales de las cuentas anales con la sensaci\u00f3n completa de un tap\u00f3n para brindarles a los amantes de la diversi\u00f3n por la puerta trasera lo mejor de ambos mundos! Las cuentas alargadas son f\u00e1ciles de insertar y tienen un eje [&hellip;]<\/p>\n","protected":false},"featured_media":9488,"comment_status":"open","ping_status":"closed","template":"","meta":{"_eb_attr":"","site-sidebar-layout":"default","site-content-layout":"","ast-site-content-layout":"default","site-content-style":"default","site-sidebar-style":"default","ast-global-header-display":"","ast-banner-title-visibility":"","ast-main-header-display":"","ast-hfb-above-header-display":"","ast-hfb-below-header-display":"","ast-hfb-mobile-header-display":"","site-post-title":"","ast-breadcrumbs-content":"","ast-featured-img":"","footer-sml-layout":"","ast-disable-related-posts":"","theme-transparent-header-meta":"default","adv-header-id-meta":"","stick-header-meta":"","header-above-stick-meta":"","header-main-stick-meta":"","header-below-stick-meta":"","astra-migrate-meta-layouts":"set","ast-page-background-enabled":"default","ast-page-background-meta":{"desktop":{"background-color":"var(--ast-global-color-4)","background-image":"","background-repeat":"repeat","background-position":"center center","background-size":"auto","background-attachment":"scroll","background-type":"","background-media":"","overlay-type":"","overlay-color":"","overlay-opacity":"","overlay-gradient":""},"tablet":{"background-color":"","background-image":"","background-repeat":"repeat","background-position":"center center","background-size":"auto","background-attachment":"scroll","background-type":"","background-media":"","overlay-type":"","overlay-color":"","overlay-opacity":"","overlay-gradient":""},"mobile":{"background-color":"","background-image":"","background-repeat":"repeat","background-position":"center center","background-size":"auto","background-attachment":"scroll","background-type":"","background-media":"","overlay-type":"","overlay-color":"","overlay-opacity":"","overlay-gradient":""}},"ast-content-background-meta":{"desktop":{"background-color":"var(--ast-global-color-5)","background-image":"","background-repeat":"repeat","background-position":"center center","background-size":"auto","background-attachment":"scroll","background-type":"","background-media":"","overlay-type":"","overlay-color":"","overlay-opacity":"","overlay-gradient":""},"tablet":{"background-color":"var(--ast-global-color-5)","background-image":"","background-repeat":"repeat","background-position":"center center","background-size":"auto","background-attachment":"scroll","background-type":"","background-media":"","overlay-type":"","overlay-color":"","overlay-opacity":"","overlay-gradient":""},"mobile":{"background-color":"var(--ast-global-color-5)","background-image":"","background-repeat":"repeat","background-position":"center center","background-size":"auto","background-attachment":"scroll","background-type":"","background-media":"","overlay-type":"","overlay-color":"","overlay-opacity":"","overlay-gradient":""}}},"product_brand":[],"product_cat":[265,270],"product_tag":[],"class_list":{"0":"post-9484","1":"product","2":"type-product","3":"status-publish","4":"has-post-thumbnail","6":"product_cat-fetish-bdsm","7":"product_cat-sexo-anal","8":"desktop-align-left","9":"tablet-align-left","10":"mobile-align-left","12":"first","13":"instock","14":"sale","15":"shipping-taxable","16":"purchasable","17":"product-type-simple"},"_links":{"self":[{"href":"https:\/\/chibolita.es\/index.php\/wp-json\/wp\/v2\/product\/9484","targetHints":{"allow":["GET"]}}],"collection":[{"href":"https:\/\/chibolita.es\/index.php\/wp-json\/wp\/v2\/product"}],"about":[{"href":"https:\/\/chibolita.es\/index.php\/wp-json\/wp\/v2\/types\/product"}],"replies":[{"embeddable":true,"href":"https:\/\/chibolita.es\/index.php\/wp-json\/wp\/v2\/comments?post=9484"}],"wp:featuredmedia":[{"embeddable":true,"href":"https:\/\/chibolita.es\/index.php\/wp-json\/wp\/v2\/media\/9488"}],"wp:attachment":[{"href":"https:\/\/chibolita.es\/index.php\/wp-json\/wp\/v2\/media?parent=9484"}],"wp:term":[{"taxonomy":"product_brand","embeddable":true,"href":"https:\/\/chibolita.es\/index.php\/wp-json\/wp\/v2\/product_brand?post=9484"},{"taxonomy":"product_cat","embeddable":true,"href":"https:\/\/chibolita.es\/index.php\/wp-json\/wp\/v2\/product_cat?post=9484"},{"taxonomy":"product_tag","embeddable":true,"href":"https:\/\/chibolita.es\/index.php\/wp-json\/wp\/v2\/product_tag?post=9484"}],"curies":[{"name":"wp","href":"https:\/\/api.w.org\/{rel}","templated":true}]}}