{"id":9329,"date":"2025-01-26T16:30:22","date_gmt":"2025-01-26T16:30:22","guid":{"rendered":"https:\/\/chibolita.es\/?post_type=product&#038;p=9329"},"modified":"2025-01-26T16:30:22","modified_gmt":"2025-01-26T16:30:22","slug":"vigour-sex-power-exclusivo-edicion-limitada-2-botellas","status":"publish","type":"product","link":"https:\/\/chibolita.es\/index.php\/product\/vigour-sex-power-exclusivo-edicion-limitada-2-botellas\/","title":{"rendered":"VIGOUR SEX POWER EXCLUSIVO \u2013 Edici\u00f3n Limitada \u2013 2 Botellas"},"content":{"rendered":"<p><strong><span>\u00bfQu\u00e9 es Vigor Sexpower?<\/span><\/strong><br \/>\n<span>Este es probablemente el mejor Vigor jam\u00e1s fabricado por esta marca, imposible permanecer indiferente.<\/span><\/p>\n<p><span>Despu\u00e9s de los 800 \/ 5200 \/ 6800 despu\u00e9s de la GAMA VIP, \u00a1este es el nuevo diamante de la marca VIGOR!<\/span><\/p>\n<p><strong><span>\u00bfPara qu\u00e9 sirve el poder Vigor Sex?<\/span><\/strong><br \/>\n<span>-Permite una erecci\u00f3n r\u00e1pida y consistente<\/span><br \/>\n<span>-Mejora el rendimiento y el deseo sexual<\/span><br \/>\n<span>-Reduce la fatiga sexual, allanando el camino para futuras eyaculaciones<\/span><br \/>\n<span>-Retrasa la fase de eyaculaci\u00f3n<\/span><br \/>\n<span>-Activa la funci\u00f3n renal<\/span><br \/>\n<span>-Aumenta la secreci\u00f3n testicular<\/span><br \/>\n<span>-Ayuda a prevenir la pr\u00f3stata y enfermedades similares.<\/span><\/p>\n<p><strong><span>Especificaciones:<\/span><\/strong><br \/>\n<span>Una Caja de Vigor Sex Power contiene: 6 tabletas.<\/span><\/p>\n<p><span>\u00bfVigor tiene efectos secundarios?<\/span><br \/>\n<span>Vigor en casos excepcionales puede manifestar efectos secundarios, por ejemplo dolor de cabeza, problemas estomacales, secreci\u00f3n nasal o algo de calor en la cara o el cuerpo. Estos efectos secundarios desaparecer\u00e1n a las pocas horas cuando dejes de recibir estimulaci\u00f3n sexual. Si presenta alg\u00fan efecto secundario que le moleste durante mucho tiempo, le recomendamos que consulte a su m\u00e9dico.<\/span><\/p>\n<p><strong><span>Administraci\u00f3n y posolog\u00eda:<\/span><\/strong><br \/>\n<span>Tomar una c\u00e1psula de 10 a 30 minutos antes de la relaci\u00f3n sexual.<\/span><\/p>\n<p><strong><span>\u00bfPuedo tomar Vigor con alcohol o alimentos?<\/span><\/strong><br \/>\n<span>Sin embargo, al mezclar alcohol y Vigour, es posible que no pueda lograr una erecci\u00f3n efectiva. Para obtener los mejores resultados posibles, no beba grandes cantidades de alcohol antes o durante su tratamiento con Vigor.<\/span><\/p>\n","protected":false},"excerpt":{"rendered":"<p>\u00bfQu\u00e9 es Vigor Sexpower? Este es probablemente el mejor Vigor jam\u00e1s fabricado por esta marca, imposible permanecer indiferente. Despu\u00e9s de los 800 \/ 5200 \/ 6800 despu\u00e9s de la GAMA VIP, \u00a1este es el nuevo diamante de la marca VIGOR! \u00bfPara qu\u00e9 sirve el poder Vigor Sex? -Permite una erecci\u00f3n r\u00e1pida y consistente -Mejora el [&hellip;]<\/p>\n","protected":false},"featured_media":9330,"comment_status":"open","ping_status":"closed","template":"","meta":{"_eb_attr":"","site-sidebar-layout":"default","site-content-layout":"","ast-site-content-layout":"default","site-content-style":"default","site-sidebar-style":"default","ast-global-header-display":"","ast-banner-title-visibility":"","ast-main-header-display":"","ast-hfb-above-header-display":"","ast-hfb-below-header-display":"","ast-hfb-mobile-header-display":"","site-post-title":"","ast-breadcrumbs-content":"","ast-featured-img":"","footer-sml-layout":"","ast-disable-related-posts":"","theme-transparent-header-meta":"default","adv-header-id-meta":"","stick-header-meta":"","header-above-stick-meta":"","header-main-stick-meta":"","header-below-stick-meta":"","astra-migrate-meta-layouts":"set","ast-page-background-enabled":"default","ast-page-background-meta":{"desktop":{"background-color":"var(--ast-global-color-4)","background-image":"","background-repeat":"repeat","background-position":"center center","background-size":"auto","background-attachment":"scroll","background-type":"","background-media":"","overlay-type":"","overlay-color":"","overlay-opacity":"","overlay-gradient":""},"tablet":{"background-color":"","background-image":"","background-repeat":"repeat","background-position":"center center","background-size":"auto","background-attachment":"scroll","background-type":"","background-media":"","overlay-type":"","overlay-color":"","overlay-opacity":"","overlay-gradient":""},"mobile":{"background-color":"","background-image":"","background-repeat":"repeat","background-position":"center center","background-size":"auto","background-attachment":"scroll","background-type":"","background-media":"","overlay-type":"","overlay-color":"","overlay-opacity":"","overlay-gradient":""}},"ast-content-background-meta":{"desktop":{"background-color":"var(--ast-global-color-5)","background-image":"","background-repeat":"repeat","background-position":"center center","background-size":"auto","background-attachment":"scroll","background-type":"","background-media":"","overlay-type":"","overlay-color":"","overlay-opacity":"","overlay-gradient":""},"tablet":{"background-color":"var(--ast-global-color-5)","background-image":"","background-repeat":"repeat","background-position":"center center","background-size":"auto","background-attachment":"scroll","background-type":"","background-media":"","overlay-type":"","overlay-color":"","overlay-opacity":"","overlay-gradient":""},"mobile":{"background-color":"var(--ast-global-color-5)","background-image":"","background-repeat":"repeat","background-position":"center center","background-size":"auto","background-attachment":"scroll","background-type":"","background-media":"","overlay-type":"","overlay-color":"","overlay-opacity":"","overlay-gradient":""}}},"product_brand":[],"product_cat":[230,250,238],"product_tag":[],"class_list":{"0":"post-9329","1":"product","2":"type-product","3":"status-publish","4":"has-post-thumbnail","6":"product_cat-farmacia","7":"product_cat-marca-vigour","8":"product_cat-todos-los-afrodisiacos-para-hombres","9":"desktop-align-left","10":"tablet-align-left","11":"mobile-align-left","13":"first","14":"instock","15":"sale","16":"shipping-taxable","17":"purchasable","18":"product-type-simple"},"_links":{"self":[{"href":"https:\/\/chibolita.es\/index.php\/wp-json\/wp\/v2\/product\/9329","targetHints":{"allow":["GET"]}}],"collection":[{"href":"https:\/\/chibolita.es\/index.php\/wp-json\/wp\/v2\/product"}],"about":[{"href":"https:\/\/chibolita.es\/index.php\/wp-json\/wp\/v2\/types\/product"}],"replies":[{"embeddable":true,"href":"https:\/\/chibolita.es\/index.php\/wp-json\/wp\/v2\/comments?post=9329"}],"wp:featuredmedia":[{"embeddable":true,"href":"https:\/\/chibolita.es\/index.php\/wp-json\/wp\/v2\/media\/9330"}],"wp:attachment":[{"href":"https:\/\/chibolita.es\/index.php\/wp-json\/wp\/v2\/media?parent=9329"}],"wp:term":[{"taxonomy":"product_brand","embeddable":true,"href":"https:\/\/chibolita.es\/index.php\/wp-json\/wp\/v2\/product_brand?post=9329"},{"taxonomy":"product_cat","embeddable":true,"href":"https:\/\/chibolita.es\/index.php\/wp-json\/wp\/v2\/product_cat?post=9329"},{"taxonomy":"product_tag","embeddable":true,"href":"https:\/\/chibolita.es\/index.php\/wp-json\/wp\/v2\/product_tag?post=9329"}],"curies":[{"name":"wp","href":"https:\/\/api.w.org\/{rel}","templated":true}]}}