{"id":9206,"date":"2024-10-26T14:30:30","date_gmt":"2024-10-26T14:30:30","guid":{"rendered":"https:\/\/chibolita.es\/?post_type=product&#038;p=9206"},"modified":"2025-07-17T19:44:47","modified_gmt":"2025-07-17T19:44:47","slug":"ultimate-sex-power-delay-10-pastillas","status":"publish","type":"product","link":"https:\/\/chibolita.es\/index.php\/product\/ultimate-sex-power-delay-10-pastillas\/","title":{"rendered":"Ultimate Sex Power Delay \u2013 10 pastillas"},"content":{"rendered":"<p>Ultimate Sex Power Delay es un potenciador masculino natural con un gran porcentaje de extractos que retrasan la eyaculaci\u00f3n mientras crean erecciones fuertes. Aumenta sustancialmente el tiempo hasta la eyaculaci\u00f3n.<\/p>\n<p>Con mayor eficacia y efecto m\u00e1s r\u00e1pido, Ultimate Delay es tambi\u00e9n un estimulante y afrodis\u00edaco natural, extra\u00eddo de un grupo de plantas que se someten a un riguroso proceso de fabricaci\u00f3n, para garantizar que llegue a ti lo mejor. Se utiliza para mejorar los s\u00edntomas de la disfunci\u00f3n er\u00e9ctil y prolongar las relaciones sexuales.<\/p>\n<p>Beneficios:<\/p>\n<p>Prolonga el tiempo de las relaciones sexuales;<br \/>\nRetrasa la eyaculaci\u00f3n;<br \/>\nPreviene la eyaculaci\u00f3n precoz;<br \/>\nPromueve erecciones duras como una roca;<br \/>\nResistente a los efectos del alcohol.<br \/>\nUltimate Sex Power Delay est\u00e1 disponible en paquetes de 10 comprimidos.<\/p>\n<p>Indicaciones de consumo:<\/p>\n<p>Consumir 1 comprimido, preferiblemente en ayunas, de 45 a 60 minutos antes de la actividad sexual. Sin embargo, no se debe exceder la dosis recomendada (1 comprimido\/24 horas).<\/p>\n<p>El efecto se puede sentir hasta 2 d\u00edas despu\u00e9s de ingerirlo.<\/p>\n<p>Composici\u00f3n:<\/p>\n<p>Extracto de Ginseng, Extracto de Gingko, Extracto de Canela, Extracto de Damiana, Extracto de Apio Chino, Extracto de Dang Shen, Ang\u00e9lica, Regaliz.<\/p>\n<p>\u00bfC\u00f3mo funcionan los potenciadores masculinos?<\/p>\n<p>El funcionamiento es sencillo. Estos productos naturales aumentan los niveles de \u00f3xido n\u00edtrico en el cuerpo, provocando que los vasos sangu\u00edneos del pene se dilaten y, en definitiva, aumentando el nivel de riego sangu\u00edneo de la zona. Sin embargo, la erecci\u00f3n se produce despu\u00e9s de alg\u00fan tipo de est\u00edmulo sexual.<\/p>\n<p>Los estimulantes sexuales existen para ser utilizados y proporcionar mayor bienestar a quien los utiliza, y contribuir a un mejor desempe\u00f1o en la relaci\u00f3n de pareja y aumentar la autoestima del hombre.<\/p>\n<p>&nbsp;<\/p>\n<p>#chibolita #ultimate #sexpower #sextreme #afrodisiacos<\/p>\n","protected":false},"excerpt":{"rendered":"<p>Ultimate Sex Power Delay es un potenciador masculino natural con un gran porcentaje de extractos que retrasan la eyaculaci\u00f3n mientras crean erecciones fuertes. Aumenta sustancialmente el tiempo hasta la eyaculaci\u00f3n. Con mayor eficacia y efecto m\u00e1s r\u00e1pido, Ultimate Delay es tambi\u00e9n un estimulante y afrodis\u00edaco natural, extra\u00eddo de un grupo de plantas que se someten [&hellip;]<\/p>\n","protected":false},"featured_media":9207,"comment_status":"open","ping_status":"closed","template":"","meta":{"_eb_attr":"","site-sidebar-layout":"default","site-content-layout":"","ast-site-content-layout":"default","site-content-style":"default","site-sidebar-style":"default","ast-global-header-display":"","ast-banner-title-visibility":"","ast-main-header-display":"","ast-hfb-above-header-display":"","ast-hfb-below-header-display":"","ast-hfb-mobile-header-display":"","site-post-title":"","ast-breadcrumbs-content":"","ast-featured-img":"","footer-sml-layout":"","ast-disable-related-posts":"","theme-transparent-header-meta":"default","adv-header-id-meta":"","stick-header-meta":"","header-above-stick-meta":"","header-main-stick-meta":"","header-below-stick-meta":"","astra-migrate-meta-layouts":"set","ast-page-background-enabled":"default","ast-page-background-meta":{"desktop":{"background-color":"var(--ast-global-color-4)","background-image":"","background-repeat":"repeat","background-position":"center center","background-size":"auto","background-attachment":"scroll","background-type":"","background-media":"","overlay-type":"","overlay-color":"","overlay-opacity":"","overlay-gradient":""},"tablet":{"background-color":"","background-image":"","background-repeat":"repeat","background-position":"center center","background-size":"auto","background-attachment":"scroll","background-type":"","background-media":"","overlay-type":"","overlay-color":"","overlay-opacity":"","overlay-gradient":""},"mobile":{"background-color":"","background-image":"","background-repeat":"repeat","background-position":"center center","background-size":"auto","background-attachment":"scroll","background-type":"","background-media":"","overlay-type":"","overlay-color":"","overlay-opacity":"","overlay-gradient":""}},"ast-content-background-meta":{"desktop":{"background-color":"var(--ast-global-color-5)","background-image":"","background-repeat":"repeat","background-position":"center center","background-size":"auto","background-attachment":"scroll","background-type":"","background-media":"","overlay-type":"","overlay-color":"","overlay-opacity":"","overlay-gradient":""},"tablet":{"background-color":"var(--ast-global-color-5)","background-image":"","background-repeat":"repeat","background-position":"center center","background-size":"auto","background-attachment":"scroll","background-type":"","background-media":"","overlay-type":"","overlay-color":"","overlay-opacity":"","overlay-gradient":""},"mobile":{"background-color":"var(--ast-global-color-5)","background-image":"","background-repeat":"repeat","background-position":"center center","background-size":"auto","background-attachment":"scroll","background-type":"","background-media":"","overlay-type":"","overlay-color":"","overlay-opacity":"","overlay-gradient":""}}},"product_brand":[],"product_cat":[230,308,236,238],"product_tag":[],"class_list":{"0":"post-9206","1":"product","2":"type-product","3":"status-publish","4":"has-post-thumbnail","6":"product_cat-farmacia","7":"product_cat-marca-ultimate-natura","8":"product_cat-retardantes","9":"product_cat-todos-los-afrodisiacos-para-hombres","10":"desktop-align-left","11":"tablet-align-left","12":"mobile-align-left","14":"first","15":"instock","16":"sale","17":"shipping-taxable","18":"purchasable","19":"product-type-simple"},"_links":{"self":[{"href":"https:\/\/chibolita.es\/index.php\/wp-json\/wp\/v2\/product\/9206","targetHints":{"allow":["GET"]}}],"collection":[{"href":"https:\/\/chibolita.es\/index.php\/wp-json\/wp\/v2\/product"}],"about":[{"href":"https:\/\/chibolita.es\/index.php\/wp-json\/wp\/v2\/types\/product"}],"replies":[{"embeddable":true,"href":"https:\/\/chibolita.es\/index.php\/wp-json\/wp\/v2\/comments?post=9206"}],"wp:featuredmedia":[{"embeddable":true,"href":"https:\/\/chibolita.es\/index.php\/wp-json\/wp\/v2\/media\/9207"}],"wp:attachment":[{"href":"https:\/\/chibolita.es\/index.php\/wp-json\/wp\/v2\/media?parent=9206"}],"wp:term":[{"taxonomy":"product_brand","embeddable":true,"href":"https:\/\/chibolita.es\/index.php\/wp-json\/wp\/v2\/product_brand?post=9206"},{"taxonomy":"product_cat","embeddable":true,"href":"https:\/\/chibolita.es\/index.php\/wp-json\/wp\/v2\/product_cat?post=9206"},{"taxonomy":"product_tag","embeddable":true,"href":"https:\/\/chibolita.es\/index.php\/wp-json\/wp\/v2\/product_tag?post=9206"}],"curies":[{"name":"wp","href":"https:\/\/api.w.org\/{rel}","templated":true}]}}