{"id":9090,"date":"2024-04-08T20:26:15","date_gmt":"2024-04-08T20:26:15","guid":{"rendered":"https:\/\/chibolita.es\/?post_type=product&#038;p=9090"},"modified":"2024-04-08T20:26:31","modified_gmt":"2024-04-08T20:26:31","slug":"leg-avenue-arnes-sujetador-liga-corazon-m","status":"publish","type":"product","link":"https:\/\/chibolita.es\/index.php\/product\/leg-avenue-arnes-sujetador-liga-corazon-m\/","title":{"rendered":"LEG AVENUE &#8211; ARNES SUJETADOR &#038; LIGA CORAZON M"},"content":{"rendered":"<p>Desbloquea tus sue\u00f1os m\u00e1s salvajes con nuestro tentador top tipo sujetador con arn\u00e9s de cuero vegano con aro en forma de coraz\u00f3n y tachuelas;\u00a0completo con una cadena de seducci\u00f3n.\u00a0Invita a la tentaci\u00f3n con la liga hasta el muslo a juego para hacer alarde de tu deseo con una atrevida combinaci\u00f3n de clase y vanguardia.\u00a0\u00a1Explora lo irresistible!<\/p>\n<p>Presentamos nuestro tentador top tipo sujetador con arn\u00e9s y aro de coraz\u00f3n de cuero vegano de 2 piezas, completo con un seductor detalle de cadena.\u00a0Combinado con un arn\u00e9s de liga hasta el muslo a juego, este conjunto invita a una exploraci\u00f3n irresistible.\u00a0Da rienda suelta a tus deseos con estilo con este atrevido conjunto que combina elegancia y vanguardia.<\/p>\n<p>&nbsp;<\/p>\n<p><u><strong>CARACTERISTICAS:<\/strong><\/u><\/p>\n<ul>\n<li>Talla: M<\/li>\n<li>Composicion:\u00a0 Base:100% poliuretano, decoraci\u00f3n: 100% metal, el\u00e1stico: 60% poli\u00e9ster, 40% spandex, decoraci\u00f3n: 100% metal<\/li>\n<li>El paquete incluye: Sujetador con arnes y liga<\/li>\n<li>Tanga no incluida.<\/li>\n<li>Acentos dorados<\/li>\n<li>Correas ajustables<\/li>\n<li>Anillo de coraz\u00f3n y detalles de tachuelas.<\/li>\n<li>Perfecto para una sorpresa durante las vacaciones.<\/li>\n<li>Para mantener su arn\u00e9s con el mejor aspecto, l\u00edmpielo suavemente con un pa\u00f1o h\u00famedo y s\u00e9quelo al aire.<\/li>\n<\/ul>\n<p><strong>Leg Avenue<\/strong>\u00a0tiene los productos que estabas buscando comprometi\u00e9ndose a ofrecer a los clientes productos innovadores, precios competitivos y una gran satisfacci\u00f3n, reci\u00e9n llegados desde el distrito m\u00e1s fashion de Los \u00c1ngeles. Nadie lo hace m\u00e1s sexy!!<\/p>\n","protected":false},"excerpt":{"rendered":"<p>Desbloquea tus sue\u00f1os m\u00e1s salvajes con nuestro tentador top tipo sujetador con arn\u00e9s de cuero vegano con aro en forma de coraz\u00f3n y tachuelas;\u00a0completo con una cadena de seducci\u00f3n.\u00a0Invita a la tentaci\u00f3n con la liga hasta el muslo a juego para hacer alarde de tu deseo con una atrevida combinaci\u00f3n de clase y vanguardia.\u00a0\u00a1Explora lo [&hellip;]<\/p>\n","protected":false},"featured_media":9089,"comment_status":"open","ping_status":"closed","template":"","meta":{"_eb_attr":"","site-sidebar-layout":"default","site-content-layout":"","ast-site-content-layout":"default","site-content-style":"default","site-sidebar-style":"default","ast-global-header-display":"","ast-banner-title-visibility":"","ast-main-header-display":"","ast-hfb-above-header-display":"","ast-hfb-below-header-display":"","ast-hfb-mobile-header-display":"","site-post-title":"","ast-breadcrumbs-content":"","ast-featured-img":"","footer-sml-layout":"","ast-disable-related-posts":"","theme-transparent-header-meta":"default","adv-header-id-meta":"","stick-header-meta":"","header-above-stick-meta":"","header-main-stick-meta":"","header-below-stick-meta":"","astra-migrate-meta-layouts":"set","ast-page-background-enabled":"default","ast-page-background-meta":{"desktop":{"background-color":"var(--ast-global-color-4)","background-image":"","background-repeat":"repeat","background-position":"center center","background-size":"auto","background-attachment":"scroll","background-type":"","background-media":"","overlay-type":"","overlay-color":"","overlay-opacity":"","overlay-gradient":""},"tablet":{"background-color":"","background-image":"","background-repeat":"repeat","background-position":"center center","background-size":"auto","background-attachment":"scroll","background-type":"","background-media":"","overlay-type":"","overlay-color":"","overlay-opacity":"","overlay-gradient":""},"mobile":{"background-color":"","background-image":"","background-repeat":"repeat","background-position":"center center","background-size":"auto","background-attachment":"scroll","background-type":"","background-media":"","overlay-type":"","overlay-color":"","overlay-opacity":"","overlay-gradient":""}},"ast-content-background-meta":{"desktop":{"background-color":"var(--ast-global-color-5)","background-image":"","background-repeat":"repeat","background-position":"center center","background-size":"auto","background-attachment":"scroll","background-type":"","background-media":"","overlay-type":"","overlay-color":"","overlay-opacity":"","overlay-gradient":""},"tablet":{"background-color":"var(--ast-global-color-5)","background-image":"","background-repeat":"repeat","background-position":"center center","background-size":"auto","background-attachment":"scroll","background-type":"","background-media":"","overlay-type":"","overlay-color":"","overlay-opacity":"","overlay-gradient":""},"mobile":{"background-color":"var(--ast-global-color-5)","background-image":"","background-repeat":"repeat","background-position":"center center","background-size":"auto","background-attachment":"scroll","background-type":"","background-media":"","overlay-type":"","overlay-color":"","overlay-opacity":"","overlay-gradient":""}}},"product_brand":[],"product_cat":[289,285,286],"product_tag":[],"class_list":{"0":"post-9090","1":"product","2":"type-product","3":"status-publish","4":"has-post-thumbnail","6":"product_cat-conjuntos-varias-piezas","7":"product_cat-lenceria","8":"product_cat-sujetadores","9":"desktop-align-left","10":"tablet-align-left","11":"mobile-align-left","13":"first","14":"instock","15":"sale","16":"shipping-taxable","17":"purchasable","18":"product-type-simple"},"_links":{"self":[{"href":"https:\/\/chibolita.es\/index.php\/wp-json\/wp\/v2\/product\/9090","targetHints":{"allow":["GET"]}}],"collection":[{"href":"https:\/\/chibolita.es\/index.php\/wp-json\/wp\/v2\/product"}],"about":[{"href":"https:\/\/chibolita.es\/index.php\/wp-json\/wp\/v2\/types\/product"}],"replies":[{"embeddable":true,"href":"https:\/\/chibolita.es\/index.php\/wp-json\/wp\/v2\/comments?post=9090"}],"wp:featuredmedia":[{"embeddable":true,"href":"https:\/\/chibolita.es\/index.php\/wp-json\/wp\/v2\/media\/9089"}],"wp:attachment":[{"href":"https:\/\/chibolita.es\/index.php\/wp-json\/wp\/v2\/media?parent=9090"}],"wp:term":[{"taxonomy":"product_brand","embeddable":true,"href":"https:\/\/chibolita.es\/index.php\/wp-json\/wp\/v2\/product_brand?post=9090"},{"taxonomy":"product_cat","embeddable":true,"href":"https:\/\/chibolita.es\/index.php\/wp-json\/wp\/v2\/product_cat?post=9090"},{"taxonomy":"product_tag","embeddable":true,"href":"https:\/\/chibolita.es\/index.php\/wp-json\/wp\/v2\/product_tag?post=9090"}],"curies":[{"name":"wp","href":"https:\/\/api.w.org\/{rel}","templated":true}]}}