{"id":8879,"date":"2023-12-22T08:48:50","date_gmt":"2023-12-22T08:48:50","guid":{"rendered":"https:\/\/chibolita.es\/?post_type=product&#038;p=8879"},"modified":"2023-12-22T08:48:50","modified_gmt":"2023-12-22T08:48:50","slug":"action-volse-vibrador-triple-funcion-con-finger-y-pulsacion-tapping","status":"publish","type":"product","link":"https:\/\/chibolita.es\/index.php\/product\/action-volse-vibrador-triple-funcion-con-finger-y-pulsacion-tapping\/","title":{"rendered":"ACTION VOLSE VIBRADOR TRIPLE FUNCI\u00d3N CON FINGER Y PULSACI\u00d3N TAPPING"},"content":{"rendered":"<p>Volse es el nuevo integrante de la familia Action.<\/p>\n<p>Volse es un vibrador triple acci\u00f3n, es decir, cuenta con 3 funciones bien diferenciadas entre s\u00ed.<\/p>\n<ul>\n<li>Una de ellas es nuestra amada vibraci\u00f3n, 10 modos de vibraci\u00f3n que nos llevar\u00e1 a ver mundos de placer hasta ahora desconocidos.<\/li>\n<li>La segunda, estimulaci\u00f3n de cl\u00edtoris. Pero no una simple estimulaci\u00f3n, Volse cuenta con 10 modos de pulsation tapping, una bolita en la zona del estimulador de cl\u00edtoris te permite disfrutar como nunca antes.<\/li>\n<li>Y la tercera, la funci\u00f3n de movimiento finger. Esta funci\u00f3n se sit\u00faa en el cuerpo\/punta de Volse, y hace que, con 10 modos de movimiento, la punta de Volse se mueva hacia delante y hacia atr\u00e1s, simulando, como su nombre indica, el movimiento finger, como si de un dedo se tratase.<\/li>\n<\/ul>\n<p>Para que disfrutes al m\u00e1ximo, Volse cuenta con 2 potentes motores, lo que te permite utilizar estas funciones juntas o por separado. Como el resto de la familia es resistente al agua IPX6, sus materiales son extra suaves en silicona de alta calidad y es recargable por USB magn\u00e9tico.<\/p>\n<p>Recuerda usar tu lubricante a base de agua favorito, como el de Nanami N-506, el N-997 o el N-996, para que la experiencia se incremente al m\u00e1ximo y limpiarlo antes y despu\u00e9s de utilizarlo con un buen limpiador de juguetes, como el N-507.<\/p>\n<p>Caracter\u00edsticas:<\/p>\n<ul>\n<li>Triple funci\u00f3n<\/li>\n<li>10 modos de vibraci\u00f3n<\/li>\n<li>10 modos de intensa pulsaci\u00f3n tapping<\/li>\n<li>10 modos de movimiento finger<\/li>\n<li>2 potentes motores<\/li>\n<li>Funciones independientes entre si<\/li>\n<li>Tacto suave y sedoso<\/li>\n<li>Motores muy silenciosos<\/li>\n<li>Recargable por USB magn\u00e9tico<\/li>\n<li>Resistente al agua IPX6<\/li>\n<li>Medidas: 18.7 cm x 4 cm<\/li>\n<\/ul>\n","protected":false},"excerpt":{"rendered":"<p>Volse es el nuevo integrante de la familia Action. Volse es un vibrador triple acci\u00f3n, es decir, cuenta con 3 funciones bien diferenciadas entre s\u00ed. Una de ellas es nuestra amada vibraci\u00f3n, 10 modos de vibraci\u00f3n que nos llevar\u00e1 a ver mundos de placer hasta ahora desconocidos. La segunda, estimulaci\u00f3n de cl\u00edtoris. Pero no una [&hellip;]<\/p>\n","protected":false},"featured_media":8886,"comment_status":"open","ping_status":"closed","template":"","meta":{"_eb_attr":"","site-sidebar-layout":"default","site-content-layout":"default","ast-site-content-layout":"default","site-content-style":"default","site-sidebar-style":"default","ast-global-header-display":"","ast-banner-title-visibility":"","ast-main-header-display":"","ast-hfb-above-header-display":"","ast-hfb-below-header-display":"","ast-hfb-mobile-header-display":"","site-post-title":"","ast-breadcrumbs-content":"","ast-featured-img":"","footer-sml-layout":"","ast-disable-related-posts":"","theme-transparent-header-meta":"default","adv-header-id-meta":"","stick-header-meta":"","header-above-stick-meta":"","header-main-stick-meta":"","header-below-stick-meta":"","astra-migrate-meta-layouts":"default","ast-page-background-enabled":"default","ast-page-background-meta":{"desktop":{"background-color":"var(--ast-global-color-4)","background-image":"","background-repeat":"repeat","background-position":"center center","background-size":"auto","background-attachment":"scroll","background-type":"","background-media":"","overlay-type":"","overlay-color":"","overlay-opacity":"","overlay-gradient":""},"tablet":{"background-color":"","background-image":"","background-repeat":"repeat","background-position":"center center","background-size":"auto","background-attachment":"scroll","background-type":"","background-media":"","overlay-type":"","overlay-color":"","overlay-opacity":"","overlay-gradient":""},"mobile":{"background-color":"","background-image":"","background-repeat":"repeat","background-position":"center center","background-size":"auto","background-attachment":"scroll","background-type":"","background-media":"","overlay-type":"","overlay-color":"","overlay-opacity":"","overlay-gradient":""}},"ast-content-background-meta":{"desktop":{"background-color":"var(--ast-global-color-5)","background-image":"","background-repeat":"repeat","background-position":"center center","background-size":"auto","background-attachment":"scroll","background-type":"","background-media":"","overlay-type":"","overlay-color":"","overlay-opacity":"","overlay-gradient":""},"tablet":{"background-color":"var(--ast-global-color-5)","background-image":"","background-repeat":"repeat","background-position":"center center","background-size":"auto","background-attachment":"scroll","background-type":"","background-media":"","overlay-type":"","overlay-color":"","overlay-opacity":"","overlay-gradient":""},"mobile":{"background-color":"var(--ast-global-color-5)","background-image":"","background-repeat":"repeat","background-position":"center center","background-size":"auto","background-attachment":"scroll","background-type":"","background-media":"","overlay-type":"","overlay-color":"","overlay-opacity":"","overlay-gradient":""}}},"product_brand":[],"product_cat":[264,261,260,296,262,263],"product_tag":[],"class_list":{"0":"post-8879","1":"product","2":"type-product","3":"status-publish","4":"has-post-thumbnail","6":"product_cat-dildo-duplo","7":"product_cat-dildos","8":"product_cat-dildos-y-vibradores","9":"product_cat-novedades","10":"product_cat-vibradores","11":"product_cat-vibradores-lay-on-clitoris","12":"desktop-align-left","13":"tablet-align-left","14":"mobile-align-left","16":"first","17":"instock","18":"sale","19":"shipping-taxable","20":"purchasable","21":"product-type-simple"},"_links":{"self":[{"href":"https:\/\/chibolita.es\/index.php\/wp-json\/wp\/v2\/product\/8879","targetHints":{"allow":["GET"]}}],"collection":[{"href":"https:\/\/chibolita.es\/index.php\/wp-json\/wp\/v2\/product"}],"about":[{"href":"https:\/\/chibolita.es\/index.php\/wp-json\/wp\/v2\/types\/product"}],"replies":[{"embeddable":true,"href":"https:\/\/chibolita.es\/index.php\/wp-json\/wp\/v2\/comments?post=8879"}],"wp:featuredmedia":[{"embeddable":true,"href":"https:\/\/chibolita.es\/index.php\/wp-json\/wp\/v2\/media\/8886"}],"wp:attachment":[{"href":"https:\/\/chibolita.es\/index.php\/wp-json\/wp\/v2\/media?parent=8879"}],"wp:term":[{"taxonomy":"product_brand","embeddable":true,"href":"https:\/\/chibolita.es\/index.php\/wp-json\/wp\/v2\/product_brand?post=8879"},{"taxonomy":"product_cat","embeddable":true,"href":"https:\/\/chibolita.es\/index.php\/wp-json\/wp\/v2\/product_cat?post=8879"},{"taxonomy":"product_tag","embeddable":true,"href":"https:\/\/chibolita.es\/index.php\/wp-json\/wp\/v2\/product_tag?post=8879"}],"curies":[{"name":"wp","href":"https:\/\/api.w.org\/{rel}","templated":true}]}}