{"id":8835,"date":"2023-11-22T10:19:00","date_gmt":"2023-11-22T10:19:00","guid":{"rendered":"https:\/\/chibolita.es\/?post_type=product&#038;p=8835"},"modified":"2026-04-14T07:57:27","modified_gmt":"2026-04-14T07:57:27","slug":"intimateline-luxuria-bio-aceite-masaje-wild-roses-100-ml","status":"publish","type":"product","link":"https:\/\/chibolita.es\/index.php\/product\/intimateline-luxuria-bio-aceite-masaje-wild-roses-100-ml\/","title":{"rendered":"INTIMATELINE LUXURIA &#8211; BIO ACEITE MASAJE WILD ROSES 100 ML"},"content":{"rendered":"<p><strong>Luxuria BIO\u00a0Wild Roses\u00a0<\/strong>es un aceite de masaje de la nueva l\u00ednea Bio de Luxuria. Su f\u00f3rmula nutritiva a base de aceites vegetales totalmente naturales y esencias estimulantes refinadas proporciona una hidrataci\u00f3n intensa, dejando la piel suave y perfumada. El aceite estimular\u00e1 tus sentidos con sus notas floreales y de p\u00e9talos de rosa que te acompa\u00f1ar\u00e1n durante todo el masaje.<\/p>\n<p>&nbsp;<\/p>\n<p><u><strong>CARACTERISTICAS:<\/strong><\/u><\/p>\n<ul>\n<li><u>Modo de empleo<\/u>: Aplicar la cantidad deseada sobre el cuerpo y masajear.<\/li>\n<li>Uso externo.<\/li>\n<li>Compatible con l\u00e1tex.<\/li>\n<li>Dermatol\u00f3gicamente Comprobado.<\/li>\n<li><u>Advertencias<\/u>: No aplicar sobre piel da\u00f1ada o irritada.<\/li>\n<\/ul>\n","protected":false},"excerpt":{"rendered":"<p>Luxuria BIO\u00a0Wild Roses\u00a0es un aceite de masaje de la nueva l\u00ednea Bio de Luxuria. Su f\u00f3rmula nutritiva a base de aceites vegetales totalmente naturales y esencias estimulantes refinadas proporciona una hidrataci\u00f3n intensa, dejando la piel suave y perfumada. El aceite estimular\u00e1 tus sentidos con sus notas floreales y de p\u00e9talos de rosa que te acompa\u00f1ar\u00e1n [&hellip;]<\/p>\n","protected":false},"featured_media":8836,"comment_status":"open","ping_status":"closed","template":"","meta":{"_eb_attr":"","site-sidebar-layout":"default","site-content-layout":"default","ast-site-content-layout":"default","site-content-style":"default","site-sidebar-style":"default","ast-global-header-display":"","ast-banner-title-visibility":"","ast-main-header-display":"","ast-hfb-above-header-display":"","ast-hfb-below-header-display":"","ast-hfb-mobile-header-display":"","site-post-title":"","ast-breadcrumbs-content":"","ast-featured-img":"","footer-sml-layout":"","ast-disable-related-posts":"","theme-transparent-header-meta":"default","adv-header-id-meta":"","stick-header-meta":"","header-above-stick-meta":"","header-main-stick-meta":"","header-below-stick-meta":"","astra-migrate-meta-layouts":"default","ast-page-background-enabled":"default","ast-page-background-meta":{"desktop":{"background-color":"var(--ast-global-color-4)","background-image":"","background-repeat":"repeat","background-position":"center center","background-size":"auto","background-attachment":"scroll","background-type":"","background-media":"","overlay-type":"","overlay-color":"","overlay-opacity":"","overlay-gradient":""},"tablet":{"background-color":"","background-image":"","background-repeat":"repeat","background-position":"center center","background-size":"auto","background-attachment":"scroll","background-type":"","background-media":"","overlay-type":"","overlay-color":"","overlay-opacity":"","overlay-gradient":""},"mobile":{"background-color":"","background-image":"","background-repeat":"repeat","background-position":"center center","background-size":"auto","background-attachment":"scroll","background-type":"","background-media":"","overlay-type":"","overlay-color":"","overlay-opacity":"","overlay-gradient":""}},"ast-content-background-meta":{"desktop":{"background-color":"var(--ast-global-color-5)","background-image":"","background-repeat":"repeat","background-position":"center center","background-size":"auto","background-attachment":"scroll","background-type":"","background-media":"","overlay-type":"","overlay-color":"","overlay-opacity":"","overlay-gradient":""},"tablet":{"background-color":"var(--ast-global-color-5)","background-image":"","background-repeat":"repeat","background-position":"center center","background-size":"auto","background-attachment":"scroll","background-type":"","background-media":"","overlay-type":"","overlay-color":"","overlay-opacity":"","overlay-gradient":""},"mobile":{"background-color":"var(--ast-global-color-5)","background-image":"","background-repeat":"repeat","background-position":"center center","background-size":"auto","background-attachment":"scroll","background-type":"","background-media":"","overlay-type":"","overlay-color":"","overlay-opacity":"","overlay-gradient":""}}},"product_brand":[],"product_cat":[280,296],"product_tag":[],"class_list":{"0":"post-8835","1":"product","2":"type-product","3":"status-publish","4":"has-post-thumbnail","6":"product_cat-masajes-y-cuidados-corporales","7":"product_cat-novedades","8":"desktop-align-left","9":"tablet-align-left","10":"mobile-align-left","12":"first","13":"instock","14":"sale","15":"shipping-taxable","16":"purchasable","17":"product-type-simple"},"_links":{"self":[{"href":"https:\/\/chibolita.es\/index.php\/wp-json\/wp\/v2\/product\/8835","targetHints":{"allow":["GET"]}}],"collection":[{"href":"https:\/\/chibolita.es\/index.php\/wp-json\/wp\/v2\/product"}],"about":[{"href":"https:\/\/chibolita.es\/index.php\/wp-json\/wp\/v2\/types\/product"}],"replies":[{"embeddable":true,"href":"https:\/\/chibolita.es\/index.php\/wp-json\/wp\/v2\/comments?post=8835"}],"wp:featuredmedia":[{"embeddable":true,"href":"https:\/\/chibolita.es\/index.php\/wp-json\/wp\/v2\/media\/8836"}],"wp:attachment":[{"href":"https:\/\/chibolita.es\/index.php\/wp-json\/wp\/v2\/media?parent=8835"}],"wp:term":[{"taxonomy":"product_brand","embeddable":true,"href":"https:\/\/chibolita.es\/index.php\/wp-json\/wp\/v2\/product_brand?post=8835"},{"taxonomy":"product_cat","embeddable":true,"href":"https:\/\/chibolita.es\/index.php\/wp-json\/wp\/v2\/product_cat?post=8835"},{"taxonomy":"product_tag","embeddable":true,"href":"https:\/\/chibolita.es\/index.php\/wp-json\/wp\/v2\/product_tag?post=8835"}],"curies":[{"name":"wp","href":"https:\/\/api.w.org\/{rel}","templated":true}]}}