{"id":8531,"date":"2023-09-14T16:08:56","date_gmt":"2023-09-14T16:08:56","guid":{"rendered":"https:\/\/chibolita.es\/?post_type=product&#038;p=8531"},"modified":"2023-09-14T16:08:56","modified_gmt":"2023-09-14T16:08:56","slug":"secret-play-juego-the-secret-pyramid","status":"publish","type":"product","link":"https:\/\/chibolita.es\/index.php\/product\/secret-play-juego-the-secret-pyramid\/","title":{"rendered":"SECRET PLAY JUEGO THE SECRET PYRAMID"},"content":{"rendered":"<p>\u00a1Bienvenidos a la Pir\u00e1mide Secreta!<\/p>\n<p>En este juego tu pareja y\/o tus amigos y t\u00fa os adentrar\u00e9is en una singular y ardiente pir\u00e1mide egipcia donde explorar\u00e9is m\u00e1s all\u00e1 del m\u00e1gico y misterioso mundo del antiguo Egipto. Recomendado para parejas, grupos de amigos muy atrevidos, swingers y liberales, por contenido sexual expl\u00edcito.<\/p>\n<p>Incluye:<\/p>\n<ul>\n<li>1 Tablero<\/li>\n<li>Libro de instrucciones y 69 pruebas<\/li>\n<li>6 peones<\/li>\n<li>6 dados<\/li>\n<li>1 reloj de arena<\/li>\n<\/ul>\n<p>Se recomienda tener:<\/p>\n<ul>\n<li>Pa\u00f1uelos, corbatas o alguna prenda para atar y vendar<\/li>\n<li>Hielo<\/li>\n<li>Bebida o alg\u00fan otro alimento l\u00edquido comestible.<\/li>\n<li>Lubricante<\/li>\n<li>L\u00e1piz<\/li>\n<li>Ganas de explorar y experimentar<\/li>\n<li>De 2 a 6 jugadores.<\/li>\n<\/ul>\n<p>Los jugadores entrar\u00e1n con sus fichas por la casilla START. Comenzar\u00e1 el jugador de mayor edad. \u00c9ste ha de tirar un dado y moverse tantas casillas como indique. Fij\u00e1ndose en el n\u00famero de la casilla deber\u00e1 buscar la prueba correspondiente en el \u201cInstructions &amp; Forfeits Book\u201d.<br \/>\nDentro del librillo encontrar\u00e9is una combinaci\u00f3n de pruebas de l\u00f3gica y retos muy picantes que ir\u00e1n incrementando de intensidad conforme el juego avanza.<\/p>\n<p>El jugador que no cumpla con el reto propuesto no participar\u00e1 en la siguiente ronda.<br \/>\nEl reloj de arena se utilizar\u00e1 para calcular 1 minuto en las pruebas que lo requieran, y en el caso de ser 2 minutos o m\u00e1s se girar\u00e1 todas las veces que sea necesario. Una vez realizada y superada la prueba pasar\u00e1 a ser el turno del jugador de su izquierda.<\/p>\n<p>El juego terminar\u00e1 cuando uno de los jugadores llegue al ojo de Ra en la punta de la pir\u00e1mide.<br \/>\n\u00c9ste se convertir\u00e1 en un divino e inmortal fara\u00f3n y ser\u00e1 venerado por los dem\u00e1s, quienes deber\u00e1n cumplir todas sus fantas\u00edas<\/p>\n","protected":false},"excerpt":{"rendered":"<p>\u00a1Bienvenidos a la Pir\u00e1mide Secreta! En este juego tu pareja y\/o tus amigos y t\u00fa os adentrar\u00e9is en una singular y ardiente pir\u00e1mide egipcia donde explorar\u00e9is m\u00e1s all\u00e1 del m\u00e1gico y misterioso mundo del antiguo Egipto. Recomendado para parejas, grupos de amigos muy atrevidos, swingers y liberales, por contenido sexual expl\u00edcito. Incluye: 1 Tablero Libro [&hellip;]<\/p>\n","protected":false},"featured_media":8534,"comment_status":"open","ping_status":"closed","template":"","meta":{"_eb_attr":"","site-sidebar-layout":"default","site-content-layout":"default","ast-site-content-layout":"default","site-content-style":"default","site-sidebar-style":"default","ast-global-header-display":"","ast-banner-title-visibility":"","ast-main-header-display":"","ast-hfb-above-header-display":"","ast-hfb-below-header-display":"","ast-hfb-mobile-header-display":"","site-post-title":"","ast-breadcrumbs-content":"","ast-featured-img":"","footer-sml-layout":"","ast-disable-related-posts":"","theme-transparent-header-meta":"default","adv-header-id-meta":"","stick-header-meta":"","header-above-stick-meta":"","header-main-stick-meta":"","header-below-stick-meta":"","astra-migrate-meta-layouts":"default","ast-page-background-enabled":"default","ast-page-background-meta":{"desktop":{"background-color":"var(--ast-global-color-4)","background-image":"","background-repeat":"repeat","background-position":"center center","background-size":"auto","background-attachment":"scroll","background-type":"","background-media":"","overlay-type":"","overlay-color":"","overlay-opacity":"","overlay-gradient":""},"tablet":{"background-color":"","background-image":"","background-repeat":"repeat","background-position":"center center","background-size":"auto","background-attachment":"scroll","background-type":"","background-media":"","overlay-type":"","overlay-color":"","overlay-opacity":"","overlay-gradient":""},"mobile":{"background-color":"","background-image":"","background-repeat":"repeat","background-position":"center center","background-size":"auto","background-attachment":"scroll","background-type":"","background-media":"","overlay-type":"","overlay-color":"","overlay-opacity":"","overlay-gradient":""}},"ast-content-background-meta":{"desktop":{"background-color":"var(--ast-global-color-5)","background-image":"","background-repeat":"repeat","background-position":"center center","background-size":"auto","background-attachment":"scroll","background-type":"","background-media":"","overlay-type":"","overlay-color":"","overlay-opacity":"","overlay-gradient":""},"tablet":{"background-color":"var(--ast-global-color-5)","background-image":"","background-repeat":"repeat","background-position":"center center","background-size":"auto","background-attachment":"scroll","background-type":"","background-media":"","overlay-type":"","overlay-color":"","overlay-opacity":"","overlay-gradient":""},"mobile":{"background-color":"var(--ast-global-color-5)","background-image":"","background-repeat":"repeat","background-position":"center center","background-size":"auto","background-attachment":"scroll","background-type":"","background-media":"","overlay-type":"","overlay-color":"","overlay-opacity":"","overlay-gradient":""}}},"product_brand":[],"product_cat":[299,296,15],"product_tag":[],"class_list":{"0":"post-8531","1":"product","2":"type-product","3":"status-publish","4":"has-post-thumbnail","6":"product_cat-juegos-eroticos","7":"product_cat-novedades","8":"product_cat-uncategorized","9":"desktop-align-left","10":"tablet-align-left","11":"mobile-align-left","13":"first","14":"instock","15":"sale","16":"shipping-taxable","17":"purchasable","18":"product-type-simple"},"_links":{"self":[{"href":"https:\/\/chibolita.es\/index.php\/wp-json\/wp\/v2\/product\/8531","targetHints":{"allow":["GET"]}}],"collection":[{"href":"https:\/\/chibolita.es\/index.php\/wp-json\/wp\/v2\/product"}],"about":[{"href":"https:\/\/chibolita.es\/index.php\/wp-json\/wp\/v2\/types\/product"}],"replies":[{"embeddable":true,"href":"https:\/\/chibolita.es\/index.php\/wp-json\/wp\/v2\/comments?post=8531"}],"wp:featuredmedia":[{"embeddable":true,"href":"https:\/\/chibolita.es\/index.php\/wp-json\/wp\/v2\/media\/8534"}],"wp:attachment":[{"href":"https:\/\/chibolita.es\/index.php\/wp-json\/wp\/v2\/media?parent=8531"}],"wp:term":[{"taxonomy":"product_brand","embeddable":true,"href":"https:\/\/chibolita.es\/index.php\/wp-json\/wp\/v2\/product_brand?post=8531"},{"taxonomy":"product_cat","embeddable":true,"href":"https:\/\/chibolita.es\/index.php\/wp-json\/wp\/v2\/product_cat?post=8531"},{"taxonomy":"product_tag","embeddable":true,"href":"https:\/\/chibolita.es\/index.php\/wp-json\/wp\/v2\/product_tag?post=8531"}],"curies":[{"name":"wp","href":"https:\/\/api.w.org\/{rel}","templated":true}]}}