{"id":8494,"date":"2023-08-30T10:25:14","date_gmt":"2023-08-30T10:25:14","guid":{"rendered":"https:\/\/chibolita.es\/?post_type=product&#038;p=8494"},"modified":"2023-08-30T10:25:15","modified_gmt":"2023-08-30T10:25:15","slug":"fun-factory-laya-iii-vibrador-lay-on-clitoris-recargable-lila","status":"publish","type":"product","link":"https:\/\/chibolita.es\/index.php\/product\/fun-factory-laya-iii-vibrador-lay-on-clitoris-recargable-lila\/","title":{"rendered":"FUN FACTORY &#8211; LAYA III VIBRADOR LAY-ON CLITORIS RECARGABLE LILA"},"content":{"rendered":"<p>Placer profundo: cada vez m\u00e1s intenso, capa tras capa. Descubre la placentera experiencia del vibrador de posici\u00f3n\u00a0<strong>Fun Factory LAYA III<\/strong>, que te mima con vibraciones y un efecto palpitante. D\u00e9jate invadir por una lujuria chisporroteante que penetra desde tu piel hasta tu alma.<\/p>\n<p>\u00bfAnhelas un comienzo aventurero, un viaje sensual de descubrimiento guiado por el deseo? Luego cierra los ojos, pasa las yemas de los dedos por las suaves curvas de\u00a0<strong>LAYA III<\/strong>\u00a0y experimenta vibraciones incre\u00edblemente excitantes en lo profundo de tu piel. Una vibraci\u00f3n profunda despierta tu deseo en ondas suaves y exigentes, tocando tu interior y proporcion\u00e1ndote orgasmos incomparablemente intensos como nunca antes hab\u00edas experimentado.<\/p>\n<ul>\n<li><strong>EFECTO DE CAPAS<\/strong>\u00a0La motricidad mejorada estimula diferentes tipos de terminaciones nerviosas al mismo tiempo para lograr orgasmos electrizantes.<\/li>\n<li><strong>VERSATILIDAD INMEJORABLE<\/strong>\u00a0Adecuado para estimulaci\u00f3n puntual o amplia del cl\u00edtoris, como mejora de la mamada o incluso para ayudar con el flujo de leche.<\/li>\n<li><strong>DISE\u00d1O IC\u00d3NICO\u00a0<\/strong>Forma perfecta para abrazar cada punto de acceso y mimar todos los sentidos.<\/li>\n<li><strong>AJUSTE FINO<\/strong>\u00a0Velocidades vers\u00e1tiles, desde golpes suaves hasta potentes ruidos.<\/li>\n<li><strong>SUPERFICIE TEXTURIZADA<\/strong>\u00a0Retiene lubricante y estropea el cl\u00edtoris, los labios, el perineo y m\u00e1s.<\/li>\n<\/ul>\n<p>&nbsp;<\/p>\n<p>Reg\u00e1late momentos inolvidables, tanto solos como juntos. Experimente la maravillosa acumulaci\u00f3n de lujuria y el deseo cada vez mayor de m\u00e1s. Rel\u00e1jate y d\u00e9jate encantar por las vibraciones del vibrador de apoyo Fun Factory\u00a0<strong>LAYA III<\/strong>\u00a0donde quieras. Este renovado vibrador de cl\u00edtoris con un dise\u00f1o ic\u00f3nico es el \u00fanico vibrador de soporte de\u00a0<strong>FUN FACTORY<\/strong>\u00a0que vibra y palpita al mismo tiempo, para conseguir orgasmos extra intensos. Tambi\u00e9n es fant\u00e1stico para divertirse juntos, ya sea como accesorio sexy durante los juegos previos o como acompa\u00f1amiento de una excitante mamada.<\/p>\n<p>El vibrador de cl\u00edtoris\u00a0<strong>LAYA III\u00a0<\/strong>vibra y palpita al mismo tiempo, independientemente de la configuraci\u00f3n. Esto da como resultado una variedad de estimulaciones diferentes que estimulan m\u00faltiples terminaciones nerviosas al mismo tiempo. \u00bfPor qu\u00e9 es eso importante? Muy sencillo: cuantas m\u00e1s terminaciones nerviosas se estimulen al mismo tiempo, m\u00e1s fuerte e intensa ser\u00e1 la sensaci\u00f3n de excitaci\u00f3n y m\u00e1s profundo y prolongado ser\u00e1 el orgasmo.<\/p>\n<p>&nbsp;<\/p>\n<p><u><strong>Caracter\u00edsticas:<\/strong><\/u><\/p>\n<ul>\n<li><strong>Vibraci\u00f3n<\/strong>: 7 velocidades y 3 programas de vibraci\u00f3n<\/li>\n<li><strong>Funciones<\/strong>: Vibrar y tocar; Funci\u00f3n de memoria y bloqueo de teclas<\/li>\n<li><strong>Tama\u00f1o<\/strong>: 10,8 cm, di\u00e1metro 4,7 cm<\/li>\n<li><strong>Peso<\/strong>: 98 g<\/li>\n<li><strong>Duraci\u00f3n de la bater\u00eda<\/strong>: 40 &#8211; 120 minutos<\/li>\n<li><strong>Tiempo de carga<\/strong>: 6-7 horas<\/li>\n<li><strong>Material:\u00a0<\/strong>Materiales respetuosos con el cuerpo, hipoalerg\u00e9nicos y no porosos.<\/li>\n<\/ul>\n","protected":false},"excerpt":{"rendered":"<p>Placer profundo: cada vez m\u00e1s intenso, capa tras capa. Descubre la placentera experiencia del vibrador de posici\u00f3n\u00a0Fun Factory LAYA III, que te mima con vibraciones y un efecto palpitante. D\u00e9jate invadir por una lujuria chisporroteante que penetra desde tu piel hasta tu alma. \u00bfAnhelas un comienzo aventurero, un viaje sensual de descubrimiento guiado por el [&hellip;]<\/p>\n","protected":false},"featured_media":8498,"comment_status":"open","ping_status":"closed","template":"","meta":{"_eb_attr":"","site-sidebar-layout":"default","site-content-layout":"default","ast-site-content-layout":"default","site-content-style":"default","site-sidebar-style":"default","ast-global-header-display":"","ast-banner-title-visibility":"","ast-main-header-display":"","ast-hfb-above-header-display":"","ast-hfb-below-header-display":"","ast-hfb-mobile-header-display":"","site-post-title":"","ast-breadcrumbs-content":"","ast-featured-img":"","footer-sml-layout":"","ast-disable-related-posts":"","theme-transparent-header-meta":"default","adv-header-id-meta":"","stick-header-meta":"","header-above-stick-meta":"","header-main-stick-meta":"","header-below-stick-meta":"","astra-migrate-meta-layouts":"default","ast-page-background-enabled":"default","ast-page-background-meta":{"desktop":{"background-color":"var(--ast-global-color-4)","background-image":"","background-repeat":"repeat","background-position":"center center","background-size":"auto","background-attachment":"scroll","background-type":"","background-media":"","overlay-type":"","overlay-color":"","overlay-opacity":"","overlay-gradient":""},"tablet":{"background-color":"","background-image":"","background-repeat":"repeat","background-position":"center center","background-size":"auto","background-attachment":"scroll","background-type":"","background-media":"","overlay-type":"","overlay-color":"","overlay-opacity":"","overlay-gradient":""},"mobile":{"background-color":"","background-image":"","background-repeat":"repeat","background-position":"center center","background-size":"auto","background-attachment":"scroll","background-type":"","background-media":"","overlay-type":"","overlay-color":"","overlay-opacity":"","overlay-gradient":""}},"ast-content-background-meta":{"desktop":{"background-color":"var(--ast-global-color-5)","background-image":"","background-repeat":"repeat","background-position":"center center","background-size":"auto","background-attachment":"scroll","background-type":"","background-media":"","overlay-type":"","overlay-color":"","overlay-opacity":"","overlay-gradient":""},"tablet":{"background-color":"var(--ast-global-color-5)","background-image":"","background-repeat":"repeat","background-position":"center center","background-size":"auto","background-attachment":"scroll","background-type":"","background-media":"","overlay-type":"","overlay-color":"","overlay-opacity":"","overlay-gradient":""},"mobile":{"background-color":"var(--ast-global-color-5)","background-image":"","background-repeat":"repeat","background-position":"center center","background-size":"auto","background-attachment":"scroll","background-type":"","background-media":"","overlay-type":"","overlay-color":"","overlay-opacity":"","overlay-gradient":""}}},"product_brand":[],"product_cat":[260,296,263],"product_tag":[],"class_list":{"0":"post-8494","1":"product","2":"type-product","3":"status-publish","4":"has-post-thumbnail","6":"product_cat-dildos-y-vibradores","7":"product_cat-novedades","8":"product_cat-vibradores-lay-on-clitoris","9":"desktop-align-left","10":"tablet-align-left","11":"mobile-align-left","13":"first","14":"instock","15":"sale","16":"shipping-taxable","17":"purchasable","18":"product-type-simple"},"_links":{"self":[{"href":"https:\/\/chibolita.es\/index.php\/wp-json\/wp\/v2\/product\/8494","targetHints":{"allow":["GET"]}}],"collection":[{"href":"https:\/\/chibolita.es\/index.php\/wp-json\/wp\/v2\/product"}],"about":[{"href":"https:\/\/chibolita.es\/index.php\/wp-json\/wp\/v2\/types\/product"}],"replies":[{"embeddable":true,"href":"https:\/\/chibolita.es\/index.php\/wp-json\/wp\/v2\/comments?post=8494"}],"wp:featuredmedia":[{"embeddable":true,"href":"https:\/\/chibolita.es\/index.php\/wp-json\/wp\/v2\/media\/8498"}],"wp:attachment":[{"href":"https:\/\/chibolita.es\/index.php\/wp-json\/wp\/v2\/media?parent=8494"}],"wp:term":[{"taxonomy":"product_brand","embeddable":true,"href":"https:\/\/chibolita.es\/index.php\/wp-json\/wp\/v2\/product_brand?post=8494"},{"taxonomy":"product_cat","embeddable":true,"href":"https:\/\/chibolita.es\/index.php\/wp-json\/wp\/v2\/product_cat?post=8494"},{"taxonomy":"product_tag","embeddable":true,"href":"https:\/\/chibolita.es\/index.php\/wp-json\/wp\/v2\/product_tag?post=8494"}],"curies":[{"name":"wp","href":"https:\/\/api.w.org\/{rel}","templated":true}]}}