{"id":8475,"date":"2023-08-19T09:37:36","date_gmt":"2023-08-19T09:37:36","guid":{"rendered":"https:\/\/chibolita.es\/?post_type=product&#038;p=8475"},"modified":"2023-08-19T09:39:17","modified_gmt":"2023-08-19T09:39:17","slug":"obsessive-lacelove-set-dos-piezas-cupless-rojo-m-l","status":"publish","type":"product","link":"https:\/\/chibolita.es\/index.php\/product\/obsessive-lacelove-set-dos-piezas-cupless-rojo-m-l\/","title":{"rendered":"OBSESSIVE &#8211; LACELOVE SET DOS PIEZAS CUPLESS ROJO M\/L"},"content":{"rendered":"<p>\u00bfEst\u00e1s so\u00f1ando con lencer\u00eda \u00fanica en su tipo que har\u00e1 que la temperatura del dormitorio suba?\u00a0<strong>El conjunto Cupless Lacelove y el tanga\u00a0<\/strong>es un plan de juego sexy poco convencional que fomenta la experimentaci\u00f3n. El dise\u00f1o \u00fanico resaltar\u00e1 sus activos y le dar\u00e1 confianza en s\u00ed mismo. \u00bfTe atreves a ver de lo que eres capaz mientras lo llevas puesto?<\/p>\n<p><strong>Conoce m\u00e1s detalles:<\/strong><\/p>\n<ul>\n<li>Un conjunto rojo que contiene sujetador y tanga<\/li>\n<li>Entrepierna abierta y copas<\/li>\n<li>Ajuste perfecto del sujetador gracias al cierre de varias etapas y las correas ajustables<\/li>\n<li>Aros que acent\u00faan el busto<\/li>\n<li>Detalles de encaje \u2013 a\u00f1adir atractivo sexual<\/li>\n<li>Colgante de plata \u2013 un detalle intrigante<\/li>\n<li>Alta elasticidad del tejido \u2013 una garant\u00eda de comodidad (90 % poliamida, 10 % elastano)<\/li>\n<\/ul>\n<p>Obsesive significa inspiraci\u00f3n para las mujeres. Elegancia, sensualidad, amor por los bordados.\u00a0Los mejores tejidos y los mejores bordados para crear piezas de lencer\u00eda \u00fanicas. A\u00f1os trabajando para unir la mejor relaci\u00f3n calidad-premio.<\/p>\n<p>\u00a1L\u00edderes mundiales en lencer\u00eda! \u00a1Nadie lo hace mejor!<\/p>\n","protected":false},"excerpt":{"rendered":"<p>\u00bfEst\u00e1s so\u00f1ando con lencer\u00eda \u00fanica en su tipo que har\u00e1 que la temperatura del dormitorio suba?\u00a0El conjunto Cupless Lacelove y el tanga\u00a0es un plan de juego sexy poco convencional que fomenta la experimentaci\u00f3n. El dise\u00f1o \u00fanico resaltar\u00e1 sus activos y le dar\u00e1 confianza en s\u00ed mismo. \u00bfTe atreves a ver de lo que eres capaz [&hellip;]<\/p>\n","protected":false},"featured_media":8479,"comment_status":"open","ping_status":"closed","template":"","meta":{"_eb_attr":"","site-sidebar-layout":"default","site-content-layout":"default","ast-site-content-layout":"default","site-content-style":"default","site-sidebar-style":"default","ast-global-header-display":"","ast-banner-title-visibility":"","ast-main-header-display":"","ast-hfb-above-header-display":"","ast-hfb-below-header-display":"","ast-hfb-mobile-header-display":"","site-post-title":"","ast-breadcrumbs-content":"","ast-featured-img":"","footer-sml-layout":"","ast-disable-related-posts":"","theme-transparent-header-meta":"default","adv-header-id-meta":"","stick-header-meta":"","header-above-stick-meta":"","header-main-stick-meta":"","header-below-stick-meta":"","astra-migrate-meta-layouts":"default","ast-page-background-enabled":"default","ast-page-background-meta":{"desktop":{"background-color":"var(--ast-global-color-4)","background-image":"","background-repeat":"repeat","background-position":"center center","background-size":"auto","background-attachment":"scroll","background-type":"","background-media":"","overlay-type":"","overlay-color":"","overlay-opacity":"","overlay-gradient":""},"tablet":{"background-color":"","background-image":"","background-repeat":"repeat","background-position":"center center","background-size":"auto","background-attachment":"scroll","background-type":"","background-media":"","overlay-type":"","overlay-color":"","overlay-opacity":"","overlay-gradient":""},"mobile":{"background-color":"","background-image":"","background-repeat":"repeat","background-position":"center center","background-size":"auto","background-attachment":"scroll","background-type":"","background-media":"","overlay-type":"","overlay-color":"","overlay-opacity":"","overlay-gradient":""}},"ast-content-background-meta":{"desktop":{"background-color":"var(--ast-global-color-5)","background-image":"","background-repeat":"repeat","background-position":"center center","background-size":"auto","background-attachment":"scroll","background-type":"","background-media":"","overlay-type":"","overlay-color":"","overlay-opacity":"","overlay-gradient":""},"tablet":{"background-color":"var(--ast-global-color-5)","background-image":"","background-repeat":"repeat","background-position":"center center","background-size":"auto","background-attachment":"scroll","background-type":"","background-media":"","overlay-type":"","overlay-color":"","overlay-opacity":"","overlay-gradient":""},"mobile":{"background-color":"var(--ast-global-color-5)","background-image":"","background-repeat":"repeat","background-position":"center center","background-size":"auto","background-attachment":"scroll","background-type":"","background-media":"","overlay-type":"","overlay-color":"","overlay-opacity":"","overlay-gradient":""}}},"product_brand":[],"product_cat":[289,285,296],"product_tag":[],"class_list":{"0":"post-8475","1":"product","2":"type-product","3":"status-publish","4":"has-post-thumbnail","6":"product_cat-conjuntos-varias-piezas","7":"product_cat-lenceria","8":"product_cat-novedades","9":"desktop-align-left","10":"tablet-align-left","11":"mobile-align-left","13":"first","14":"instock","15":"sale","16":"shipping-taxable","17":"purchasable","18":"product-type-simple"},"_links":{"self":[{"href":"https:\/\/chibolita.es\/index.php\/wp-json\/wp\/v2\/product\/8475","targetHints":{"allow":["GET"]}}],"collection":[{"href":"https:\/\/chibolita.es\/index.php\/wp-json\/wp\/v2\/product"}],"about":[{"href":"https:\/\/chibolita.es\/index.php\/wp-json\/wp\/v2\/types\/product"}],"replies":[{"embeddable":true,"href":"https:\/\/chibolita.es\/index.php\/wp-json\/wp\/v2\/comments?post=8475"}],"wp:featuredmedia":[{"embeddable":true,"href":"https:\/\/chibolita.es\/index.php\/wp-json\/wp\/v2\/media\/8479"}],"wp:attachment":[{"href":"https:\/\/chibolita.es\/index.php\/wp-json\/wp\/v2\/media?parent=8475"}],"wp:term":[{"taxonomy":"product_brand","embeddable":true,"href":"https:\/\/chibolita.es\/index.php\/wp-json\/wp\/v2\/product_brand?post=8475"},{"taxonomy":"product_cat","embeddable":true,"href":"https:\/\/chibolita.es\/index.php\/wp-json\/wp\/v2\/product_cat?post=8475"},{"taxonomy":"product_tag","embeddable":true,"href":"https:\/\/chibolita.es\/index.php\/wp-json\/wp\/v2\/product_tag?post=8475"}],"curies":[{"name":"wp","href":"https:\/\/api.w.org\/{rel}","templated":true}]}}