{"id":8344,"date":"2023-07-29T21:10:52","date_gmt":"2023-07-29T21:10:52","guid":{"rendered":"https:\/\/chibolita.es\/?post_type=product&#038;p=8344"},"modified":"2023-07-29T21:12:36","modified_gmt":"2023-07-29T21:12:36","slug":"intense-luigi-vibrador-rabbit-silicona-liquida-morado","status":"publish","type":"product","link":"https:\/\/chibolita.es\/index.php\/product\/intense-luigi-vibrador-rabbit-silicona-liquida-morado\/","title":{"rendered":"INTENSE &#8211; LUIGI VIBRADOR RABBIT SILICONA LIQUIDA MORADO"},"content":{"rendered":"<p>Nuestro vibrador Intense Luigi estimula el cl\u00edtoris y el punto G a la vez mediante las vibraciones de dos potentes motores. El vibrador combina un manejo pr\u00e1ctico gracias al mango ergon\u00f3mico de silicona con una estimulaci\u00f3n completa de los puntos de placer.<\/p>\n<p>Intense Luigi es un juguete sexual de doble estimulaci\u00f3n, Punto G y Cl\u00edtoris, masajea plenamente toda la zona vaginal para gozar, proporcionando intensas sensaciones.<\/p>\n<p>Su forma es totalmente ergon\u00f3mica y contiene dos poderosos motores.<\/p>\n<p>La Nueva Generaci\u00f3n de Intense es Luigi, se diferencia de otros m modelos por tener una bater\u00eda de litio altamente resistente.<\/p>\n<p>Intense Luigi es un vibrador muy silencioso, de doble estimulaci\u00f3n y con doble motor para que las sensaciones est\u00e9n bien distribuidas a lo largo de todo el juguete. Su textura es aterciopelada y sus vibraciones pueden estimular la zona que t\u00fa prefieras.<\/p>\n<p>Su dise\u00f1o es curvado permite acariciar las paredes de la vagina, en caso de que desees introducirlo, mientras acaricias la zona externa de la vulva con la vibraci\u00f3n de su segundo motor, aunque tambi\u00e9n puedes probarlo en cualquier otra parte de tu cuerpo con la que te apetezca jugar. \u00a1\u00c9chale imaginaci\u00f3n para explorar nuevas sensaciones que no conoc\u00edas antes!<\/p>\n<p>Est\u00e1 realizado con silicona liquida, material respetuoso con los cuerpos y muy higi\u00e9nico. Con 10 modos de vibraci\u00f3n diferentes para descubrir, que puedes alternar gracias a su mando de f\u00e1cil uso situado en la parte inferior del juguete. Funciona con bater\u00eda de litio, que le da autonom\u00eda para mucho rato de juego.<\/p>\n<ul>\n<li>Garant\u00eda de 10 a\u00f1os<\/li>\n<li>Vibraci\u00f3n profunda superintensa<\/li>\n<li>Vibraci\u00f3n del punto G<\/li>\n<li>Modo de susurro<\/li>\n<li>Estanco IPX6<\/li>\n<li>Bajo el agua<\/li>\n<li>F\u00e1cil de limpiar<\/li>\n<li>Bater\u00eda de iones de litio<\/li>\n<li>Cable de carga magn\u00e9tico por USB<\/li>\n<li>10 programas de vibraci\u00f3n<\/li>\n<\/ul>\n<p>Estimulaci\u00f3n intensa con el vibrador de Intense Luigi<\/p>\n<p>Este vibrador te llevar\u00e1 a nuevas alturas con su estimulaci\u00f3n m\u00faltiple. El vibrador de conejito tiene dos potentes motores que te har\u00e1n temblar. La forma curva del eje y el extremo puntiagudo miman el punto G, mientras que el estimulador de cl\u00edtoris con 3 protuberancias masajea con sensualidad el cl\u00edtoris y los labios. Para lograr un nuevo tipo de estimulaci\u00f3n, el cl\u00edtoris se estimula desde arriba gracias a la forma curva del estimulador.<\/p>\n<p>Manejo pr\u00e1ctico para un placer total<\/p>\n<p>Debido a que el Intense\u2122 Luigi est\u00e1 fabricado con silicona de alta calidad, es especialmente flexible durante su uso y se adapta perfectamente a los contornos del cuerpo. Gracias a la tecnolog\u00eda Flex de silicona, permite transmitir las vibraciones a tus zonas m\u00e1s calientes con una intensidad especial. Para poder disfrutar al m\u00e1ximo, recomendamos utilizar adicionalmente lubricantes, como el lubricante de Waterfeel, Aqua, Bioaqua o Black Hole, disponible en las versiones cl\u00e1sica, sedoso y con efecto calor.<\/p>\n<p>\u00bfQu\u00e9 otras ventajas tiene el vibrador?<\/p>\n<p>Gracias a su forma y ergonom\u00eda, estimula intensamente el punto G. \u00a0Su acabado impermeable (IPX6), Intense\u2122 Luigi \u00a0te complacer\u00e1 tanto bajo la ducha como en la ba\u00f1era y adem\u00e1s resulta f\u00e1cil de limpiar. Para una desinfecci\u00f3n exhaustiva antes y despu\u00e9s de cada uso, utiliza el Disinfectant Spray de Waterfeel, y de esta manera podr\u00e1s disfrutar de tu nuevo compa\u00f1ero durante mucho tiempo. Si alguna vez se queda sin aliento, las bater\u00edas integradas se pueden recargar mediante el cable de carga USB incluido.<\/p>\n","protected":false},"excerpt":{"rendered":"<p>Nuestro vibrador Intense Luigi estimula el cl\u00edtoris y el punto G a la vez mediante las vibraciones de dos potentes motores. El vibrador combina un manejo pr\u00e1ctico gracias al mango ergon\u00f3mico de silicona con una estimulaci\u00f3n completa de los puntos de placer. Intense Luigi es un juguete sexual de doble estimulaci\u00f3n, Punto G y Cl\u00edtoris, [&hellip;]<\/p>\n","protected":false},"featured_media":8348,"comment_status":"open","ping_status":"closed","template":"","meta":{"_eb_attr":"","site-sidebar-layout":"default","site-content-layout":"default","ast-site-content-layout":"default","site-content-style":"default","site-sidebar-style":"default","ast-global-header-display":"","ast-banner-title-visibility":"","ast-main-header-display":"","ast-hfb-above-header-display":"","ast-hfb-below-header-display":"","ast-hfb-mobile-header-display":"","site-post-title":"","ast-breadcrumbs-content":"","ast-featured-img":"","footer-sml-layout":"","ast-disable-related-posts":"","theme-transparent-header-meta":"default","adv-header-id-meta":"","stick-header-meta":"","header-above-stick-meta":"","header-main-stick-meta":"","header-below-stick-meta":"","astra-migrate-meta-layouts":"default","ast-page-background-enabled":"default","ast-page-background-meta":{"desktop":{"background-color":"var(--ast-global-color-4)","background-image":"","background-repeat":"repeat","background-position":"center center","background-size":"auto","background-attachment":"scroll","background-type":"","background-media":"","overlay-type":"","overlay-color":"","overlay-opacity":"","overlay-gradient":""},"tablet":{"background-color":"","background-image":"","background-repeat":"repeat","background-position":"center center","background-size":"auto","background-attachment":"scroll","background-type":"","background-media":"","overlay-type":"","overlay-color":"","overlay-opacity":"","overlay-gradient":""},"mobile":{"background-color":"","background-image":"","background-repeat":"repeat","background-position":"center center","background-size":"auto","background-attachment":"scroll","background-type":"","background-media":"","overlay-type":"","overlay-color":"","overlay-opacity":"","overlay-gradient":""}},"ast-content-background-meta":{"desktop":{"background-color":"var(--ast-global-color-5)","background-image":"","background-repeat":"repeat","background-position":"center center","background-size":"auto","background-attachment":"scroll","background-type":"","background-media":"","overlay-type":"","overlay-color":"","overlay-opacity":"","overlay-gradient":""},"tablet":{"background-color":"var(--ast-global-color-5)","background-image":"","background-repeat":"repeat","background-position":"center center","background-size":"auto","background-attachment":"scroll","background-type":"","background-media":"","overlay-type":"","overlay-color":"","overlay-opacity":"","overlay-gradient":""},"mobile":{"background-color":"var(--ast-global-color-5)","background-image":"","background-repeat":"repeat","background-position":"center center","background-size":"auto","background-attachment":"scroll","background-type":"","background-media":"","overlay-type":"","overlay-color":"","overlay-opacity":"","overlay-gradient":""}}},"product_brand":[],"product_cat":[15,260,296,262,263],"product_tag":[],"class_list":{"0":"post-8344","1":"product","2":"type-product","3":"status-publish","4":"has-post-thumbnail","6":"product_cat-uncategorized","7":"product_cat-dildos-y-vibradores","8":"product_cat-novedades","9":"product_cat-vibradores","10":"product_cat-vibradores-lay-on-clitoris","11":"desktop-align-left","12":"tablet-align-left","13":"mobile-align-left","15":"first","16":"instock","17":"sale","18":"shipping-taxable","19":"purchasable","20":"product-type-simple"},"_links":{"self":[{"href":"https:\/\/chibolita.es\/index.php\/wp-json\/wp\/v2\/product\/8344","targetHints":{"allow":["GET"]}}],"collection":[{"href":"https:\/\/chibolita.es\/index.php\/wp-json\/wp\/v2\/product"}],"about":[{"href":"https:\/\/chibolita.es\/index.php\/wp-json\/wp\/v2\/types\/product"}],"replies":[{"embeddable":true,"href":"https:\/\/chibolita.es\/index.php\/wp-json\/wp\/v2\/comments?post=8344"}],"wp:featuredmedia":[{"embeddable":true,"href":"https:\/\/chibolita.es\/index.php\/wp-json\/wp\/v2\/media\/8348"}],"wp:attachment":[{"href":"https:\/\/chibolita.es\/index.php\/wp-json\/wp\/v2\/media?parent=8344"}],"wp:term":[{"taxonomy":"product_brand","embeddable":true,"href":"https:\/\/chibolita.es\/index.php\/wp-json\/wp\/v2\/product_brand?post=8344"},{"taxonomy":"product_cat","embeddable":true,"href":"https:\/\/chibolita.es\/index.php\/wp-json\/wp\/v2\/product_cat?post=8344"},{"taxonomy":"product_tag","embeddable":true,"href":"https:\/\/chibolita.es\/index.php\/wp-json\/wp\/v2\/product_tag?post=8344"}],"curies":[{"name":"wp","href":"https:\/\/api.w.org\/{rel}","templated":true}]}}