{"id":8275,"date":"2023-07-24T20:08:13","date_gmt":"2023-07-24T20:08:13","guid":{"rendered":"https:\/\/chibolita.es\/?post_type=product&#038;p=8275"},"modified":"2023-07-24T20:10:35","modified_gmt":"2023-07-24T20:10:35","slug":"unihorn-darkblack-anillo-vibrador-con-led-control-remoto-usb-silicona","status":"publish","type":"product","link":"https:\/\/chibolita.es\/index.php\/product\/unihorn-darkblack-anillo-vibrador-con-led-control-remoto-usb-silicona\/","title":{"rendered":"\u00dcNIH\u00d6RN DARKBLACK ANILLO VIBRADOR CON LED CONTROL REMOTO USB SILICONA"},"content":{"rendered":"<p>A\u00f1ade un toque de emoci\u00f3n a tu vida sexual con el anillo vibrador con control remoto Brightblack.<\/p>\n<p>Este anillo no es como ning\u00fan otro, cuenta con una forma ideada para maximizar el placer con tu pareja, tanto para ti como para ella.<\/p>\n<p>Utiliza el control remoto inal\u00e1mbrico para viajar entre las 10 potentes funciones de vibraci\u00f3n. Cada vez que cambies de funci\u00f3n, un color diferente aparecer\u00e1 en el panel led de Brightblack. Totalmente impermeable y recargable por USB es perfecto para llev\u00e1rtelo a unas vacaciones rom\u00e1nticas y aumentar el placer. Con una capacidad de hasta 120mAh cuenta con un nivel de ruido m\u00ednimo, solamente 40dBs.<\/p>\n<p>Caracter\u00edsticas:<\/p>\n<ul>\n<li>10 funciones de vibraci\u00f3n indicadas con luces led<\/li>\n<li>Control remoto inal\u00e1mbrico &#8211; hasta 81-810 metros<\/li>\n<li>Perfecto para parejas<\/li>\n<li>Potente motor<\/li>\n<li>Impermeable IPX7<\/li>\n<li>Silicona suave de alta calidad<\/li>\n<li>Huevo recargable por USB<\/li>\n<li>1 pila para el control remoto<\/li>\n<li>Autonom\u00eda: 1h<\/li>\n<li>Hasta 120mAh<\/li>\n<li>Nivel de ruido: &lt;40dBs<\/li>\n<li>Medidas: 9.4 cm x 3.5 cm<\/li>\n<\/ul>\n","protected":false},"excerpt":{"rendered":"<p>A\u00f1ade un toque de emoci\u00f3n a tu vida sexual con el anillo vibrador con control remoto Brightblack. Este anillo no es como ning\u00fan otro, cuenta con una forma ideada para maximizar el placer con tu pareja, tanto para ti como para ella. Utiliza el control remoto inal\u00e1mbrico para viajar entre las 10 potentes funciones de [&hellip;]<\/p>\n","protected":false},"featured_media":8280,"comment_status":"open","ping_status":"closed","template":"","meta":{"_eb_attr":"","site-sidebar-layout":"default","site-content-layout":"default","ast-site-content-layout":"default","site-content-style":"default","site-sidebar-style":"default","ast-global-header-display":"","ast-banner-title-visibility":"","ast-main-header-display":"","ast-hfb-above-header-display":"","ast-hfb-below-header-display":"","ast-hfb-mobile-header-display":"","site-post-title":"","ast-breadcrumbs-content":"","ast-featured-img":"","footer-sml-layout":"","ast-disable-related-posts":"","theme-transparent-header-meta":"default","adv-header-id-meta":"","stick-header-meta":"","header-above-stick-meta":"","header-main-stick-meta":"","header-below-stick-meta":"","astra-migrate-meta-layouts":"default","ast-page-background-enabled":"default","ast-page-background-meta":{"desktop":{"background-color":"var(--ast-global-color-4)","background-image":"","background-repeat":"repeat","background-position":"center center","background-size":"auto","background-attachment":"scroll","background-type":"","background-media":"","overlay-type":"","overlay-color":"","overlay-opacity":"","overlay-gradient":""},"tablet":{"background-color":"","background-image":"","background-repeat":"repeat","background-position":"center center","background-size":"auto","background-attachment":"scroll","background-type":"","background-media":"","overlay-type":"","overlay-color":"","overlay-opacity":"","overlay-gradient":""},"mobile":{"background-color":"","background-image":"","background-repeat":"repeat","background-position":"center center","background-size":"auto","background-attachment":"scroll","background-type":"","background-media":"","overlay-type":"","overlay-color":"","overlay-opacity":"","overlay-gradient":""}},"ast-content-background-meta":{"desktop":{"background-color":"var(--ast-global-color-5)","background-image":"","background-repeat":"repeat","background-position":"center center","background-size":"auto","background-attachment":"scroll","background-type":"","background-media":"","overlay-type":"","overlay-color":"","overlay-opacity":"","overlay-gradient":""},"tablet":{"background-color":"var(--ast-global-color-5)","background-image":"","background-repeat":"repeat","background-position":"center center","background-size":"auto","background-attachment":"scroll","background-type":"","background-media":"","overlay-type":"","overlay-color":"","overlay-opacity":"","overlay-gradient":""},"mobile":{"background-color":"var(--ast-global-color-5)","background-image":"","background-repeat":"repeat","background-position":"center center","background-size":"auto","background-attachment":"scroll","background-type":"","background-media":"","overlay-type":"","overlay-color":"","overlay-opacity":"","overlay-gradient":""}}},"product_brand":[],"product_cat":[274,273,296,15],"product_tag":[],"class_list":{"0":"post-8275","1":"product","2":"type-product","3":"status-publish","4":"has-post-thumbnail","6":"product_cat-accesorios-para-el-pene","7":"product_cat-juguetes-para-hombres","8":"product_cat-novedades","9":"product_cat-uncategorized","10":"desktop-align-left","11":"tablet-align-left","12":"mobile-align-left","14":"first","15":"instock","16":"sale","17":"shipping-taxable","18":"purchasable","19":"product-type-simple"},"_links":{"self":[{"href":"https:\/\/chibolita.es\/index.php\/wp-json\/wp\/v2\/product\/8275","targetHints":{"allow":["GET"]}}],"collection":[{"href":"https:\/\/chibolita.es\/index.php\/wp-json\/wp\/v2\/product"}],"about":[{"href":"https:\/\/chibolita.es\/index.php\/wp-json\/wp\/v2\/types\/product"}],"replies":[{"embeddable":true,"href":"https:\/\/chibolita.es\/index.php\/wp-json\/wp\/v2\/comments?post=8275"}],"wp:featuredmedia":[{"embeddable":true,"href":"https:\/\/chibolita.es\/index.php\/wp-json\/wp\/v2\/media\/8280"}],"wp:attachment":[{"href":"https:\/\/chibolita.es\/index.php\/wp-json\/wp\/v2\/media?parent=8275"}],"wp:term":[{"taxonomy":"product_brand","embeddable":true,"href":"https:\/\/chibolita.es\/index.php\/wp-json\/wp\/v2\/product_brand?post=8275"},{"taxonomy":"product_cat","embeddable":true,"href":"https:\/\/chibolita.es\/index.php\/wp-json\/wp\/v2\/product_cat?post=8275"},{"taxonomy":"product_tag","embeddable":true,"href":"https:\/\/chibolita.es\/index.php\/wp-json\/wp\/v2\/product_tag?post=8275"}],"curies":[{"name":"wp","href":"https:\/\/api.w.org\/{rel}","templated":true}]}}