{"id":8076,"date":"2023-07-10T14:40:37","date_gmt":"2023-07-10T14:40:37","guid":{"rendered":"https:\/\/chibolita.es\/?post_type=product&#038;p=8076"},"modified":"2023-07-10T14:42:56","modified_gmt":"2023-07-10T14:42:56","slug":"glamour-glass-elegant-curved-dildo","status":"publish","type":"product","link":"https:\/\/chibolita.es\/index.php\/product\/glamour-glass-elegant-curved-dildo\/","title":{"rendered":"GLAMOUR GLASS ELEGANT CURVED DILDO"},"content":{"rendered":"<p><strong>GLAMOUR GLASS ELEGANT CURVED DILDO<\/strong><\/p>\n<p>Glamour Glass es una gama de juguetes de vidrio desde juguetes de ensue\u00f1o con colores fascinantes de burbujas de jab\u00f3n. La gama presenta consoladores, varitas y enchufes y este maravilloso consolador. El elegante consolador tiene una cola rizada y una punta c\u00f3nica. Con su forma suave y longitud total de 18 cm, es un juguete maravilloso que se puede usar de mayo para la estimulaci\u00f3n externa e interna. Su di\u00e1metro de 3 cm hace que sea adecuado para ser utilizado para la vagina y el ano. Elegante consolador curvo hecho de alto borosilicato de vidrio Ftalate libre, l\u00e1tex freel longitud 18 cmdiameter 3 cm Las miradas hermosas y suaves brillantes son lo que todos los juguetes de vidrio glamoroso tienen en com\u00fan. Adem\u00e1s, esa sensaci\u00f3n especial que proporciona el vidrio y las posibilidades de juego de temperatura. Todas las grandes propiedades de los juguetes de vidrio glamoroso de los juguetes de los sue\u00f1os, la marca m\u00e1s extensa de Tonga BV. Juguetes verdaderamente vers\u00e1tiles y verdaderamente emocionantes, \u00a1con un aspecto glamoroso! Tonga combin\u00f3 las grandes propiedades del vidrio de borosilicato con el aspecto glamoroso de una superficie multicolor, brillante y lisa, con formas estimulantes y con el elegante envasado de esta etiqueta, que cre\u00f3 un ojo real: Catchers para cualquier tienda, con muchas ventajas excelentes para comunicarse con sus clientes. Gorosilicate Glassach de los juguetes de vidrio glamoroso est\u00e1 hecho de vidrio de borosilicato que es muy fuerte, no poroso, higi\u00e9nico y seguro para el cuerpo. El vidrio es excelente para el juego de temperatura. Almacenarlos en el refrigerador o colocarlos en agua caliente durante un tiempo hace que hormiguean fr\u00edos o emocionantemente c\u00e1lidos. El vidrio de Borosilicate tambi\u00e9n se llama vidrio duro. Est\u00e1 hecho de s\u00edlice y tri\u00f3xido de boro y mucho m\u00e1s resistente al choque t\u00e9rmico que el vidrio com\u00fan. El vidrio de borosilicato no solo es m\u00e1s fuerte, sino que tambi\u00e9n es m\u00e1s ligero que el vidrio com\u00fan. Esto lo hace muy adecuado para muchos productos. Pr\u00e1cticamente toda la cristaler\u00eda de laboratorio moderna est\u00e1 hecha de vidrio de borosilicato para su resistencia qu\u00edmica y t\u00e9rmica y se usa ampliamente en dispositivos m\u00e9dicos. Es por eso que es perfectamente seguro usar juguetes de vidrio para la estimulaci\u00f3n interna (\u00a1con lubricante!) Y muy placentero.<\/p>\n<p>Medidas de la caja: 23,5 x 10 x 5cm<br \/>\nLongitud del producto en cm.: 18<br \/>\nColor: Multicolor<br \/>\nMaterial: Borosilicate glass<\/p>\n","protected":false},"excerpt":{"rendered":"<p>GLAMOUR GLASS ELEGANT CURVED DILDO Glamour Glass es una gama de juguetes de vidrio desde juguetes de ensue\u00f1o con colores fascinantes de burbujas de jab\u00f3n. La gama presenta consoladores, varitas y enchufes y este maravilloso consolador. El elegante consolador tiene una cola rizada y una punta c\u00f3nica. Con su forma suave y longitud total de [&hellip;]<\/p>\n","protected":false},"featured_media":8080,"comment_status":"open","ping_status":"closed","template":"","meta":{"_eb_attr":"","site-sidebar-layout":"default","site-content-layout":"default","ast-site-content-layout":"default","site-content-style":"default","site-sidebar-style":"default","ast-global-header-display":"","ast-banner-title-visibility":"","ast-main-header-display":"","ast-hfb-above-header-display":"","ast-hfb-below-header-display":"","ast-hfb-mobile-header-display":"","site-post-title":"","ast-breadcrumbs-content":"","ast-featured-img":"","footer-sml-layout":"","ast-disable-related-posts":"","theme-transparent-header-meta":"default","adv-header-id-meta":"","stick-header-meta":"","header-above-stick-meta":"","header-main-stick-meta":"","header-below-stick-meta":"","astra-migrate-meta-layouts":"default","ast-page-background-enabled":"default","ast-page-background-meta":{"desktop":{"background-color":"var(--ast-global-color-4)","background-image":"","background-repeat":"repeat","background-position":"center center","background-size":"auto","background-attachment":"scroll","background-type":"","background-media":"","overlay-type":"","overlay-color":"","overlay-opacity":"","overlay-gradient":""},"tablet":{"background-color":"","background-image":"","background-repeat":"repeat","background-position":"center center","background-size":"auto","background-attachment":"scroll","background-type":"","background-media":"","overlay-type":"","overlay-color":"","overlay-opacity":"","overlay-gradient":""},"mobile":{"background-color":"","background-image":"","background-repeat":"repeat","background-position":"center center","background-size":"auto","background-attachment":"scroll","background-type":"","background-media":"","overlay-type":"","overlay-color":"","overlay-opacity":"","overlay-gradient":""}},"ast-content-background-meta":{"desktop":{"background-color":"var(--ast-global-color-5)","background-image":"","background-repeat":"repeat","background-position":"center center","background-size":"auto","background-attachment":"scroll","background-type":"","background-media":"","overlay-type":"","overlay-color":"","overlay-opacity":"","overlay-gradient":""},"tablet":{"background-color":"var(--ast-global-color-5)","background-image":"","background-repeat":"repeat","background-position":"center center","background-size":"auto","background-attachment":"scroll","background-type":"","background-media":"","overlay-type":"","overlay-color":"","overlay-opacity":"","overlay-gradient":""},"mobile":{"background-color":"var(--ast-global-color-5)","background-image":"","background-repeat":"repeat","background-position":"center center","background-size":"auto","background-attachment":"scroll","background-type":"","background-media":"","overlay-type":"","overlay-color":"","overlay-opacity":"","overlay-gradient":""}}},"product_brand":[],"product_cat":[271,261,260,296],"product_tag":[],"class_list":{"0":"post-8076","1":"product","2":"type-product","3":"status-publish","4":"has-post-thumbnail","6":"product_cat-dildo-coleccion","7":"product_cat-dildos","8":"product_cat-dildos-y-vibradores","9":"product_cat-novedades","10":"desktop-align-left","11":"tablet-align-left","12":"mobile-align-left","14":"first","15":"instock","16":"shipping-taxable","17":"purchasable","18":"product-type-simple"},"_links":{"self":[{"href":"https:\/\/chibolita.es\/index.php\/wp-json\/wp\/v2\/product\/8076","targetHints":{"allow":["GET"]}}],"collection":[{"href":"https:\/\/chibolita.es\/index.php\/wp-json\/wp\/v2\/product"}],"about":[{"href":"https:\/\/chibolita.es\/index.php\/wp-json\/wp\/v2\/types\/product"}],"replies":[{"embeddable":true,"href":"https:\/\/chibolita.es\/index.php\/wp-json\/wp\/v2\/comments?post=8076"}],"wp:featuredmedia":[{"embeddable":true,"href":"https:\/\/chibolita.es\/index.php\/wp-json\/wp\/v2\/media\/8080"}],"wp:attachment":[{"href":"https:\/\/chibolita.es\/index.php\/wp-json\/wp\/v2\/media?parent=8076"}],"wp:term":[{"taxonomy":"product_brand","embeddable":true,"href":"https:\/\/chibolita.es\/index.php\/wp-json\/wp\/v2\/product_brand?post=8076"},{"taxonomy":"product_cat","embeddable":true,"href":"https:\/\/chibolita.es\/index.php\/wp-json\/wp\/v2\/product_cat?post=8076"},{"taxonomy":"product_tag","embeddable":true,"href":"https:\/\/chibolita.es\/index.php\/wp-json\/wp\/v2\/product_tag?post=8076"}],"curies":[{"name":"wp","href":"https:\/\/api.w.org\/{rel}","templated":true}]}}