{"id":8051,"date":"2023-07-10T11:46:18","date_gmt":"2023-07-10T11:46:18","guid":{"rendered":"https:\/\/chibolita.es\/?post_type=product&#038;p=8051"},"modified":"2025-05-29T20:14:03","modified_gmt":"2025-05-29T20:14:03","slug":"frou-frou-esposas-de-organza","status":"publish","type":"product","link":"https:\/\/chibolita.es\/index.php\/product\/frou-frou-esposas-de-organza\/","title":{"rendered":"FROU FROU ESPOSAS DE ORGANZA"},"content":{"rendered":"<ul>\n<li>Femenina y sofisticada.<\/li>\n<\/ul>\n<p>Frou Frou es un juego de esposas que combina la riqueza de la organza y la suavidad del sat\u00e9n, una excitante mezcla de texturas para una noche de fantas\u00eda y sorpresa.<\/p>\n<p>\u00bfSab\u00edas que&#8230;<\/p>\n<p>&#8230; el sonido de la sofisticaci\u00f3n y la elegancia de los trajes de \u00e9poca chocando entre s\u00ed, inspiraron la creaci\u00f3n de Frou Frou, unas esposas \u00a0de organza y sat\u00e9n dignas del capricho de Maria Antonieta?<\/p>\n<p>&#8230; estar atados y sentirse presos descarga adrenalina, haciendo que la tensi\u00f3n sexual vaya a m\u00e1s porque se liberan ondas alfas que contribuyen a entrar en un estado casi hipn\u00f3tico que permite que los amantes se relajen y se entreguen a las fantas\u00edas de una manera placentera?<\/p>\n<p>&#8230; las esposas de Bijoux Indiscrets son la manera m\u00e1s sofisticada de experimentar con el bondage?<\/p>\n<p>&#8230; el bondage es una de las fantas\u00edas sexuales m\u00e1s comunes, tanto entre hombres como mujeres?<\/p>\n<p>&#8230; la esencia del bondage consiste dejarse dominar y entregarse a la pareja? La entrega, m\u00e1s que un juego, supone la confianza total y absoluta, en el otro. \u00a0Un valioso regalo que, adem\u00e1s, debe ser rec\u00edproco.<\/p>\n","protected":false},"excerpt":{"rendered":"<p>Femenina y sofisticada. Frou Frou es un juego de esposas que combina la riqueza de la organza y la suavidad del sat\u00e9n, una excitante mezcla de texturas para una noche de fantas\u00eda y sorpresa. \u00bfSab\u00edas que&#8230; &#8230; el sonido de la sofisticaci\u00f3n y la elegancia de los trajes de \u00e9poca chocando entre s\u00ed, inspiraron la [&hellip;]<\/p>\n","protected":false},"featured_media":8054,"comment_status":"open","ping_status":"closed","template":"","meta":{"_eb_attr":"","site-sidebar-layout":"default","site-content-layout":"default","ast-site-content-layout":"default","site-content-style":"default","site-sidebar-style":"default","ast-global-header-display":"","ast-banner-title-visibility":"","ast-main-header-display":"","ast-hfb-above-header-display":"","ast-hfb-below-header-display":"","ast-hfb-mobile-header-display":"","site-post-title":"","ast-breadcrumbs-content":"","ast-featured-img":"","footer-sml-layout":"","ast-disable-related-posts":"","theme-transparent-header-meta":"default","adv-header-id-meta":"","stick-header-meta":"","header-above-stick-meta":"","header-main-stick-meta":"","header-below-stick-meta":"","astra-migrate-meta-layouts":"default","ast-page-background-enabled":"default","ast-page-background-meta":{"desktop":{"background-color":"var(--ast-global-color-4)","background-image":"","background-repeat":"repeat","background-position":"center center","background-size":"auto","background-attachment":"scroll","background-type":"","background-media":"","overlay-type":"","overlay-color":"","overlay-opacity":"","overlay-gradient":""},"tablet":{"background-color":"","background-image":"","background-repeat":"repeat","background-position":"center center","background-size":"auto","background-attachment":"scroll","background-type":"","background-media":"","overlay-type":"","overlay-color":"","overlay-opacity":"","overlay-gradient":""},"mobile":{"background-color":"","background-image":"","background-repeat":"repeat","background-position":"center center","background-size":"auto","background-attachment":"scroll","background-type":"","background-media":"","overlay-type":"","overlay-color":"","overlay-opacity":"","overlay-gradient":""}},"ast-content-background-meta":{"desktop":{"background-color":"var(--ast-global-color-5)","background-image":"","background-repeat":"repeat","background-position":"center center","background-size":"auto","background-attachment":"scroll","background-type":"","background-media":"","overlay-type":"","overlay-color":"","overlay-opacity":"","overlay-gradient":""},"tablet":{"background-color":"var(--ast-global-color-5)","background-image":"","background-repeat":"repeat","background-position":"center center","background-size":"auto","background-attachment":"scroll","background-type":"","background-media":"","overlay-type":"","overlay-color":"","overlay-opacity":"","overlay-gradient":""},"mobile":{"background-color":"var(--ast-global-color-5)","background-image":"","background-repeat":"repeat","background-position":"center center","background-size":"auto","background-attachment":"scroll","background-type":"","background-media":"","overlay-type":"","overlay-color":"","overlay-opacity":"","overlay-gradient":""}}},"product_brand":[],"product_cat":[278,265,296,15],"product_tag":[],"class_list":{"0":"post-8051","1":"product","2":"type-product","3":"status-publish","4":"has-post-thumbnail","6":"product_cat-esposas-y-latigos","7":"product_cat-fetish-bdsm","8":"product_cat-novedades","9":"product_cat-uncategorized","10":"desktop-align-left","11":"tablet-align-left","12":"mobile-align-left","14":"first","15":"instock","16":"shipping-taxable","17":"purchasable","18":"product-type-simple"},"_links":{"self":[{"href":"https:\/\/chibolita.es\/index.php\/wp-json\/wp\/v2\/product\/8051","targetHints":{"allow":["GET"]}}],"collection":[{"href":"https:\/\/chibolita.es\/index.php\/wp-json\/wp\/v2\/product"}],"about":[{"href":"https:\/\/chibolita.es\/index.php\/wp-json\/wp\/v2\/types\/product"}],"replies":[{"embeddable":true,"href":"https:\/\/chibolita.es\/index.php\/wp-json\/wp\/v2\/comments?post=8051"}],"wp:featuredmedia":[{"embeddable":true,"href":"https:\/\/chibolita.es\/index.php\/wp-json\/wp\/v2\/media\/8054"}],"wp:attachment":[{"href":"https:\/\/chibolita.es\/index.php\/wp-json\/wp\/v2\/media?parent=8051"}],"wp:term":[{"taxonomy":"product_brand","embeddable":true,"href":"https:\/\/chibolita.es\/index.php\/wp-json\/wp\/v2\/product_brand?post=8051"},{"taxonomy":"product_cat","embeddable":true,"href":"https:\/\/chibolita.es\/index.php\/wp-json\/wp\/v2\/product_cat?post=8051"},{"taxonomy":"product_tag","embeddable":true,"href":"https:\/\/chibolita.es\/index.php\/wp-json\/wp\/v2\/product_tag?post=8051"}],"curies":[{"name":"wp","href":"https:\/\/api.w.org\/{rel}","templated":true}]}}