{"id":7872,"date":"2023-06-22T21:36:21","date_gmt":"2023-06-22T21:36:21","guid":{"rendered":"https:\/\/chibolita.es\/?post_type=product&#038;p=7872"},"modified":"2023-06-22T21:37:08","modified_gmt":"2023-06-22T21:37:08","slug":"eye-of-love-eol-phr-perfume-feromonas-10ml-morning-glow","status":"publish","type":"product","link":"https:\/\/chibolita.es\/index.php\/product\/eye-of-love-eol-phr-perfume-feromonas-10ml-morning-glow\/","title":{"rendered":"EYE OF LOVE &#8211; EOL PHR PERFUME FEROMONAS 10ML &#8211; MORNING GLOW"},"content":{"rendered":"<p>El perfume MORNING GLOW, est\u00e1 creado para la mujer, tiene un aroma fresco pero floral y apto para llevarlo tranquilamente durante el d\u00eda. Es ideal para ir a la universidad, trabajo o para ir a tomar algo con amigos en una cafeter\u00eda. Este perfume facilitar\u00e1 tus relaciones laborares y sociales siendo mucho m\u00e1s carism\u00e1tica.<\/p>\n<p>Se puede usar a diario si nung\u00fan problema. El perfume apl\u00edcalo en las mu\u00f1ecas, detr\u00e1s de las orejas y cerca de la clav\u00edcula. Si quieres aumentar la funci\u00f3n natural de las feromonas, aplica un poco m\u00e1s abajo del ombligo. Los perfumes de feromonas de la l\u00ednea de hombre de EOL est\u00e1n hechos pensando en la mujer de hoy en d\u00eda.<\/p>\n<p>Con un packaging de dise\u00f1o sobrio y elegante, las fragancias son adem\u00e1s adecuadas para cualquier mujer y es posible escoger una dependiendo del momento del d\u00eda en el cual se quiera usar.<\/p>\n<ul>\n<li>Lev\u00e1ntate, brilla y toma tu Morning Glow para comenzar un nuevo d\u00eda!<\/li>\n<\/ul>\n<p>Esta floreciente combinaci\u00f3n con infusi\u00f3n de feromonas, dise\u00f1ada para mujeres que buscan atraer a los hombres, excitar\u00e1 los sentidos y le mostrar\u00e1 al mundo qui\u00e9n eres realmente. Los aromas brillantes de ylang-ylang, lim\u00f3n y manzana se arremolinan en una gloriosa fusi\u00f3n de audaz elegancia y flores primaverales.<\/p>\n<p>Las notas delicadas y femeninas son perfectas para completar tu look. Saldr\u00e1s de casa sinti\u00e9ndote preparado y listo para afrontar el d\u00eda!<\/p>\n<ul>\n<li>Presentado en una elegante botella de vidrio que destaca las iniciales de la firma Eye of Love, el aroma es un accesorio tan importante como una fragancia.<\/li>\n<\/ul>\n<p>Mereces empezar cada d\u00eda sinti\u00e9ndote lo mejor posible. Las feromonas de Morning Glow compartir\u00e1n tu comportamiento feliz y despreocupado con tu pareja. \u00bfQue estas esperando? Pru\u00e9balo!<\/p>\n","protected":false},"excerpt":{"rendered":"<p>El perfume MORNING GLOW, est\u00e1 creado para la mujer, tiene un aroma fresco pero floral y apto para llevarlo tranquilamente durante el d\u00eda. Es ideal para ir a la universidad, trabajo o para ir a tomar algo con amigos en una cafeter\u00eda. Este perfume facilitar\u00e1 tus relaciones laborares y sociales siendo mucho m\u00e1s carism\u00e1tica. Se [&hellip;]<\/p>\n","protected":false},"featured_media":7873,"comment_status":"open","ping_status":"closed","template":"","meta":{"_eb_attr":"","site-sidebar-layout":"default","site-content-layout":"default","ast-site-content-layout":"default","site-content-style":"default","site-sidebar-style":"default","ast-global-header-display":"","ast-banner-title-visibility":"","ast-main-header-display":"","ast-hfb-above-header-display":"","ast-hfb-below-header-display":"","ast-hfb-mobile-header-display":"","site-post-title":"","ast-breadcrumbs-content":"","ast-featured-img":"","footer-sml-layout":"","ast-disable-related-posts":"","theme-transparent-header-meta":"default","adv-header-id-meta":"","stick-header-meta":"","header-above-stick-meta":"","header-main-stick-meta":"","header-below-stick-meta":"","astra-migrate-meta-layouts":"default","ast-page-background-enabled":"default","ast-page-background-meta":{"desktop":{"background-color":"var(--ast-global-color-4)","background-image":"","background-repeat":"repeat","background-position":"center center","background-size":"auto","background-attachment":"scroll","background-type":"","background-media":"","overlay-type":"","overlay-color":"","overlay-opacity":"","overlay-gradient":""},"tablet":{"background-color":"","background-image":"","background-repeat":"repeat","background-position":"center center","background-size":"auto","background-attachment":"scroll","background-type":"","background-media":"","overlay-type":"","overlay-color":"","overlay-opacity":"","overlay-gradient":""},"mobile":{"background-color":"","background-image":"","background-repeat":"repeat","background-position":"center center","background-size":"auto","background-attachment":"scroll","background-type":"","background-media":"","overlay-type":"","overlay-color":"","overlay-opacity":"","overlay-gradient":""}},"ast-content-background-meta":{"desktop":{"background-color":"var(--ast-global-color-5)","background-image":"","background-repeat":"repeat","background-position":"center center","background-size":"auto","background-attachment":"scroll","background-type":"","background-media":"","overlay-type":"","overlay-color":"","overlay-opacity":"","overlay-gradient":""},"tablet":{"background-color":"var(--ast-global-color-5)","background-image":"","background-repeat":"repeat","background-position":"center center","background-size":"auto","background-attachment":"scroll","background-type":"","background-media":"","overlay-type":"","overlay-color":"","overlay-opacity":"","overlay-gradient":""},"mobile":{"background-color":"var(--ast-global-color-5)","background-image":"","background-repeat":"repeat","background-position":"center center","background-size":"auto","background-attachment":"scroll","background-type":"","background-media":"","overlay-type":"","overlay-color":"","overlay-opacity":"","overlay-gradient":""}}},"product_brand":[],"product_cat":[293],"product_tag":[],"class_list":{"0":"post-7872","1":"product","2":"type-product","3":"status-publish","4":"has-post-thumbnail","6":"product_cat-perfumes-de-feromonas","7":"desktop-align-left","8":"tablet-align-left","9":"mobile-align-left","11":"first","12":"instock","13":"sale","14":"shipping-taxable","15":"purchasable","16":"product-type-simple"},"_links":{"self":[{"href":"https:\/\/chibolita.es\/index.php\/wp-json\/wp\/v2\/product\/7872","targetHints":{"allow":["GET"]}}],"collection":[{"href":"https:\/\/chibolita.es\/index.php\/wp-json\/wp\/v2\/product"}],"about":[{"href":"https:\/\/chibolita.es\/index.php\/wp-json\/wp\/v2\/types\/product"}],"replies":[{"embeddable":true,"href":"https:\/\/chibolita.es\/index.php\/wp-json\/wp\/v2\/comments?post=7872"}],"wp:featuredmedia":[{"embeddable":true,"href":"https:\/\/chibolita.es\/index.php\/wp-json\/wp\/v2\/media\/7873"}],"wp:attachment":[{"href":"https:\/\/chibolita.es\/index.php\/wp-json\/wp\/v2\/media?parent=7872"}],"wp:term":[{"taxonomy":"product_brand","embeddable":true,"href":"https:\/\/chibolita.es\/index.php\/wp-json\/wp\/v2\/product_brand?post=7872"},{"taxonomy":"product_cat","embeddable":true,"href":"https:\/\/chibolita.es\/index.php\/wp-json\/wp\/v2\/product_cat?post=7872"},{"taxonomy":"product_tag","embeddable":true,"href":"https:\/\/chibolita.es\/index.php\/wp-json\/wp\/v2\/product_tag?post=7872"}],"curies":[{"name":"wp","href":"https:\/\/api.w.org\/{rel}","templated":true}]}}