{"id":7842,"date":"2023-06-22T04:37:04","date_gmt":"2023-06-22T04:37:04","guid":{"rendered":"https:\/\/chibolita.es\/?post_type=product&#038;p=7842"},"modified":"2026-04-14T07:57:27","modified_gmt":"2026-04-14T07:57:27","slug":"female-instinct-perfume-feromonas-para-hombre-30-ml","status":"publish","type":"product","link":"https:\/\/chibolita.es\/index.php\/product\/female-instinct-perfume-feromonas-para-hombre-30-ml\/","title":{"rendered":"FEMALE INSTINCT PERFUME FEROMONAS PARA HOMBRE 30 ML"},"content":{"rendered":"<p>Female Instinct es un perfume masculino con una fragancia concentrada de feromonas.<\/p>\n<p>El perfume de feromonas estimula el deseo natural de atracci\u00f3n al aumentar la sensualidad de quienes lo aplican. Estos mecanismos nacen gracias al sentido del olfato que al percibir se\u00f1ales inconscientes que surgen de las fragancias er\u00f3ticas naturales, conduce a un estado de excitaci\u00f3n aumentando el deseo de la mujer.<\/p>\n<p>La fragancia de feromonas de Female Instinc desatar\u00e1 su deseo natural, haciendo que cada quien lo aplique sea atractivo e irresistible.<\/p>\n<ul>\n<li>Fragancia de feromonas<\/li>\n<li>Efectividad duradera<\/li>\n<li>Aumentar el deseo<\/li>\n<li>Seductora y envolvente<\/li>\n<li>30 ml<\/li>\n<\/ul>\n","protected":false},"excerpt":{"rendered":"<p>Female Instinct es un perfume masculino con una fragancia concentrada de feromonas. El perfume de feromonas estimula el deseo natural de atracci\u00f3n al aumentar la sensualidad de quienes lo aplican. Estos mecanismos nacen gracias al sentido del olfato que al percibir se\u00f1ales inconscientes que surgen de las fragancias er\u00f3ticas naturales, conduce a un estado de [&hellip;]<\/p>\n","protected":false},"featured_media":7843,"comment_status":"open","ping_status":"closed","template":"","meta":{"_eb_attr":"","site-sidebar-layout":"default","site-content-layout":"default","ast-site-content-layout":"default","site-content-style":"default","site-sidebar-style":"default","ast-global-header-display":"","ast-banner-title-visibility":"","ast-main-header-display":"","ast-hfb-above-header-display":"","ast-hfb-below-header-display":"","ast-hfb-mobile-header-display":"","site-post-title":"","ast-breadcrumbs-content":"","ast-featured-img":"","footer-sml-layout":"","ast-disable-related-posts":"","theme-transparent-header-meta":"default","adv-header-id-meta":"","stick-header-meta":"","header-above-stick-meta":"","header-main-stick-meta":"","header-below-stick-meta":"","astra-migrate-meta-layouts":"default","ast-page-background-enabled":"default","ast-page-background-meta":{"desktop":{"background-color":"var(--ast-global-color-4)","background-image":"","background-repeat":"repeat","background-position":"center center","background-size":"auto","background-attachment":"scroll","background-type":"","background-media":"","overlay-type":"","overlay-color":"","overlay-opacity":"","overlay-gradient":""},"tablet":{"background-color":"","background-image":"","background-repeat":"repeat","background-position":"center center","background-size":"auto","background-attachment":"scroll","background-type":"","background-media":"","overlay-type":"","overlay-color":"","overlay-opacity":"","overlay-gradient":""},"mobile":{"background-color":"","background-image":"","background-repeat":"repeat","background-position":"center center","background-size":"auto","background-attachment":"scroll","background-type":"","background-media":"","overlay-type":"","overlay-color":"","overlay-opacity":"","overlay-gradient":""}},"ast-content-background-meta":{"desktop":{"background-color":"var(--ast-global-color-5)","background-image":"","background-repeat":"repeat","background-position":"center center","background-size":"auto","background-attachment":"scroll","background-type":"","background-media":"","overlay-type":"","overlay-color":"","overlay-opacity":"","overlay-gradient":""},"tablet":{"background-color":"var(--ast-global-color-5)","background-image":"","background-repeat":"repeat","background-position":"center center","background-size":"auto","background-attachment":"scroll","background-type":"","background-media":"","overlay-type":"","overlay-color":"","overlay-opacity":"","overlay-gradient":""},"mobile":{"background-color":"var(--ast-global-color-5)","background-image":"","background-repeat":"repeat","background-position":"center center","background-size":"auto","background-attachment":"scroll","background-type":"","background-media":"","overlay-type":"","overlay-color":"","overlay-opacity":"","overlay-gradient":""}}},"product_brand":[],"product_cat":[293],"product_tag":[],"class_list":{"0":"post-7842","1":"product","2":"type-product","3":"status-publish","4":"has-post-thumbnail","6":"product_cat-perfumes-de-feromonas","7":"desktop-align-left","8":"tablet-align-left","9":"mobile-align-left","11":"first","12":"instock","13":"sale","14":"shipping-taxable","15":"purchasable","16":"product-type-simple"},"_links":{"self":[{"href":"https:\/\/chibolita.es\/index.php\/wp-json\/wp\/v2\/product\/7842","targetHints":{"allow":["GET"]}}],"collection":[{"href":"https:\/\/chibolita.es\/index.php\/wp-json\/wp\/v2\/product"}],"about":[{"href":"https:\/\/chibolita.es\/index.php\/wp-json\/wp\/v2\/types\/product"}],"replies":[{"embeddable":true,"href":"https:\/\/chibolita.es\/index.php\/wp-json\/wp\/v2\/comments?post=7842"}],"wp:featuredmedia":[{"embeddable":true,"href":"https:\/\/chibolita.es\/index.php\/wp-json\/wp\/v2\/media\/7843"}],"wp:attachment":[{"href":"https:\/\/chibolita.es\/index.php\/wp-json\/wp\/v2\/media?parent=7842"}],"wp:term":[{"taxonomy":"product_brand","embeddable":true,"href":"https:\/\/chibolita.es\/index.php\/wp-json\/wp\/v2\/product_brand?post=7842"},{"taxonomy":"product_cat","embeddable":true,"href":"https:\/\/chibolita.es\/index.php\/wp-json\/wp\/v2\/product_cat?post=7842"},{"taxonomy":"product_tag","embeddable":true,"href":"https:\/\/chibolita.es\/index.php\/wp-json\/wp\/v2\/product_tag?post=7842"}],"curies":[{"name":"wp","href":"https:\/\/api.w.org\/{rel}","templated":true}]}}