{"id":7751,"date":"2023-06-18T15:40:22","date_gmt":"2023-06-18T15:40:22","guid":{"rendered":"https:\/\/chibolita.es\/?post_type=product&#038;p=7751"},"modified":"2023-06-18T15:41:30","modified_gmt":"2023-06-18T15:41:30","slug":"intt-lubricante-intimo-base-de-agua-sabor-a-fresa","status":"publish","type":"product","link":"https:\/\/chibolita.es\/index.php\/product\/intt-lubricante-intimo-base-de-agua-sabor-a-fresa\/","title":{"rendered":"INTT &#8211; LUBRICANTE \u00cdNTIMO BASE DE AGUA SABOR A FRESA"},"content":{"rendered":"<p>Strawberry Lubricant de INTT es un suave lubricante a base de agua con aroma y sabor a dulce fresa ideal para facilitar la fricci\u00f3n durante los juegos er\u00f3ticos.<\/p>\n<p>Tambi\u00e9n es comestible, aportando as\u00ed mayores opciones de juego durante las relaciones \u00edntimas. Es totalmente apto para el uso con preservativos y juguetes er\u00f3ticos.<\/p>\n<p>Viene en un c\u00f3modo envase de 100 ml.<\/p>\n<p>Caracter\u00edsticas principales:<\/p>\n<ul>\n<li>Lubricante a base de agua.<\/li>\n<li>Sabor y aroma a fresa.<\/li>\n<li>Ideal para facilitar la penetraci\u00f3n.<\/li>\n<li>Comestible.<\/li>\n<li>Apto para preservativos y juguetes er\u00f3ticos.<\/li>\n<li>Gran opci\u00f3n de juego \u00edntimo.<\/li>\n<li>Envase de 100 ml.<\/li>\n<\/ul>\n","protected":false},"excerpt":{"rendered":"<p>Strawberry Lubricant de INTT es un suave lubricante a base de agua con aroma y sabor a dulce fresa ideal para facilitar la fricci\u00f3n durante los juegos er\u00f3ticos. Tambi\u00e9n es comestible, aportando as\u00ed mayores opciones de juego durante las relaciones \u00edntimas. Es totalmente apto para el uso con preservativos y juguetes er\u00f3ticos. Viene en un [&hellip;]<\/p>\n","protected":false},"featured_media":7753,"comment_status":"open","ping_status":"closed","template":"","meta":{"_eb_attr":"","site-sidebar-layout":"default","site-content-layout":"default","ast-site-content-layout":"default","site-content-style":"default","site-sidebar-style":"default","ast-global-header-display":"","ast-banner-title-visibility":"","ast-main-header-display":"","ast-hfb-above-header-display":"","ast-hfb-below-header-display":"","ast-hfb-mobile-header-display":"","site-post-title":"","ast-breadcrumbs-content":"","ast-featured-img":"","footer-sml-layout":"","ast-disable-related-posts":"","theme-transparent-header-meta":"default","adv-header-id-meta":"","stick-header-meta":"","header-above-stick-meta":"","header-main-stick-meta":"","header-below-stick-meta":"","astra-migrate-meta-layouts":"default","ast-page-background-enabled":"default","ast-page-background-meta":{"desktop":{"background-color":"var(--ast-global-color-4)","background-image":"","background-repeat":"repeat","background-position":"center center","background-size":"auto","background-attachment":"scroll","background-type":"","background-media":"","overlay-type":"","overlay-color":"","overlay-opacity":"","overlay-gradient":""},"tablet":{"background-color":"","background-image":"","background-repeat":"repeat","background-position":"center center","background-size":"auto","background-attachment":"scroll","background-type":"","background-media":"","overlay-type":"","overlay-color":"","overlay-opacity":"","overlay-gradient":""},"mobile":{"background-color":"","background-image":"","background-repeat":"repeat","background-position":"center center","background-size":"auto","background-attachment":"scroll","background-type":"","background-media":"","overlay-type":"","overlay-color":"","overlay-opacity":"","overlay-gradient":""}},"ast-content-background-meta":{"desktop":{"background-color":"var(--ast-global-color-5)","background-image":"","background-repeat":"repeat","background-position":"center center","background-size":"auto","background-attachment":"scroll","background-type":"","background-media":"","overlay-type":"","overlay-color":"","overlay-opacity":"","overlay-gradient":""},"tablet":{"background-color":"var(--ast-global-color-5)","background-image":"","background-repeat":"repeat","background-position":"center center","background-size":"auto","background-attachment":"scroll","background-type":"","background-media":"","overlay-type":"","overlay-color":"","overlay-opacity":"","overlay-gradient":""},"mobile":{"background-color":"var(--ast-global-color-5)","background-image":"","background-repeat":"repeat","background-position":"center center","background-size":"auto","background-attachment":"scroll","background-type":"","background-media":"","overlay-type":"","overlay-color":"","overlay-opacity":"","overlay-gradient":""}}},"product_brand":[],"product_cat":[257],"product_tag":[],"class_list":{"0":"post-7751","1":"product","2":"type-product","3":"status-publish","4":"has-post-thumbnail","6":"product_cat-lubricantes","7":"desktop-align-left","8":"tablet-align-left","9":"mobile-align-left","11":"first","12":"instock","13":"sale","14":"shipping-taxable","15":"purchasable","16":"product-type-simple"},"_links":{"self":[{"href":"https:\/\/chibolita.es\/index.php\/wp-json\/wp\/v2\/product\/7751","targetHints":{"allow":["GET"]}}],"collection":[{"href":"https:\/\/chibolita.es\/index.php\/wp-json\/wp\/v2\/product"}],"about":[{"href":"https:\/\/chibolita.es\/index.php\/wp-json\/wp\/v2\/types\/product"}],"replies":[{"embeddable":true,"href":"https:\/\/chibolita.es\/index.php\/wp-json\/wp\/v2\/comments?post=7751"}],"wp:featuredmedia":[{"embeddable":true,"href":"https:\/\/chibolita.es\/index.php\/wp-json\/wp\/v2\/media\/7753"}],"wp:attachment":[{"href":"https:\/\/chibolita.es\/index.php\/wp-json\/wp\/v2\/media?parent=7751"}],"wp:term":[{"taxonomy":"product_brand","embeddable":true,"href":"https:\/\/chibolita.es\/index.php\/wp-json\/wp\/v2\/product_brand?post=7751"},{"taxonomy":"product_cat","embeddable":true,"href":"https:\/\/chibolita.es\/index.php\/wp-json\/wp\/v2\/product_cat?post=7751"},{"taxonomy":"product_tag","embeddable":true,"href":"https:\/\/chibolita.es\/index.php\/wp-json\/wp\/v2\/product_tag?post=7751"}],"curies":[{"name":"wp","href":"https:\/\/api.w.org\/{rel}","templated":true}]}}