{"id":7736,"date":"2023-06-14T22:56:20","date_gmt":"2023-06-14T22:56:20","guid":{"rendered":"https:\/\/chibolita.es\/?post_type=product&#038;p=7736"},"modified":"2023-06-14T22:57:06","modified_gmt":"2023-06-14T22:57:06","slug":"pjur-analyse-me-anal-comfort-spray","status":"publish","type":"product","link":"https:\/\/chibolita.es\/index.php\/product\/pjur-analyse-me-anal-comfort-spray\/","title":{"rendered":"PJUR ANALYSE ME! ANAL COMFORT SPRAY"},"content":{"rendered":"<p>El fantastico producto de cuidado personal para uso anal.<\/p>\n<p>Pjur Anal Spray ayuda a la relajaci\u00f3n anal y facilita las relaciones intimas<\/p>\n<p>Sus principales cualidades son;<\/p>\n<ul>\n<li>Favorece la dilataci\u00f3n de la piel y los tejidos, y procura un placer libre de cuidados y con sensaci\u00f3n aut\u00e9ntica.<\/li>\n<li>Bastan unas pocas pulverizaciones por aplicaci\u00f3n.<\/li>\n<li>Compatible con el uso de preservativos.<\/li>\n<li>Consiga un coito anal sin dolor.<\/li>\n<\/ul>\n<p>Un spray muy \u00fatil para realzar el placer de la penetraci\u00f3n anal, y una ayuda muy \u00fatil para los primerizos en este modalidad de penetraci\u00f3n.<\/p>\n<p>Ingredientes: Propylene Glycol, Panthenol, Aloe Vera, Menthol, Lauromacrogol, Ethanol.<\/p>\n<p>Pjur<strong>\u00ae<\/strong>\u00a0es L\u00edder mundial en la fabricaci\u00f3n de lubricantes anales y vaginales, as\u00ed como de retardantes y potenciadores, son de larga duraci\u00f3n, su fiabilidad y durabilidad es un referente en el sector.<\/p>\n<p>Envase de 20 ml.<\/p>\n","protected":false},"excerpt":{"rendered":"<p>El fantastico producto de cuidado personal para uso anal. Pjur Anal Spray ayuda a la relajaci\u00f3n anal y facilita las relaciones intimas Sus principales cualidades son; Favorece la dilataci\u00f3n de la piel y los tejidos, y procura un placer libre de cuidados y con sensaci\u00f3n aut\u00e9ntica. Bastan unas pocas pulverizaciones por aplicaci\u00f3n. Compatible con el [&hellip;]<\/p>\n","protected":false},"featured_media":7737,"comment_status":"open","ping_status":"closed","template":"","meta":{"_eb_attr":"","site-sidebar-layout":"default","site-content-layout":"default","ast-site-content-layout":"default","site-content-style":"default","site-sidebar-style":"default","ast-global-header-display":"","ast-banner-title-visibility":"","ast-main-header-display":"","ast-hfb-above-header-display":"","ast-hfb-below-header-display":"","ast-hfb-mobile-header-display":"","site-post-title":"","ast-breadcrumbs-content":"","ast-featured-img":"","footer-sml-layout":"","ast-disable-related-posts":"","theme-transparent-header-meta":"default","adv-header-id-meta":"","stick-header-meta":"","header-above-stick-meta":"","header-main-stick-meta":"","header-below-stick-meta":"","astra-migrate-meta-layouts":"default","ast-page-background-enabled":"default","ast-page-background-meta":{"desktop":{"background-color":"var(--ast-global-color-4)","background-image":"","background-repeat":"repeat","background-position":"center center","background-size":"auto","background-attachment":"scroll","background-type":"","background-media":"","overlay-type":"","overlay-color":"","overlay-opacity":"","overlay-gradient":""},"tablet":{"background-color":"","background-image":"","background-repeat":"repeat","background-position":"center center","background-size":"auto","background-attachment":"scroll","background-type":"","background-media":"","overlay-type":"","overlay-color":"","overlay-opacity":"","overlay-gradient":""},"mobile":{"background-color":"","background-image":"","background-repeat":"repeat","background-position":"center center","background-size":"auto","background-attachment":"scroll","background-type":"","background-media":"","overlay-type":"","overlay-color":"","overlay-opacity":"","overlay-gradient":""}},"ast-content-background-meta":{"desktop":{"background-color":"var(--ast-global-color-5)","background-image":"","background-repeat":"repeat","background-position":"center center","background-size":"auto","background-attachment":"scroll","background-type":"","background-media":"","overlay-type":"","overlay-color":"","overlay-opacity":"","overlay-gradient":""},"tablet":{"background-color":"var(--ast-global-color-5)","background-image":"","background-repeat":"repeat","background-position":"center center","background-size":"auto","background-attachment":"scroll","background-type":"","background-media":"","overlay-type":"","overlay-color":"","overlay-opacity":"","overlay-gradient":""},"mobile":{"background-color":"var(--ast-global-color-5)","background-image":"","background-repeat":"repeat","background-position":"center center","background-size":"auto","background-attachment":"scroll","background-type":"","background-media":"","overlay-type":"","overlay-color":"","overlay-opacity":"","overlay-gradient":""}}},"product_brand":[],"product_cat":[258,257],"product_tag":[],"class_list":{"0":"post-7736","1":"product","2":"type-product","3":"status-publish","4":"has-post-thumbnail","6":"product_cat-lubricante-anal","7":"product_cat-lubricantes","8":"desktop-align-left","9":"tablet-align-left","10":"mobile-align-left","12":"first","13":"instock","14":"sale","15":"shipping-taxable","16":"purchasable","17":"product-type-simple"},"_links":{"self":[{"href":"https:\/\/chibolita.es\/index.php\/wp-json\/wp\/v2\/product\/7736","targetHints":{"allow":["GET"]}}],"collection":[{"href":"https:\/\/chibolita.es\/index.php\/wp-json\/wp\/v2\/product"}],"about":[{"href":"https:\/\/chibolita.es\/index.php\/wp-json\/wp\/v2\/types\/product"}],"replies":[{"embeddable":true,"href":"https:\/\/chibolita.es\/index.php\/wp-json\/wp\/v2\/comments?post=7736"}],"wp:featuredmedia":[{"embeddable":true,"href":"https:\/\/chibolita.es\/index.php\/wp-json\/wp\/v2\/media\/7737"}],"wp:attachment":[{"href":"https:\/\/chibolita.es\/index.php\/wp-json\/wp\/v2\/media?parent=7736"}],"wp:term":[{"taxonomy":"product_brand","embeddable":true,"href":"https:\/\/chibolita.es\/index.php\/wp-json\/wp\/v2\/product_brand?post=7736"},{"taxonomy":"product_cat","embeddable":true,"href":"https:\/\/chibolita.es\/index.php\/wp-json\/wp\/v2\/product_cat?post=7736"},{"taxonomy":"product_tag","embeddable":true,"href":"https:\/\/chibolita.es\/index.php\/wp-json\/wp\/v2\/product_tag?post=7736"}],"curies":[{"name":"wp","href":"https:\/\/api.w.org\/{rel}","templated":true}]}}