{"id":7734,"date":"2023-06-14T22:55:11","date_gmt":"2023-06-14T22:55:11","guid":{"rendered":"https:\/\/chibolita.es\/?post_type=product&#038;p=7734"},"modified":"2023-06-14T22:55:56","modified_gmt":"2023-06-14T22:55:56","slug":"pjur-back-door-gel-relajante-anal-100-ml","status":"publish","type":"product","link":"https:\/\/chibolita.es\/index.php\/product\/pjur-back-door-gel-relajante-anal-100-ml\/","title":{"rendered":"PJUR BACK DOOR GEL RELAJANTE ANAL 100 ML"},"content":{"rendered":"<p>Lubricante de silicona fusionado con Jojoba, un componente esencial para las relaciones intimas anales.<\/p>\n<p>Sus principales cualidades son;<\/p>\n<ul>\n<li>Dise\u00f1ado para e Hombre<\/li>\n<li>Base de silicona fusionada con jojoba<\/li>\n<li>Especial sexo anal<\/li>\n<\/ul>\n<p>Uno de nuestros productos dise\u00f1ados para los hombres gays y para mejorar el sexo anal. Combinamos lubricante de silicona y de jojoba.<\/p>\n<p>Las propiedades de lubricaci\u00f3n de larga duraci\u00f3n de la f\u00f3rmula de silicona y la adici\u00f3n de jojoba, extractos naturales ayudan a relajar el esf\u00ednter anal, al tiempo que la piel estar\u00e1 notablemente m\u00e1s suave y flexible.<\/p>\n<p>Los ingredientes son los mismos que en nuestros Pjur Analyse Me. Descanso, deslizamiento, pero en una concentraci\u00f3n m\u00e1s alta. Pjur Back Door es muy deslizante y es seguro con condones.<\/p>\n<p>Cuando se combina pon el spray Pjur Back Door, forman el equipo perfecto.<\/p>\n<p>Pjur<strong>\u00ae<\/strong>\u00a0es L\u00edder mundial en la fabricaci\u00f3n de lubricantes anales y vaginales, as\u00ed como de retardantes y potenciadores, son de larga duraci\u00f3n, su fiabilidad y durabilidad es un referente en el sector.<\/p>\n<p>Envase de 100ml.<\/p>\n","protected":false},"excerpt":{"rendered":"<p>Lubricante de silicona fusionado con Jojoba, un componente esencial para las relaciones intimas anales. Sus principales cualidades son; Dise\u00f1ado para e Hombre Base de silicona fusionada con jojoba Especial sexo anal Uno de nuestros productos dise\u00f1ados para los hombres gays y para mejorar el sexo anal. Combinamos lubricante de silicona y de jojoba. Las propiedades [&hellip;]<\/p>\n","protected":false},"featured_media":7735,"comment_status":"open","ping_status":"closed","template":"","meta":{"_eb_attr":"","site-sidebar-layout":"default","site-content-layout":"default","ast-site-content-layout":"default","site-content-style":"default","site-sidebar-style":"default","ast-global-header-display":"","ast-banner-title-visibility":"","ast-main-header-display":"","ast-hfb-above-header-display":"","ast-hfb-below-header-display":"","ast-hfb-mobile-header-display":"","site-post-title":"","ast-breadcrumbs-content":"","ast-featured-img":"","footer-sml-layout":"","ast-disable-related-posts":"","theme-transparent-header-meta":"default","adv-header-id-meta":"","stick-header-meta":"","header-above-stick-meta":"","header-main-stick-meta":"","header-below-stick-meta":"","astra-migrate-meta-layouts":"default","ast-page-background-enabled":"default","ast-page-background-meta":{"desktop":{"background-color":"var(--ast-global-color-4)","background-image":"","background-repeat":"repeat","background-position":"center center","background-size":"auto","background-attachment":"scroll","background-type":"","background-media":"","overlay-type":"","overlay-color":"","overlay-opacity":"","overlay-gradient":""},"tablet":{"background-color":"","background-image":"","background-repeat":"repeat","background-position":"center center","background-size":"auto","background-attachment":"scroll","background-type":"","background-media":"","overlay-type":"","overlay-color":"","overlay-opacity":"","overlay-gradient":""},"mobile":{"background-color":"","background-image":"","background-repeat":"repeat","background-position":"center center","background-size":"auto","background-attachment":"scroll","background-type":"","background-media":"","overlay-type":"","overlay-color":"","overlay-opacity":"","overlay-gradient":""}},"ast-content-background-meta":{"desktop":{"background-color":"var(--ast-global-color-5)","background-image":"","background-repeat":"repeat","background-position":"center center","background-size":"auto","background-attachment":"scroll","background-type":"","background-media":"","overlay-type":"","overlay-color":"","overlay-opacity":"","overlay-gradient":""},"tablet":{"background-color":"var(--ast-global-color-5)","background-image":"","background-repeat":"repeat","background-position":"center center","background-size":"auto","background-attachment":"scroll","background-type":"","background-media":"","overlay-type":"","overlay-color":"","overlay-opacity":"","overlay-gradient":""},"mobile":{"background-color":"var(--ast-global-color-5)","background-image":"","background-repeat":"repeat","background-position":"center center","background-size":"auto","background-attachment":"scroll","background-type":"","background-media":"","overlay-type":"","overlay-color":"","overlay-opacity":"","overlay-gradient":""}}},"product_brand":[],"product_cat":[258,257],"product_tag":[],"class_list":{"0":"post-7734","1":"product","2":"type-product","3":"status-publish","4":"has-post-thumbnail","6":"product_cat-lubricante-anal","7":"product_cat-lubricantes","8":"desktop-align-left","9":"tablet-align-left","10":"mobile-align-left","12":"first","13":"instock","14":"sale","15":"shipping-taxable","16":"purchasable","17":"product-type-simple"},"_links":{"self":[{"href":"https:\/\/chibolita.es\/index.php\/wp-json\/wp\/v2\/product\/7734","targetHints":{"allow":["GET"]}}],"collection":[{"href":"https:\/\/chibolita.es\/index.php\/wp-json\/wp\/v2\/product"}],"about":[{"href":"https:\/\/chibolita.es\/index.php\/wp-json\/wp\/v2\/types\/product"}],"replies":[{"embeddable":true,"href":"https:\/\/chibolita.es\/index.php\/wp-json\/wp\/v2\/comments?post=7734"}],"wp:featuredmedia":[{"embeddable":true,"href":"https:\/\/chibolita.es\/index.php\/wp-json\/wp\/v2\/media\/7735"}],"wp:attachment":[{"href":"https:\/\/chibolita.es\/index.php\/wp-json\/wp\/v2\/media?parent=7734"}],"wp:term":[{"taxonomy":"product_brand","embeddable":true,"href":"https:\/\/chibolita.es\/index.php\/wp-json\/wp\/v2\/product_brand?post=7734"},{"taxonomy":"product_cat","embeddable":true,"href":"https:\/\/chibolita.es\/index.php\/wp-json\/wp\/v2\/product_cat?post=7734"},{"taxonomy":"product_tag","embeddable":true,"href":"https:\/\/chibolita.es\/index.php\/wp-json\/wp\/v2\/product_tag?post=7734"}],"curies":[{"name":"wp","href":"https:\/\/api.w.org\/{rel}","templated":true}]}}