{"id":7711,"date":"2023-06-07T23:23:56","date_gmt":"2023-06-07T23:23:56","guid":{"rendered":"https:\/\/chibolita.es\/?post_type=product&#038;p=7711"},"modified":"2026-04-14T07:57:11","modified_gmt":"2026-04-14T07:57:11","slug":"eros-art-gotas-coctel-de-amor-para-mujer","status":"publish","type":"product","link":"https:\/\/chibolita.es\/index.php\/product\/eros-art-gotas-coctel-de-amor-para-mujer\/","title":{"rendered":"EROS-ART GOTAS COCTEL DE AMOR PARA MUJER"},"content":{"rendered":"<p>Es un c\u00f3ctel muy agradable para compartir con la pareja o con qui\u00e9n desees. La deshinibici\u00f3n, el deseo, el placer del sexo y el orgasmo, est\u00e1n garantizados.<\/p>\n<p>Es un afrodis\u00edaco natural, elaborado con extractos de plantas como el Epimedium, Guaran\u00e1, Ginkgo Biloba, Trigonela Frenogrecum, Maca y vitaminas del grupo B: B2, B3, B5, B6, B12, y otros componente indispensables.<\/p>\n<p>Es de sabor agradable para tomar directamente o diluir en cualquier bebida de su gusto y a su gusto; USO: Verter unas 30 gotas aproximadamente en un vaso con cualquier bebida de su gusto, copa de refresco, coctel , etc. t\u00f3melo pl\u00e1cidamente y d\u00e9jese llevar. El cansancio, el estr\u00e9s y otros factores de la vida diaria, pueden afectar a la vida amorosa y sexual de la pareja.<\/p>\n<ul>\n<li>Potencia la sexualidad de la mujer<\/li>\n<li>Aumenta el deseo sexual<\/li>\n<li>Activa e intensifica el cl\u00edmax org\u00e1smico<\/li>\n<li>Disminuye la ansiedad y aumenta la autoestima<\/li>\n<li>Combate la fatiga f\u00edsica y menta<\/li>\n<li>Disminuye los s\u00edntomas asociados a la menopausia..<\/li>\n<\/ul>\n<p>Gotas de Amor es un Coctel para la mujer ; presentado en un c\u00f3modo y pr\u00e1ctico envase especial que lo protege de la luz y te permite tenerlo en cualquier parte, y poder disponer en el momento que se desees, basta que lo tomes, antes de iniciar la actividad.<\/p>\n<p>Componentes: Extracto de Guarana, extracto de epimedium, extracto de Ginkgo Biloba, extracto de Trigonela Feongrecum (Alhovas), extracto de Maca, Vitamina b1, Vitamina B2, Vitamina B6; Vitamina B3 (nicotinamida), Vitamina B12, Gluconato de Magnesio, Sorbato pot\u00e1sico, Fructosa; Aromas de frutos del bosque, Acido c\u00edtrico, Benzoato s\u00f3dico.<\/p>\n<p>Envase: 60cc.<\/p>\n","protected":false},"excerpt":{"rendered":"<p>Es un c\u00f3ctel muy agradable para compartir con la pareja o con qui\u00e9n desees. La deshinibici\u00f3n, el deseo, el placer del sexo y el orgasmo, est\u00e1n garantizados. Es un afrodis\u00edaco natural, elaborado con extractos de plantas como el Epimedium, Guaran\u00e1, Ginkgo Biloba, Trigonela Frenogrecum, Maca y vitaminas del grupo B: B2, B3, B5, B6, B12, [&hellip;]<\/p>\n","protected":false},"featured_media":7712,"comment_status":"open","ping_status":"closed","template":"","meta":{"_eb_attr":"","site-sidebar-layout":"default","site-content-layout":"default","ast-site-content-layout":"default","site-content-style":"default","site-sidebar-style":"default","ast-global-header-display":"","ast-banner-title-visibility":"","ast-main-header-display":"","ast-hfb-above-header-display":"","ast-hfb-below-header-display":"","ast-hfb-mobile-header-display":"","site-post-title":"","ast-breadcrumbs-content":"","ast-featured-img":"","footer-sml-layout":"","ast-disable-related-posts":"","theme-transparent-header-meta":"default","adv-header-id-meta":"","stick-header-meta":"","header-above-stick-meta":"","header-main-stick-meta":"","header-below-stick-meta":"","astra-migrate-meta-layouts":"default","ast-page-background-enabled":"default","ast-page-background-meta":{"desktop":{"background-color":"var(--ast-global-color-4)","background-image":"","background-repeat":"repeat","background-position":"center center","background-size":"auto","background-attachment":"scroll","background-type":"","background-media":"","overlay-type":"","overlay-color":"","overlay-opacity":"","overlay-gradient":""},"tablet":{"background-color":"","background-image":"","background-repeat":"repeat","background-position":"center center","background-size":"auto","background-attachment":"scroll","background-type":"","background-media":"","overlay-type":"","overlay-color":"","overlay-opacity":"","overlay-gradient":""},"mobile":{"background-color":"","background-image":"","background-repeat":"repeat","background-position":"center center","background-size":"auto","background-attachment":"scroll","background-type":"","background-media":"","overlay-type":"","overlay-color":"","overlay-opacity":"","overlay-gradient":""}},"ast-content-background-meta":{"desktop":{"background-color":"var(--ast-global-color-5)","background-image":"","background-repeat":"repeat","background-position":"center center","background-size":"auto","background-attachment":"scroll","background-type":"","background-media":"","overlay-type":"","overlay-color":"","overlay-opacity":"","overlay-gradient":""},"tablet":{"background-color":"var(--ast-global-color-5)","background-image":"","background-repeat":"repeat","background-position":"center center","background-size":"auto","background-attachment":"scroll","background-type":"","background-media":"","overlay-type":"","overlay-color":"","overlay-opacity":"","overlay-gradient":""},"mobile":{"background-color":"var(--ast-global-color-5)","background-image":"","background-repeat":"repeat","background-position":"center center","background-size":"auto","background-attachment":"scroll","background-type":"","background-media":"","overlay-type":"","overlay-color":"","overlay-opacity":"","overlay-gradient":""}}},"product_brand":[],"product_cat":[233,230,291],"product_tag":[],"class_list":{"0":"post-7711","1":"product","2":"type-product","3":"status-publish","4":"has-post-thumbnail","6":"product_cat-afrodisiacos-para-mujeres","7":"product_cat-farmacia","8":"product_cat-gotas-de-amor","9":"desktop-align-left","10":"tablet-align-left","11":"mobile-align-left","13":"first","14":"instock","15":"sale","16":"shipping-taxable","17":"purchasable","18":"product-type-simple"},"_links":{"self":[{"href":"https:\/\/chibolita.es\/index.php\/wp-json\/wp\/v2\/product\/7711","targetHints":{"allow":["GET"]}}],"collection":[{"href":"https:\/\/chibolita.es\/index.php\/wp-json\/wp\/v2\/product"}],"about":[{"href":"https:\/\/chibolita.es\/index.php\/wp-json\/wp\/v2\/types\/product"}],"replies":[{"embeddable":true,"href":"https:\/\/chibolita.es\/index.php\/wp-json\/wp\/v2\/comments?post=7711"}],"wp:featuredmedia":[{"embeddable":true,"href":"https:\/\/chibolita.es\/index.php\/wp-json\/wp\/v2\/media\/7712"}],"wp:attachment":[{"href":"https:\/\/chibolita.es\/index.php\/wp-json\/wp\/v2\/media?parent=7711"}],"wp:term":[{"taxonomy":"product_brand","embeddable":true,"href":"https:\/\/chibolita.es\/index.php\/wp-json\/wp\/v2\/product_brand?post=7711"},{"taxonomy":"product_cat","embeddable":true,"href":"https:\/\/chibolita.es\/index.php\/wp-json\/wp\/v2\/product_cat?post=7711"},{"taxonomy":"product_tag","embeddable":true,"href":"https:\/\/chibolita.es\/index.php\/wp-json\/wp\/v2\/product_tag?post=7711"}],"curies":[{"name":"wp","href":"https:\/\/api.w.org\/{rel}","templated":true}]}}