{"id":7709,"date":"2023-06-07T23:22:41","date_gmt":"2023-06-07T23:22:41","guid":{"rendered":"https:\/\/chibolita.es\/?post_type=product&#038;p=7709"},"modified":"2024-02-10T17:12:43","modified_gmt":"2024-02-10T17:12:43","slug":"spanish-fly-caramel-fudge-gotas-estimulantes","status":"publish","type":"product","link":"https:\/\/chibolita.es\/index.php\/product\/spanish-fly-caramel-fudge-gotas-estimulantes\/","title":{"rendered":"SPANISH FLY CARAMEL FUDGE GOTAS ESTIMULANTES"},"content":{"rendered":"<p>Experimentalo haciendolo con todos los sentidos. El fresco sabor de la manzana, del pl\u00e1tano o del ar\u00e1ndano; \u00bfse puede pensar a estas dulces sensaciones sin que estean dentro de una tarta? \u00bfO eres un fan de la cola? Ahora el gozar es doble con el spanish fly.<\/p>\n<p>Este leyendario filtro de amor que desde hace siglos es famoso por su fama y nombre como estimulador de la luxuria; este producto as\u00ed popular est\u00e1 ahora disponible en 10 distintas fragrancias.<\/p>\n<p>Estos sabores a\u00fan m\u00e1s est\u00edmulan el deseo y el trasporte tuyo y de t\u00fa pareja dando una atm\u00f3sfera paradisiaca y a\u00f1adendo luxuria a ambos.<\/p>\n<p>El spanish fly tropical kiwi, por ejemplo, es ideal en bebidas de fiesta al borde de la piscina para hacer el amor mucho m\u00e1s intensamente y para una lluvia de dulces besos.<\/p>\n<p>Nuevo look y nueva confeci\u00f3n. Elige ahora tu sabor preferido: caramelo fondente, fresca manzana, chocolate, mix de ar\u00e1ndano, placer de pi\u00f1a, sue\u00f1o de fresa, rom\u00e1ntica frambuesa, kiwi tropical, pl\u00e1tano del atardecery cola.<\/p>\n<ul>\n<li>Envase de 15 ml.<\/li>\n<\/ul>\n<p>Este producto ha sido registro en la Conserjeria de Salud\u00a0 y Bienestar Social de la Junta de Andalucia, con el registro sanitario numero<a title=\"Call via PCCommunicator\">\u00a026.0013522<\/a>\/SE (International Dreamlove S.l.)\u00a0 y entrada 623\/33782, sometido al plan de trabilidad que marca la<a href=\"http:\/\/www.aesan.msc.es\/\">\u00a0Agencia Espa\u00f1ola de Seguridad Alimentaria\u00a0<\/a>en materia de complementos alimenticios.<\/p>\n<p>* Este producto contiene una etiqueta con instrucciones facilitadas en los siguientes idiomas: \/en\/de\/fr\/es\/it\/nl\/<\/p>\n","protected":false},"excerpt":{"rendered":"<p>Experimentalo haciendolo con todos los sentidos. El fresco sabor de la manzana, del pl\u00e1tano o del ar\u00e1ndano; \u00bfse puede pensar a estas dulces sensaciones sin que estean dentro de una tarta? \u00bfO eres un fan de la cola? Ahora el gozar es doble con el spanish fly. Este leyendario filtro de amor que desde hace [&hellip;]<\/p>\n","protected":false},"featured_media":7710,"comment_status":"open","ping_status":"closed","template":"","meta":{"_eb_attr":"","site-sidebar-layout":"default","site-content-layout":"default","ast-site-content-layout":"default","site-content-style":"default","site-sidebar-style":"default","ast-global-header-display":"","ast-banner-title-visibility":"","ast-main-header-display":"","ast-hfb-above-header-display":"","ast-hfb-below-header-display":"","ast-hfb-mobile-header-display":"","site-post-title":"","ast-breadcrumbs-content":"","ast-featured-img":"","footer-sml-layout":"","ast-disable-related-posts":"","theme-transparent-header-meta":"default","adv-header-id-meta":"","stick-header-meta":"","header-above-stick-meta":"","header-main-stick-meta":"","header-below-stick-meta":"","astra-migrate-meta-layouts":"default","ast-page-background-enabled":"default","ast-page-background-meta":{"desktop":{"background-color":"var(--ast-global-color-4)","background-image":"","background-repeat":"repeat","background-position":"center center","background-size":"auto","background-attachment":"scroll","background-type":"","background-media":"","overlay-type":"","overlay-color":"","overlay-opacity":"","overlay-gradient":""},"tablet":{"background-color":"","background-image":"","background-repeat":"repeat","background-position":"center center","background-size":"auto","background-attachment":"scroll","background-type":"","background-media":"","overlay-type":"","overlay-color":"","overlay-opacity":"","overlay-gradient":""},"mobile":{"background-color":"","background-image":"","background-repeat":"repeat","background-position":"center center","background-size":"auto","background-attachment":"scroll","background-type":"","background-media":"","overlay-type":"","overlay-color":"","overlay-opacity":"","overlay-gradient":""}},"ast-content-background-meta":{"desktop":{"background-color":"var(--ast-global-color-5)","background-image":"","background-repeat":"repeat","background-position":"center center","background-size":"auto","background-attachment":"scroll","background-type":"","background-media":"","overlay-type":"","overlay-color":"","overlay-opacity":"","overlay-gradient":""},"tablet":{"background-color":"var(--ast-global-color-5)","background-image":"","background-repeat":"repeat","background-position":"center center","background-size":"auto","background-attachment":"scroll","background-type":"","background-media":"","overlay-type":"","overlay-color":"","overlay-opacity":"","overlay-gradient":""},"mobile":{"background-color":"var(--ast-global-color-5)","background-image":"","background-repeat":"repeat","background-position":"center center","background-size":"auto","background-attachment":"scroll","background-type":"","background-media":"","overlay-type":"","overlay-color":"","overlay-opacity":"","overlay-gradient":""}}},"product_brand":[],"product_cat":[230,291],"product_tag":[],"class_list":{"0":"post-7709","1":"product","2":"type-product","3":"status-publish","4":"has-post-thumbnail","6":"product_cat-farmacia","7":"product_cat-gotas-de-amor","8":"desktop-align-left","9":"tablet-align-left","10":"mobile-align-left","12":"first","13":"instock","14":"shipping-taxable","15":"purchasable","16":"product-type-simple"},"_links":{"self":[{"href":"https:\/\/chibolita.es\/index.php\/wp-json\/wp\/v2\/product\/7709","targetHints":{"allow":["GET"]}}],"collection":[{"href":"https:\/\/chibolita.es\/index.php\/wp-json\/wp\/v2\/product"}],"about":[{"href":"https:\/\/chibolita.es\/index.php\/wp-json\/wp\/v2\/types\/product"}],"replies":[{"embeddable":true,"href":"https:\/\/chibolita.es\/index.php\/wp-json\/wp\/v2\/comments?post=7709"}],"wp:featuredmedia":[{"embeddable":true,"href":"https:\/\/chibolita.es\/index.php\/wp-json\/wp\/v2\/media\/7710"}],"wp:attachment":[{"href":"https:\/\/chibolita.es\/index.php\/wp-json\/wp\/v2\/media?parent=7709"}],"wp:term":[{"taxonomy":"product_brand","embeddable":true,"href":"https:\/\/chibolita.es\/index.php\/wp-json\/wp\/v2\/product_brand?post=7709"},{"taxonomy":"product_cat","embeddable":true,"href":"https:\/\/chibolita.es\/index.php\/wp-json\/wp\/v2\/product_cat?post=7709"},{"taxonomy":"product_tag","embeddable":true,"href":"https:\/\/chibolita.es\/index.php\/wp-json\/wp\/v2\/product_tag?post=7709"}],"curies":[{"name":"wp","href":"https:\/\/api.w.org\/{rel}","templated":true}]}}