{"id":7701,"date":"2023-06-07T23:16:39","date_gmt":"2023-06-07T23:16:39","guid":{"rendered":"https:\/\/chibolita.es\/?post_type=product&#038;p=7701"},"modified":"2024-02-10T17:12:43","modified_gmt":"2024-02-10T17:12:43","slug":"spanish-love-gotas-estimulantes-30ml","status":"publish","type":"product","link":"https:\/\/chibolita.es\/index.php\/product\/spanish-love-gotas-estimulantes-30ml\/","title":{"rendered":"SPANISH LOVE GOTAS ESTIMULANTES 30ML"},"content":{"rendered":"<p>Este producto exclusivo mejora el deseo sexual de forma natural. El cuerpo absorbe f\u00e1cil y r\u00e1pidamente las gotas proporcionando un impulso sexual. Su equilibrada f\u00f3rmula hace uso de las cualidades de la L-arginina, el principal ingrediente activo de este producto.<\/p>\n<p>L-arginina HCL estimula el flujo sangu\u00edneo en los genitales, lo que tiene un efecto positivo en el rendimiento sexual. La vitamina C garantiza un buen funcionamiento del sistema nervioso y aporta al cuerpo un suministro de energ\u00eda \u00f3ptimo. Todo esto har\u00e1 mejorar la resistencia f\u00edsica y la energ\u00eda sexual, y producir\u00e1 un efecto positivo sobre el deseo. Estimula el rendimiento sexual con L-arginina y vitamina C<\/p>\n<p>Caracter\u00edsticas: &#8211;<\/p>\n<ul>\n<li>Mejora el rendimiento sexual<\/li>\n<li>Estimula la energ\u00eda er\u00f3tica<\/li>\n<li>Fortalece la vitalidad interior<\/li>\n<li>Estimula el deseo sexual y las relaciones \u00edntimas<\/li>\n<\/ul>\n<p>Spanish Love Drops \u2013 Dirty Dancing estimula la lujuria de forma \u00fanica y proporciona un plus extra de energia sexual y excitaci\u00f3n er\u00f3tica. Estas gotas generan un est\u00edmulo er\u00f3tico que incrementa el deseo sexual. Para un \u00f3ptimo rendimiento sexual y un plus de placer.<\/p>\n<p>* Este producto contiene una etiqueta con instrucciones facilitadas en los siguientes idiomas: \/en\/de\/fr\/es\/it\/nl\/<\/p>\n","protected":false},"excerpt":{"rendered":"<p>Este producto exclusivo mejora el deseo sexual de forma natural. El cuerpo absorbe f\u00e1cil y r\u00e1pidamente las gotas proporcionando un impulso sexual. Su equilibrada f\u00f3rmula hace uso de las cualidades de la L-arginina, el principal ingrediente activo de este producto. L-arginina HCL estimula el flujo sangu\u00edneo en los genitales, lo que tiene un efecto positivo [&hellip;]<\/p>\n","protected":false},"featured_media":7702,"comment_status":"open","ping_status":"closed","template":"","meta":{"_eb_attr":"","site-sidebar-layout":"default","site-content-layout":"default","ast-site-content-layout":"default","site-content-style":"default","site-sidebar-style":"default","ast-global-header-display":"","ast-banner-title-visibility":"","ast-main-header-display":"","ast-hfb-above-header-display":"","ast-hfb-below-header-display":"","ast-hfb-mobile-header-display":"","site-post-title":"","ast-breadcrumbs-content":"","ast-featured-img":"","footer-sml-layout":"","ast-disable-related-posts":"","theme-transparent-header-meta":"default","adv-header-id-meta":"","stick-header-meta":"","header-above-stick-meta":"","header-main-stick-meta":"","header-below-stick-meta":"","astra-migrate-meta-layouts":"default","ast-page-background-enabled":"default","ast-page-background-meta":{"desktop":{"background-color":"var(--ast-global-color-4)","background-image":"","background-repeat":"repeat","background-position":"center center","background-size":"auto","background-attachment":"scroll","background-type":"","background-media":"","overlay-type":"","overlay-color":"","overlay-opacity":"","overlay-gradient":""},"tablet":{"background-color":"","background-image":"","background-repeat":"repeat","background-position":"center center","background-size":"auto","background-attachment":"scroll","background-type":"","background-media":"","overlay-type":"","overlay-color":"","overlay-opacity":"","overlay-gradient":""},"mobile":{"background-color":"","background-image":"","background-repeat":"repeat","background-position":"center center","background-size":"auto","background-attachment":"scroll","background-type":"","background-media":"","overlay-type":"","overlay-color":"","overlay-opacity":"","overlay-gradient":""}},"ast-content-background-meta":{"desktop":{"background-color":"var(--ast-global-color-5)","background-image":"","background-repeat":"repeat","background-position":"center center","background-size":"auto","background-attachment":"scroll","background-type":"","background-media":"","overlay-type":"","overlay-color":"","overlay-opacity":"","overlay-gradient":""},"tablet":{"background-color":"var(--ast-global-color-5)","background-image":"","background-repeat":"repeat","background-position":"center center","background-size":"auto","background-attachment":"scroll","background-type":"","background-media":"","overlay-type":"","overlay-color":"","overlay-opacity":"","overlay-gradient":""},"mobile":{"background-color":"var(--ast-global-color-5)","background-image":"","background-repeat":"repeat","background-position":"center center","background-size":"auto","background-attachment":"scroll","background-type":"","background-media":"","overlay-type":"","overlay-color":"","overlay-opacity":"","overlay-gradient":""}}},"product_brand":[],"product_cat":[230,291],"product_tag":[],"class_list":{"0":"post-7701","1":"product","2":"type-product","3":"status-publish","4":"has-post-thumbnail","6":"product_cat-farmacia","7":"product_cat-gotas-de-amor","8":"desktop-align-left","9":"tablet-align-left","10":"mobile-align-left","12":"first","13":"instock","14":"sale","15":"shipping-taxable","16":"purchasable","17":"product-type-simple"},"_links":{"self":[{"href":"https:\/\/chibolita.es\/index.php\/wp-json\/wp\/v2\/product\/7701","targetHints":{"allow":["GET"]}}],"collection":[{"href":"https:\/\/chibolita.es\/index.php\/wp-json\/wp\/v2\/product"}],"about":[{"href":"https:\/\/chibolita.es\/index.php\/wp-json\/wp\/v2\/types\/product"}],"replies":[{"embeddable":true,"href":"https:\/\/chibolita.es\/index.php\/wp-json\/wp\/v2\/comments?post=7701"}],"wp:featuredmedia":[{"embeddable":true,"href":"https:\/\/chibolita.es\/index.php\/wp-json\/wp\/v2\/media\/7702"}],"wp:attachment":[{"href":"https:\/\/chibolita.es\/index.php\/wp-json\/wp\/v2\/media?parent=7701"}],"wp:term":[{"taxonomy":"product_brand","embeddable":true,"href":"https:\/\/chibolita.es\/index.php\/wp-json\/wp\/v2\/product_brand?post=7701"},{"taxonomy":"product_cat","embeddable":true,"href":"https:\/\/chibolita.es\/index.php\/wp-json\/wp\/v2\/product_cat?post=7701"},{"taxonomy":"product_tag","embeddable":true,"href":"https:\/\/chibolita.es\/index.php\/wp-json\/wp\/v2\/product_tag?post=7701"}],"curies":[{"name":"wp","href":"https:\/\/api.w.org\/{rel}","templated":true}]}}