{"id":7362,"date":"2023-05-25T21:39:08","date_gmt":"2023-05-25T21:39:08","guid":{"rendered":"https:\/\/chibolita.es\/?post_type=product&#038;p=7362"},"modified":"2023-05-25T21:39:17","modified_gmt":"2023-05-25T21:39:17","slug":"kea-babydoll-negro-erotic-by-casmir-l-xl","status":"publish","type":"product","link":"https:\/\/chibolita.es\/index.php\/product\/kea-babydoll-negro-erotic-by-casmir-l-xl\/","title":{"rendered":"KEA BABYDOLL NEGRO EROTIC BY CASMIR L\/XL"},"content":{"rendered":"<p>Kea es un picardia de color negro semitransparente muy erotico, con bordes negro satin y lazada bajo el pecho.<\/p>\n<ul>\n<li>Sensual y elegante conjunto\u00a0 de alta gama que te har\u00e1 marcar la diferencia!<\/li>\n<li>Tanga a juego incluido<\/li>\n<\/ul>\n<p>Siente la experiencia Casmir\u00a0 y dejate llevar!<\/p>\n<p><strong>Casmir\u00a0<\/strong>es una de las marcas m\u00e1s sensuales de ropa interior er\u00f3tica, es una marca de lencer\u00eda, corseter\u00eda y trajes de ba\u00f1o que realiza prendas originales fortaleciendo con ellas la imagen interior que cada mujer tiene de si misma.<\/p>\n<p>A trav\u00e9s de\u00a0<strong>Casmir\u00a0<\/strong>las mujeres, son invitadas a consolidar su autoestima, explorar su femeneidad, explotar su poder de sensualidad y seducci\u00f3n, provocando en base al juego.<\/p>\n<p>Medidas por tallas;<\/p>\n","protected":false},"excerpt":{"rendered":"<p>Kea es un picardia de color negro semitransparente muy erotico, con bordes negro satin y lazada bajo el pecho. Sensual y elegante conjunto\u00a0 de alta gama que te har\u00e1 marcar la diferencia! Tanga a juego incluido Siente la experiencia Casmir\u00a0 y dejate llevar! Casmir\u00a0es una de las marcas m\u00e1s sensuales de ropa interior er\u00f3tica, es [&hellip;]<\/p>\n","protected":false},"featured_media":7361,"comment_status":"open","ping_status":"closed","template":"","meta":{"_eb_attr":"","site-sidebar-layout":"default","site-content-layout":"default","ast-site-content-layout":"default","site-content-style":"default","site-sidebar-style":"default","ast-global-header-display":"","ast-banner-title-visibility":"","ast-main-header-display":"","ast-hfb-above-header-display":"","ast-hfb-below-header-display":"","ast-hfb-mobile-header-display":"","site-post-title":"","ast-breadcrumbs-content":"","ast-featured-img":"","footer-sml-layout":"","ast-disable-related-posts":"","theme-transparent-header-meta":"default","adv-header-id-meta":"","stick-header-meta":"","header-above-stick-meta":"","header-main-stick-meta":"","header-below-stick-meta":"","astra-migrate-meta-layouts":"default","ast-page-background-enabled":"default","ast-page-background-meta":{"desktop":{"background-color":"var(--ast-global-color-4)","background-image":"","background-repeat":"repeat","background-position":"center center","background-size":"auto","background-attachment":"scroll","background-type":"","background-media":"","overlay-type":"","overlay-color":"","overlay-opacity":"","overlay-gradient":""},"tablet":{"background-color":"","background-image":"","background-repeat":"repeat","background-position":"center center","background-size":"auto","background-attachment":"scroll","background-type":"","background-media":"","overlay-type":"","overlay-color":"","overlay-opacity":"","overlay-gradient":""},"mobile":{"background-color":"","background-image":"","background-repeat":"repeat","background-position":"center center","background-size":"auto","background-attachment":"scroll","background-type":"","background-media":"","overlay-type":"","overlay-color":"","overlay-opacity":"","overlay-gradient":""}},"ast-content-background-meta":{"desktop":{"background-color":"var(--ast-global-color-5)","background-image":"","background-repeat":"repeat","background-position":"center center","background-size":"auto","background-attachment":"scroll","background-type":"","background-media":"","overlay-type":"","overlay-color":"","overlay-opacity":"","overlay-gradient":""},"tablet":{"background-color":"var(--ast-global-color-5)","background-image":"","background-repeat":"repeat","background-position":"center center","background-size":"auto","background-attachment":"scroll","background-type":"","background-media":"","overlay-type":"","overlay-color":"","overlay-opacity":"","overlay-gradient":""},"mobile":{"background-color":"var(--ast-global-color-5)","background-image":"","background-repeat":"repeat","background-position":"center center","background-size":"auto","background-attachment":"scroll","background-type":"","background-media":"","overlay-type":"","overlay-color":"","overlay-opacity":"","overlay-gradient":""}}},"product_brand":[],"product_cat":[287,285],"product_tag":[],"class_list":{"0":"post-7362","1":"product","2":"type-product","3":"status-publish","4":"has-post-thumbnail","6":"product_cat-babydoll","7":"product_cat-lenceria","8":"desktop-align-left","9":"tablet-align-left","10":"mobile-align-left","12":"first","13":"instock","14":"shipping-taxable","15":"purchasable","16":"product-type-simple"},"_links":{"self":[{"href":"https:\/\/chibolita.es\/index.php\/wp-json\/wp\/v2\/product\/7362","targetHints":{"allow":["GET"]}}],"collection":[{"href":"https:\/\/chibolita.es\/index.php\/wp-json\/wp\/v2\/product"}],"about":[{"href":"https:\/\/chibolita.es\/index.php\/wp-json\/wp\/v2\/types\/product"}],"replies":[{"embeddable":true,"href":"https:\/\/chibolita.es\/index.php\/wp-json\/wp\/v2\/comments?post=7362"}],"wp:featuredmedia":[{"embeddable":true,"href":"https:\/\/chibolita.es\/index.php\/wp-json\/wp\/v2\/media\/7361"}],"wp:attachment":[{"href":"https:\/\/chibolita.es\/index.php\/wp-json\/wp\/v2\/media?parent=7362"}],"wp:term":[{"taxonomy":"product_brand","embeddable":true,"href":"https:\/\/chibolita.es\/index.php\/wp-json\/wp\/v2\/product_brand?post=7362"},{"taxonomy":"product_cat","embeddable":true,"href":"https:\/\/chibolita.es\/index.php\/wp-json\/wp\/v2\/product_cat?post=7362"},{"taxonomy":"product_tag","embeddable":true,"href":"https:\/\/chibolita.es\/index.php\/wp-json\/wp\/v2\/product_tag?post=7362"}],"curies":[{"name":"wp","href":"https:\/\/api.w.org\/{rel}","templated":true}]}}