{"id":7207,"date":"2023-05-25T07:23:20","date_gmt":"2023-05-25T07:23:20","guid":{"rendered":"https:\/\/chibolita.es\/?post_type=product&#038;p=7207"},"modified":"2023-05-25T07:24:46","modified_gmt":"2023-05-25T07:24:46","slug":"intt-gel-de-masaje-vegano-con-sabor-a-coco-y-efecto-calor","status":"publish","type":"product","link":"https:\/\/chibolita.es\/index.php\/product\/intt-gel-de-masaje-vegano-con-sabor-a-coco-y-efecto-calor\/","title":{"rendered":"INTT &#8211; GEL DE MASAJE VEGANO CON SABOR A COCO Y EFECTO CALOR"},"content":{"rendered":"<p>Massage Gel Vegan Coconut de INTT es un gel de masaje con aroma y sabor a dulce coco que a\u00f1ade un agradable y c\u00e1lido efecto calor.<\/p>\n<p>Dise\u00f1ado para masajear las zonas m\u00e1s sensibles del cuerpo como la vulva, pezones, el glande, cl\u00edtoris o la entrada anal, aportando un extra de sensaciones gracias al efecto calor, muy ligero y agradable. Un gel besable ideal para la pr\u00e1ctica del sexo oral con un toque diferente, abriendo as\u00ed un gran abanico de posibilidades de juegos \u00edntimos muy apetecibles. Tambi\u00e9n es un gel totalmente apto para la penetraci\u00f3n y su modo de empleo es aplicar la cantidad deseada en la zona a estimular y masajear suavemente.<\/p>\n<p>Es un producto totalmente vegano y viene en un peque\u00f1o y pr\u00e1ctico envase de 30 ml.<\/p>\n<p>Caracter\u00edsticas principales:<\/p>\n<ul>\n<li>Gel de masaje.<\/li>\n<li>A\u00f1ade aroma y sabor a coco.<\/li>\n<li>Con un ligero efecto calor.<\/li>\n<li>Ideal para el sexo oral.<\/li>\n<li>Intensifica las sensaciones.<\/li>\n<li>Besable.<\/li>\n<li>Aporta gran posibilidades de juego.<\/li>\n<li>Aplicar la cantidad deseada en la zona a estimular.<\/li>\n<li>Vegano.<\/li>\n<li>Envase de 30 ml.<\/li>\n<\/ul>\n","protected":false},"excerpt":{"rendered":"<p>Massage Gel Vegan Coconut de INTT es un gel de masaje con aroma y sabor a dulce coco que a\u00f1ade un agradable y c\u00e1lido efecto calor. Dise\u00f1ado para masajear las zonas m\u00e1s sensibles del cuerpo como la vulva, pezones, el glande, cl\u00edtoris o la entrada anal, aportando un extra de sensaciones gracias al efecto calor, [&hellip;]<\/p>\n","protected":false},"featured_media":7208,"comment_status":"open","ping_status":"closed","template":"","meta":{"_eb_attr":"","site-sidebar-layout":"default","site-content-layout":"default","ast-site-content-layout":"default","site-content-style":"default","site-sidebar-style":"default","ast-global-header-display":"","ast-banner-title-visibility":"","ast-main-header-display":"","ast-hfb-above-header-display":"","ast-hfb-below-header-display":"","ast-hfb-mobile-header-display":"","site-post-title":"","ast-breadcrumbs-content":"","ast-featured-img":"","footer-sml-layout":"","ast-disable-related-posts":"","theme-transparent-header-meta":"default","adv-header-id-meta":"","stick-header-meta":"","header-above-stick-meta":"","header-main-stick-meta":"","header-below-stick-meta":"","astra-migrate-meta-layouts":"default","ast-page-background-enabled":"default","ast-page-background-meta":{"desktop":{"background-color":"var(--ast-global-color-4)","background-image":"","background-repeat":"repeat","background-position":"center center","background-size":"auto","background-attachment":"scroll","background-type":"","background-media":"","overlay-type":"","overlay-color":"","overlay-opacity":"","overlay-gradient":""},"tablet":{"background-color":"","background-image":"","background-repeat":"repeat","background-position":"center center","background-size":"auto","background-attachment":"scroll","background-type":"","background-media":"","overlay-type":"","overlay-color":"","overlay-opacity":"","overlay-gradient":""},"mobile":{"background-color":"","background-image":"","background-repeat":"repeat","background-position":"center center","background-size":"auto","background-attachment":"scroll","background-type":"","background-media":"","overlay-type":"","overlay-color":"","overlay-opacity":"","overlay-gradient":""}},"ast-content-background-meta":{"desktop":{"background-color":"var(--ast-global-color-5)","background-image":"","background-repeat":"repeat","background-position":"center center","background-size":"auto","background-attachment":"scroll","background-type":"","background-media":"","overlay-type":"","overlay-color":"","overlay-opacity":"","overlay-gradient":""},"tablet":{"background-color":"var(--ast-global-color-5)","background-image":"","background-repeat":"repeat","background-position":"center center","background-size":"auto","background-attachment":"scroll","background-type":"","background-media":"","overlay-type":"","overlay-color":"","overlay-opacity":"","overlay-gradient":""},"mobile":{"background-color":"var(--ast-global-color-5)","background-image":"","background-repeat":"repeat","background-position":"center center","background-size":"auto","background-attachment":"scroll","background-type":"","background-media":"","overlay-type":"","overlay-color":"","overlay-opacity":"","overlay-gradient":""}}},"product_brand":[],"product_cat":[280,281],"product_tag":[],"class_list":{"0":"post-7207","1":"product","2":"type-product","3":"status-publish","4":"has-post-thumbnail","6":"product_cat-masajes-y-cuidados-corporales","7":"product_cat-sexo-oral","8":"desktop-align-left","9":"tablet-align-left","10":"mobile-align-left","12":"first","13":"instock","14":"shipping-taxable","15":"purchasable","16":"product-type-simple"},"_links":{"self":[{"href":"https:\/\/chibolita.es\/index.php\/wp-json\/wp\/v2\/product\/7207","targetHints":{"allow":["GET"]}}],"collection":[{"href":"https:\/\/chibolita.es\/index.php\/wp-json\/wp\/v2\/product"}],"about":[{"href":"https:\/\/chibolita.es\/index.php\/wp-json\/wp\/v2\/types\/product"}],"replies":[{"embeddable":true,"href":"https:\/\/chibolita.es\/index.php\/wp-json\/wp\/v2\/comments?post=7207"}],"wp:featuredmedia":[{"embeddable":true,"href":"https:\/\/chibolita.es\/index.php\/wp-json\/wp\/v2\/media\/7208"}],"wp:attachment":[{"href":"https:\/\/chibolita.es\/index.php\/wp-json\/wp\/v2\/media?parent=7207"}],"wp:term":[{"taxonomy":"product_brand","embeddable":true,"href":"https:\/\/chibolita.es\/index.php\/wp-json\/wp\/v2\/product_brand?post=7207"},{"taxonomy":"product_cat","embeddable":true,"href":"https:\/\/chibolita.es\/index.php\/wp-json\/wp\/v2\/product_cat?post=7207"},{"taxonomy":"product_tag","embeddable":true,"href":"https:\/\/chibolita.es\/index.php\/wp-json\/wp\/v2\/product_tag?post=7207"}],"curies":[{"name":"wp","href":"https:\/\/api.w.org\/{rel}","templated":true}]}}