{"id":7131,"date":"2023-05-21T09:47:29","date_gmt":"2023-05-21T09:47:29","guid":{"rendered":"https:\/\/chibolita.es\/?post_type=product&#038;p=7131"},"modified":"2025-05-29T11:34:27","modified_gmt":"2025-05-29T11:34:27","slug":"tardenoche-staby-vibrador-silicona-flexible-bendable","status":"publish","type":"product","link":"https:\/\/chibolita.es\/index.php\/product\/tardenoche-staby-vibrador-silicona-flexible-bendable\/","title":{"rendered":"TARDENOCHE STABY VIBRADOR SILICONA FLEXIBLE-BENDABLE"},"content":{"rendered":"<p>Staby es un estimulador con 8 potentes funciones de vibraci\u00f3n y 2 primeras intensidades.<\/p>\n<p>Staby cuenta con un cuerpo alargado y estrecho, con la silicona m\u00e1s suave del mercado. Gracias a estos materiales, su tacto es suave y sedoso, y su cuerpo es flexible para un c\u00f3modo y placentero uso.<\/p>\n<p>La punta tiene la forma de un pene real con un glande redondeado. Cuenta con un solo bot\u00f3n con el que viajar entre sus funciones de manera sencilla y es recargable por USB. Recuerda limpiar adecuadamente tu juguete con jab\u00f3n neutro y agua y secarlo bien para maximizar su vida \u00fatil y utilizar tu lubricante a base de agua favorito para una experiencia extra h\u00fameda.<\/p>\n<p>Caracter\u00edsticas:<\/p>\n<ul>\n<li>8 funciones de vibraci\u00f3n<\/li>\n<li>2 primeras intensidades<\/li>\n<li>Cuerpo flexible-bendable<\/li>\n<li>Recargable por USB<\/li>\n<li>Silicona suave de alta calidad<\/li>\n<li>Impermeable<\/li>\n<li>Medidas: 19.5 cm x 2.6 cm<\/li>\n<\/ul>\n<p>&nbsp;<\/p>\n","protected":false},"excerpt":{"rendered":"<p>Staby es un estimulador con 8 potentes funciones de vibraci\u00f3n y 2 primeras intensidades. Staby cuenta con un cuerpo alargado y estrecho, con la silicona m\u00e1s suave del mercado. Gracias a estos materiales, su tacto es suave y sedoso, y su cuerpo es flexible para un c\u00f3modo y placentero uso. La punta tiene la forma [&hellip;]<\/p>\n","protected":false},"featured_media":7132,"comment_status":"open","ping_status":"closed","template":"","meta":{"_eb_attr":"","site-sidebar-layout":"default","site-content-layout":"default","ast-site-content-layout":"default","site-content-style":"default","site-sidebar-style":"default","ast-global-header-display":"","ast-banner-title-visibility":"","ast-main-header-display":"","ast-hfb-above-header-display":"","ast-hfb-below-header-display":"","ast-hfb-mobile-header-display":"","site-post-title":"","ast-breadcrumbs-content":"","ast-featured-img":"","footer-sml-layout":"","ast-disable-related-posts":"","theme-transparent-header-meta":"default","adv-header-id-meta":"","stick-header-meta":"","header-above-stick-meta":"","header-main-stick-meta":"","header-below-stick-meta":"","astra-migrate-meta-layouts":"default","ast-page-background-enabled":"default","ast-page-background-meta":{"desktop":{"background-color":"var(--ast-global-color-4)","background-image":"","background-repeat":"repeat","background-position":"center center","background-size":"auto","background-attachment":"scroll","background-type":"","background-media":"","overlay-type":"","overlay-color":"","overlay-opacity":"","overlay-gradient":""},"tablet":{"background-color":"","background-image":"","background-repeat":"repeat","background-position":"center center","background-size":"auto","background-attachment":"scroll","background-type":"","background-media":"","overlay-type":"","overlay-color":"","overlay-opacity":"","overlay-gradient":""},"mobile":{"background-color":"","background-image":"","background-repeat":"repeat","background-position":"center center","background-size":"auto","background-attachment":"scroll","background-type":"","background-media":"","overlay-type":"","overlay-color":"","overlay-opacity":"","overlay-gradient":""}},"ast-content-background-meta":{"desktop":{"background-color":"var(--ast-global-color-5)","background-image":"","background-repeat":"repeat","background-position":"center center","background-size":"auto","background-attachment":"scroll","background-type":"","background-media":"","overlay-type":"","overlay-color":"","overlay-opacity":"","overlay-gradient":""},"tablet":{"background-color":"var(--ast-global-color-5)","background-image":"","background-repeat":"repeat","background-position":"center center","background-size":"auto","background-attachment":"scroll","background-type":"","background-media":"","overlay-type":"","overlay-color":"","overlay-opacity":"","overlay-gradient":""},"mobile":{"background-color":"var(--ast-global-color-5)","background-image":"","background-repeat":"repeat","background-position":"center center","background-size":"auto","background-attachment":"scroll","background-type":"","background-media":"","overlay-type":"","overlay-color":"","overlay-opacity":"","overlay-gradient":""}}},"product_brand":[],"product_cat":[260,15,262,263],"product_tag":[],"class_list":{"0":"post-7131","1":"product","2":"type-product","3":"status-publish","4":"has-post-thumbnail","6":"product_cat-dildos-y-vibradores","7":"product_cat-uncategorized","8":"product_cat-vibradores","9":"product_cat-vibradores-lay-on-clitoris","10":"desktop-align-left","11":"tablet-align-left","12":"mobile-align-left","14":"first","15":"instock","16":"sale","17":"shipping-taxable","18":"purchasable","19":"product-type-simple"},"_links":{"self":[{"href":"https:\/\/chibolita.es\/index.php\/wp-json\/wp\/v2\/product\/7131","targetHints":{"allow":["GET"]}}],"collection":[{"href":"https:\/\/chibolita.es\/index.php\/wp-json\/wp\/v2\/product"}],"about":[{"href":"https:\/\/chibolita.es\/index.php\/wp-json\/wp\/v2\/types\/product"}],"replies":[{"embeddable":true,"href":"https:\/\/chibolita.es\/index.php\/wp-json\/wp\/v2\/comments?post=7131"}],"wp:featuredmedia":[{"embeddable":true,"href":"https:\/\/chibolita.es\/index.php\/wp-json\/wp\/v2\/media\/7132"}],"wp:attachment":[{"href":"https:\/\/chibolita.es\/index.php\/wp-json\/wp\/v2\/media?parent=7131"}],"wp:term":[{"taxonomy":"product_brand","embeddable":true,"href":"https:\/\/chibolita.es\/index.php\/wp-json\/wp\/v2\/product_brand?post=7131"},{"taxonomy":"product_cat","embeddable":true,"href":"https:\/\/chibolita.es\/index.php\/wp-json\/wp\/v2\/product_cat?post=7131"},{"taxonomy":"product_tag","embeddable":true,"href":"https:\/\/chibolita.es\/index.php\/wp-json\/wp\/v2\/product_tag?post=7131"}],"curies":[{"name":"wp","href":"https:\/\/api.w.org\/{rel}","templated":true}]}}