{"id":7088,"date":"2023-05-21T09:16:02","date_gmt":"2023-05-21T09:16:02","guid":{"rendered":"https:\/\/chibolita.es\/?post_type=product&#038;p=7088"},"modified":"2023-05-21T09:18:09","modified_gmt":"2023-05-21T09:18:09","slug":"unihorn-bugypink-succionador-de-clitoris-con-vibracion","status":"publish","type":"product","link":"https:\/\/chibolita.es\/index.php\/product\/unihorn-bugypink-succionador-de-clitoris-con-vibracion\/","title":{"rendered":"\u00dcNIH\u00d6RN BUGYPINK SUCCIONADOR DE CL\u00cdTORIS CON VIBRACI\u00d3N"},"content":{"rendered":"<p>Discreto, elegante, bonito, sensual, placentero. Estas son algunas de las caracter\u00edsticas que le podemos dar a BugyPink, el nuevo succionador con vibraci\u00f3n de \u00dcnih\u00f6rn.<\/p>\n<p>BugyPink, como ya te hemos dicho, es un succionador con 7 funciones de succi\u00f3n y vibraci\u00f3n, las cuales podr\u00e1s controlar desde un solo bot\u00f3n con un doble click. Cuando enciendas a BugyPink la funci\u00f3n de succi\u00f3n comenzar\u00e1, y podr\u00e1s viajar entre sus 7 funciones con un solo click. Al pulsar dos veces el bot\u00f3n on\/off encender\u00e1s las 7 funciones de intensa vibraci\u00f3n, pudiendo cambiarlas con un simple click.<\/p>\n<p>Cuenta con un dise\u00f1o muy est\u00e9tico, con un color rosa chicle elegante y femenino y una forma redondeada perfecta para que quepa en tu mano y se adapte a tus curvas sin esfuerzo. Es de tama\u00f1o compacto, perfecto para que te lo lleves donde quieras y disfrutes est\u00e9s donde est\u00e9s.<\/p>\n<p>Cuenta con un cargador magn\u00e9tico con el que podr\u00e1s cargar a BugyPink de manera r\u00e1pida y sencilla. Como el resto de la familia de \u00dcnih\u00f6rn, sus materiales de silicona son de la m\u00e1s alta calidad, muy resistentes y resistentes al agua IPX5.<\/p>\n<p>Recuerda que para que tu experiencia sea superior debes utilizar un buen lubricante a base de agua, como el N-506, el N-997 o el N-996. Y para que puedas disfrutar de BugyPink todo el tiempo que quieras debes limpiarlo antes y despu\u00e9s de cada uso con jab\u00f3n PH neutro y agua tibia o con un buen limpiador de juguetes, como el N-507.<\/p>\n<p>Caracter\u00edsticas:<\/p>\n<ul>\n<li>7 funciones de succi\u00f3n y vibraci\u00f3n<\/li>\n<li>Potente motor<\/li>\n<li>Forma delicada y elegante<\/li>\n<li>Recargable por USB magn\u00e9tico de f\u00e1cil uso<\/li>\n<li>Impermeable IPX5<\/li>\n<li>Controles de un solo bot\u00f3n<\/li>\n<li>Medidas: 4 cm x 4.8 cm x 8 cm<\/li>\n<li>Peso: 86 gr<\/li>\n<\/ul>\n","protected":false},"excerpt":{"rendered":"<p>Discreto, elegante, bonito, sensual, placentero. Estas son algunas de las caracter\u00edsticas que le podemos dar a BugyPink, el nuevo succionador con vibraci\u00f3n de \u00dcnih\u00f6rn. BugyPink, como ya te hemos dicho, es un succionador con 7 funciones de succi\u00f3n y vibraci\u00f3n, las cuales podr\u00e1s controlar desde un solo bot\u00f3n con un doble click. Cuando enciendas a [&hellip;]<\/p>\n","protected":false},"featured_media":7094,"comment_status":"open","ping_status":"closed","template":"","meta":{"_eb_attr":"","site-sidebar-layout":"default","site-content-layout":"default","ast-site-content-layout":"default","site-content-style":"default","site-sidebar-style":"default","ast-global-header-display":"","ast-banner-title-visibility":"","ast-main-header-display":"","ast-hfb-above-header-display":"","ast-hfb-below-header-display":"","ast-hfb-mobile-header-display":"","site-post-title":"","ast-breadcrumbs-content":"","ast-featured-img":"","footer-sml-layout":"","ast-disable-related-posts":"","theme-transparent-header-meta":"default","adv-header-id-meta":"","stick-header-meta":"","header-above-stick-meta":"","header-main-stick-meta":"","header-below-stick-meta":"","astra-migrate-meta-layouts":"default","ast-page-background-enabled":"default","ast-page-background-meta":{"desktop":{"background-color":"var(--ast-global-color-4)","background-image":"","background-repeat":"repeat","background-position":"center center","background-size":"auto","background-attachment":"scroll","background-type":"","background-media":"","overlay-type":"","overlay-color":"","overlay-opacity":"","overlay-gradient":""},"tablet":{"background-color":"","background-image":"","background-repeat":"repeat","background-position":"center center","background-size":"auto","background-attachment":"scroll","background-type":"","background-media":"","overlay-type":"","overlay-color":"","overlay-opacity":"","overlay-gradient":""},"mobile":{"background-color":"","background-image":"","background-repeat":"repeat","background-position":"center center","background-size":"auto","background-attachment":"scroll","background-type":"","background-media":"","overlay-type":"","overlay-color":"","overlay-opacity":"","overlay-gradient":""}},"ast-content-background-meta":{"desktop":{"background-color":"var(--ast-global-color-5)","background-image":"","background-repeat":"repeat","background-position":"center center","background-size":"auto","background-attachment":"scroll","background-type":"","background-media":"","overlay-type":"","overlay-color":"","overlay-opacity":"","overlay-gradient":""},"tablet":{"background-color":"var(--ast-global-color-5)","background-image":"","background-repeat":"repeat","background-position":"center center","background-size":"auto","background-attachment":"scroll","background-type":"","background-media":"","overlay-type":"","overlay-color":"","overlay-opacity":"","overlay-gradient":""},"mobile":{"background-color":"var(--ast-global-color-5)","background-image":"","background-repeat":"repeat","background-position":"center center","background-size":"auto","background-attachment":"scroll","background-type":"","background-media":"","overlay-type":"","overlay-color":"","overlay-opacity":"","overlay-gradient":""}}},"product_brand":[],"product_cat":[260,263],"product_tag":[],"class_list":{"0":"post-7088","1":"product","2":"type-product","3":"status-publish","4":"has-post-thumbnail","6":"product_cat-dildos-y-vibradores","7":"product_cat-vibradores-lay-on-clitoris","8":"desktop-align-left","9":"tablet-align-left","10":"mobile-align-left","12":"first","13":"instock","14":"sale","15":"shipping-taxable","16":"purchasable","17":"product-type-simple"},"_links":{"self":[{"href":"https:\/\/chibolita.es\/index.php\/wp-json\/wp\/v2\/product\/7088","targetHints":{"allow":["GET"]}}],"collection":[{"href":"https:\/\/chibolita.es\/index.php\/wp-json\/wp\/v2\/product"}],"about":[{"href":"https:\/\/chibolita.es\/index.php\/wp-json\/wp\/v2\/types\/product"}],"replies":[{"embeddable":true,"href":"https:\/\/chibolita.es\/index.php\/wp-json\/wp\/v2\/comments?post=7088"}],"wp:featuredmedia":[{"embeddable":true,"href":"https:\/\/chibolita.es\/index.php\/wp-json\/wp\/v2\/media\/7094"}],"wp:attachment":[{"href":"https:\/\/chibolita.es\/index.php\/wp-json\/wp\/v2\/media?parent=7088"}],"wp:term":[{"taxonomy":"product_brand","embeddable":true,"href":"https:\/\/chibolita.es\/index.php\/wp-json\/wp\/v2\/product_brand?post=7088"},{"taxonomy":"product_cat","embeddable":true,"href":"https:\/\/chibolita.es\/index.php\/wp-json\/wp\/v2\/product_cat?post=7088"},{"taxonomy":"product_tag","embeddable":true,"href":"https:\/\/chibolita.es\/index.php\/wp-json\/wp\/v2\/product_tag?post=7088"}],"curies":[{"name":"wp","href":"https:\/\/api.w.org\/{rel}","templated":true}]}}