{"id":7070,"date":"2023-05-20T21:39:36","date_gmt":"2023-05-20T21:39:36","guid":{"rendered":"https:\/\/chibolita.es\/?post_type=product&#038;p=7070"},"modified":"2023-05-20T21:40:38","modified_gmt":"2023-05-20T21:40:38","slug":"baile-plug-anal-unisex-con-ventosa-lila","status":"publish","type":"product","link":"https:\/\/chibolita.es\/index.php\/product\/baile-plug-anal-unisex-con-ventosa-lila\/","title":{"rendered":"BAILE PLUG ANAL UNISEX CON VENTOSA LILA"},"content":{"rendered":"<p>Plug anal unisex para la estimulaci\u00f3n del punto P y G &#8211; todo en un juguete!<\/p>\n<p>Este suave y flexible plug anal es ideal para ambos sexos.<\/p>\n<p>Para \u00e9l, se coloca en el\u00a0perineo para estimular y masajear la pr\u00f3stata tanto directa como indirectamente.<\/p>\n<p>Para ella, este juguete en forma de consolador puede ser usado como el plug anal o tambi\u00e9n funciona perfectamente como un juguete sexual estimulando\u00a0el punto G.<\/p>\n<p>Tiene la\u00a0textura suave para la introducci\u00f3n f\u00e1cil, la\u00a0forma anat\u00f3mica para ajustarse perfectamente y la base acampanada para la extracci\u00f3n f\u00e1cil. Tambi\u00e9n cuenta con la ventosa en la base para fijarlo en una superficie plana y disfrutar\u00a0libremente.<\/p>\n<ul>\n<li>Unisex<\/li>\n<li>Ventosa fuerte<\/li>\n<li>Texturizado<\/li>\n<li>Material: PVC<\/li>\n<li>Medidas. Ver foto<\/li>\n<li>Se recomienda el uso de lubricante<\/li>\n<\/ul>\n","protected":false},"excerpt":{"rendered":"<p>Plug anal unisex para la estimulaci\u00f3n del punto P y G &#8211; todo en un juguete! Este suave y flexible plug anal es ideal para ambos sexos. Para \u00e9l, se coloca en el\u00a0perineo para estimular y masajear la pr\u00f3stata tanto directa como indirectamente. Para ella, este juguete en forma de consolador puede ser usado como [&hellip;]<\/p>\n","protected":false},"featured_media":7073,"comment_status":"open","ping_status":"closed","template":"","meta":{"_eb_attr":"","site-sidebar-layout":"default","site-content-layout":"default","ast-site-content-layout":"default","site-content-style":"default","site-sidebar-style":"default","ast-global-header-display":"","ast-banner-title-visibility":"","ast-main-header-display":"","ast-hfb-above-header-display":"","ast-hfb-below-header-display":"","ast-hfb-mobile-header-display":"","site-post-title":"","ast-breadcrumbs-content":"","ast-featured-img":"","footer-sml-layout":"","ast-disable-related-posts":"","theme-transparent-header-meta":"default","adv-header-id-meta":"","stick-header-meta":"","header-above-stick-meta":"","header-main-stick-meta":"","header-below-stick-meta":"","astra-migrate-meta-layouts":"default","ast-page-background-enabled":"default","ast-page-background-meta":{"desktop":{"background-color":"var(--ast-global-color-4)","background-image":"","background-repeat":"repeat","background-position":"center center","background-size":"auto","background-attachment":"scroll","background-type":"","background-media":"","overlay-type":"","overlay-color":"","overlay-opacity":"","overlay-gradient":""},"tablet":{"background-color":"","background-image":"","background-repeat":"repeat","background-position":"center center","background-size":"auto","background-attachment":"scroll","background-type":"","background-media":"","overlay-type":"","overlay-color":"","overlay-opacity":"","overlay-gradient":""},"mobile":{"background-color":"","background-image":"","background-repeat":"repeat","background-position":"center center","background-size":"auto","background-attachment":"scroll","background-type":"","background-media":"","overlay-type":"","overlay-color":"","overlay-opacity":"","overlay-gradient":""}},"ast-content-background-meta":{"desktop":{"background-color":"var(--ast-global-color-5)","background-image":"","background-repeat":"repeat","background-position":"center center","background-size":"auto","background-attachment":"scroll","background-type":"","background-media":"","overlay-type":"","overlay-color":"","overlay-opacity":"","overlay-gradient":""},"tablet":{"background-color":"var(--ast-global-color-5)","background-image":"","background-repeat":"repeat","background-position":"center center","background-size":"auto","background-attachment":"scroll","background-type":"","background-media":"","overlay-type":"","overlay-color":"","overlay-opacity":"","overlay-gradient":""},"mobile":{"background-color":"var(--ast-global-color-5)","background-image":"","background-repeat":"repeat","background-position":"center center","background-size":"auto","background-attachment":"scroll","background-type":"","background-media":"","overlay-type":"","overlay-color":"","overlay-opacity":"","overlay-gradient":""}}},"product_brand":[],"product_cat":[265,270],"product_tag":[],"class_list":{"0":"post-7070","1":"product","2":"type-product","3":"status-publish","4":"has-post-thumbnail","6":"product_cat-fetish-bdsm","7":"product_cat-sexo-anal","8":"desktop-align-left","9":"tablet-align-left","10":"mobile-align-left","12":"first","13":"instock","14":"shipping-taxable","15":"purchasable","16":"product-type-simple"},"_links":{"self":[{"href":"https:\/\/chibolita.es\/index.php\/wp-json\/wp\/v2\/product\/7070","targetHints":{"allow":["GET"]}}],"collection":[{"href":"https:\/\/chibolita.es\/index.php\/wp-json\/wp\/v2\/product"}],"about":[{"href":"https:\/\/chibolita.es\/index.php\/wp-json\/wp\/v2\/types\/product"}],"replies":[{"embeddable":true,"href":"https:\/\/chibolita.es\/index.php\/wp-json\/wp\/v2\/comments?post=7070"}],"wp:featuredmedia":[{"embeddable":true,"href":"https:\/\/chibolita.es\/index.php\/wp-json\/wp\/v2\/media\/7073"}],"wp:attachment":[{"href":"https:\/\/chibolita.es\/index.php\/wp-json\/wp\/v2\/media?parent=7070"}],"wp:term":[{"taxonomy":"product_brand","embeddable":true,"href":"https:\/\/chibolita.es\/index.php\/wp-json\/wp\/v2\/product_brand?post=7070"},{"taxonomy":"product_cat","embeddable":true,"href":"https:\/\/chibolita.es\/index.php\/wp-json\/wp\/v2\/product_cat?post=7070"},{"taxonomy":"product_tag","embeddable":true,"href":"https:\/\/chibolita.es\/index.php\/wp-json\/wp\/v2\/product_tag?post=7070"}],"curies":[{"name":"wp","href":"https:\/\/api.w.org\/{rel}","templated":true}]}}