{"id":7062,"date":"2023-05-20T21:35:03","date_gmt":"2023-05-20T21:35:03","guid":{"rendered":"https:\/\/chibolita.es\/?post_type=product&#038;p=7062"},"modified":"2023-05-20T21:35:52","modified_gmt":"2023-05-20T21:35:52","slug":"pretty-love-special-anal-stimulation-11-8-cm","status":"publish","type":"product","link":"https:\/\/chibolita.es\/index.php\/product\/pretty-love-special-anal-stimulation-11-8-cm\/","title":{"rendered":"PRETTY LOVE SPECIAL ANAL STIMULATION 11.8 CM"},"content":{"rendered":"<p>Plug anal muy estimulante con una gran variedad de tama\u00f1os.<\/p>\n<p>Llega hasta donde te atrevas. El asa en el extremo ofrece un control f\u00e1cil para t\u00ed o tu compa\u00f1ero.<\/p>\n<p>Ideal para iniciacion anal<\/p>\n<p>Los productos de Pretty Love\u00a0se fabrican con siliconas 100% de calidad m\u00e9dica, el material m\u00e1s seguro y adecuado que se puede utilizar para fabricar productos er\u00f3ticos.<\/p>\n<p>Las siliconas tienen un tacto suave como la piel, se calientan r\u00e1pidamente y mantienen el calor mucho tiempo. El material es inodoro, ins\u00edpido, no poroso, hipoalerg\u00e9nico, no lleva plastificantes y se puede limpiar f\u00e1cilmente con agua tibia y un jab\u00f3n suave.<\/p>\n<ul>\n<li>Medidas: 118 X 30 MM<\/li>\n<li>Color; Negro<\/li>\n<\/ul>\n","protected":false},"excerpt":{"rendered":"<p>Plug anal muy estimulante con una gran variedad de tama\u00f1os. Llega hasta donde te atrevas. El asa en el extremo ofrece un control f\u00e1cil para t\u00ed o tu compa\u00f1ero. Ideal para iniciacion anal Los productos de Pretty Love\u00a0se fabrican con siliconas 100% de calidad m\u00e9dica, el material m\u00e1s seguro y adecuado que se puede utilizar [&hellip;]<\/p>\n","protected":false},"featured_media":7063,"comment_status":"open","ping_status":"closed","template":"","meta":{"_eb_attr":"","site-sidebar-layout":"default","site-content-layout":"default","ast-site-content-layout":"default","site-content-style":"default","site-sidebar-style":"default","ast-global-header-display":"","ast-banner-title-visibility":"","ast-main-header-display":"","ast-hfb-above-header-display":"","ast-hfb-below-header-display":"","ast-hfb-mobile-header-display":"","site-post-title":"","ast-breadcrumbs-content":"","ast-featured-img":"","footer-sml-layout":"","ast-disable-related-posts":"","theme-transparent-header-meta":"default","adv-header-id-meta":"","stick-header-meta":"","header-above-stick-meta":"","header-main-stick-meta":"","header-below-stick-meta":"","astra-migrate-meta-layouts":"default","ast-page-background-enabled":"default","ast-page-background-meta":{"desktop":{"background-color":"var(--ast-global-color-4)","background-image":"","background-repeat":"repeat","background-position":"center center","background-size":"auto","background-attachment":"scroll","background-type":"","background-media":"","overlay-type":"","overlay-color":"","overlay-opacity":"","overlay-gradient":""},"tablet":{"background-color":"","background-image":"","background-repeat":"repeat","background-position":"center center","background-size":"auto","background-attachment":"scroll","background-type":"","background-media":"","overlay-type":"","overlay-color":"","overlay-opacity":"","overlay-gradient":""},"mobile":{"background-color":"","background-image":"","background-repeat":"repeat","background-position":"center center","background-size":"auto","background-attachment":"scroll","background-type":"","background-media":"","overlay-type":"","overlay-color":"","overlay-opacity":"","overlay-gradient":""}},"ast-content-background-meta":{"desktop":{"background-color":"var(--ast-global-color-5)","background-image":"","background-repeat":"repeat","background-position":"center center","background-size":"auto","background-attachment":"scroll","background-type":"","background-media":"","overlay-type":"","overlay-color":"","overlay-opacity":"","overlay-gradient":""},"tablet":{"background-color":"var(--ast-global-color-5)","background-image":"","background-repeat":"repeat","background-position":"center center","background-size":"auto","background-attachment":"scroll","background-type":"","background-media":"","overlay-type":"","overlay-color":"","overlay-opacity":"","overlay-gradient":""},"mobile":{"background-color":"var(--ast-global-color-5)","background-image":"","background-repeat":"repeat","background-position":"center center","background-size":"auto","background-attachment":"scroll","background-type":"","background-media":"","overlay-type":"","overlay-color":"","overlay-opacity":"","overlay-gradient":""}}},"product_brand":[],"product_cat":[265,270],"product_tag":[],"class_list":{"0":"post-7062","1":"product","2":"type-product","3":"status-publish","4":"has-post-thumbnail","6":"product_cat-fetish-bdsm","7":"product_cat-sexo-anal","8":"desktop-align-left","9":"tablet-align-left","10":"mobile-align-left","12":"first","13":"instock","14":"sale","15":"shipping-taxable","16":"purchasable","17":"product-type-simple"},"_links":{"self":[{"href":"https:\/\/chibolita.es\/index.php\/wp-json\/wp\/v2\/product\/7062","targetHints":{"allow":["GET"]}}],"collection":[{"href":"https:\/\/chibolita.es\/index.php\/wp-json\/wp\/v2\/product"}],"about":[{"href":"https:\/\/chibolita.es\/index.php\/wp-json\/wp\/v2\/types\/product"}],"replies":[{"embeddable":true,"href":"https:\/\/chibolita.es\/index.php\/wp-json\/wp\/v2\/comments?post=7062"}],"wp:featuredmedia":[{"embeddable":true,"href":"https:\/\/chibolita.es\/index.php\/wp-json\/wp\/v2\/media\/7063"}],"wp:attachment":[{"href":"https:\/\/chibolita.es\/index.php\/wp-json\/wp\/v2\/media?parent=7062"}],"wp:term":[{"taxonomy":"product_brand","embeddable":true,"href":"https:\/\/chibolita.es\/index.php\/wp-json\/wp\/v2\/product_brand?post=7062"},{"taxonomy":"product_cat","embeddable":true,"href":"https:\/\/chibolita.es\/index.php\/wp-json\/wp\/v2\/product_cat?post=7062"},{"taxonomy":"product_tag","embeddable":true,"href":"https:\/\/chibolita.es\/index.php\/wp-json\/wp\/v2\/product_tag?post=7062"}],"curies":[{"name":"wp","href":"https:\/\/api.w.org\/{rel}","templated":true}]}}