{"id":7016,"date":"2023-05-20T21:01:51","date_gmt":"2023-05-20T21:01:51","guid":{"rendered":"https:\/\/chibolita.es\/?post_type=product&#038;p=7016"},"modified":"2023-05-20T21:03:04","modified_gmt":"2023-05-20T21:03:04","slug":"ohmama-plug-anal-con-cristal-l","status":"publish","type":"product","link":"https:\/\/chibolita.es\/index.php\/product\/ohmama-plug-anal-con-cristal-l\/","title":{"rendered":"OHMAMA PLUG ANAL CON CRISTAL L"},"content":{"rendered":"<p>\u00a1OH mama! \u00bfPlacer anal pero al siguiente nivel? Con este plug anal pesado podreis pasar al siguiente nivel en los juegos anales. Es de peque\u00f1o tama\u00f1o pero a la vez pesado y elegante porque incorpora un cristal decorativo brillante.<\/p>\n<p>Perfecto tanto para principiantes como para usuarios avanzados a modo de preparaci\u00f3n para sus juegos anales solo o para los preliminares en pareja<\/p>\n<p>Su dise\u00f1o y ergonom\u00eda permiten una f\u00e1cil inserci\u00f3n gracias a su punta c\u00f3nica y redondeada. Su\u00a0tope permite que no se desplace m\u00e1s de lo deseado y puedas extraerlo con seguridad.<\/p>\n<p>Aplica una cantidad generosa de lubricante (Ohmama recomienda su uso con los lubricantes Waterfeel para una lubricaci\u00f3n duradera y\u00a0de calidad)<\/p>\n<ul>\n<li>Plug anal<\/li>\n<li>Material: Aluminio<\/li>\n<li>Se adapta a la temperatura corporal<\/li>\n<li>Puede usarse con todos los lubricantes ( base agua, silicona e h\u00edbridos)<\/li>\n<li>Sin n\u00edquel ni ftalatos<\/li>\n<li>Medidas\u00a04 x 9 cm<\/li>\n<li>Presentaci\u00f3n en bolsa (sin caja)<\/li>\n<\/ul>\n<p>La gama de productos OHMAMA es perfecta para regalar. Un producto al alcance de todos con una calidad perfecta. Una combinaci\u00f3n \u00fanica en esta l\u00ednea de juguetes especial para adultos<\/p>\n","protected":false},"excerpt":{"rendered":"<p>\u00a1OH mama! \u00bfPlacer anal pero al siguiente nivel? Con este plug anal pesado podreis pasar al siguiente nivel en los juegos anales. Es de peque\u00f1o tama\u00f1o pero a la vez pesado y elegante porque incorpora un cristal decorativo brillante. Perfecto tanto para principiantes como para usuarios avanzados a modo de preparaci\u00f3n para sus juegos anales [&hellip;]<\/p>\n","protected":false},"featured_media":7018,"comment_status":"open","ping_status":"closed","template":"","meta":{"_eb_attr":"","site-sidebar-layout":"default","site-content-layout":"default","ast-site-content-layout":"default","site-content-style":"default","site-sidebar-style":"default","ast-global-header-display":"","ast-banner-title-visibility":"","ast-main-header-display":"","ast-hfb-above-header-display":"","ast-hfb-below-header-display":"","ast-hfb-mobile-header-display":"","site-post-title":"","ast-breadcrumbs-content":"","ast-featured-img":"","footer-sml-layout":"","ast-disable-related-posts":"","theme-transparent-header-meta":"default","adv-header-id-meta":"","stick-header-meta":"","header-above-stick-meta":"","header-main-stick-meta":"","header-below-stick-meta":"","astra-migrate-meta-layouts":"default","ast-page-background-enabled":"default","ast-page-background-meta":{"desktop":{"background-color":"var(--ast-global-color-4)","background-image":"","background-repeat":"repeat","background-position":"center center","background-size":"auto","background-attachment":"scroll","background-type":"","background-media":"","overlay-type":"","overlay-color":"","overlay-opacity":"","overlay-gradient":""},"tablet":{"background-color":"","background-image":"","background-repeat":"repeat","background-position":"center center","background-size":"auto","background-attachment":"scroll","background-type":"","background-media":"","overlay-type":"","overlay-color":"","overlay-opacity":"","overlay-gradient":""},"mobile":{"background-color":"","background-image":"","background-repeat":"repeat","background-position":"center center","background-size":"auto","background-attachment":"scroll","background-type":"","background-media":"","overlay-type":"","overlay-color":"","overlay-opacity":"","overlay-gradient":""}},"ast-content-background-meta":{"desktop":{"background-color":"var(--ast-global-color-5)","background-image":"","background-repeat":"repeat","background-position":"center center","background-size":"auto","background-attachment":"scroll","background-type":"","background-media":"","overlay-type":"","overlay-color":"","overlay-opacity":"","overlay-gradient":""},"tablet":{"background-color":"var(--ast-global-color-5)","background-image":"","background-repeat":"repeat","background-position":"center center","background-size":"auto","background-attachment":"scroll","background-type":"","background-media":"","overlay-type":"","overlay-color":"","overlay-opacity":"","overlay-gradient":""},"mobile":{"background-color":"var(--ast-global-color-5)","background-image":"","background-repeat":"repeat","background-position":"center center","background-size":"auto","background-attachment":"scroll","background-type":"","background-media":"","overlay-type":"","overlay-color":"","overlay-opacity":"","overlay-gradient":""}}},"product_brand":[],"product_cat":[265,270],"product_tag":[],"class_list":{"0":"post-7016","1":"product","2":"type-product","3":"status-publish","4":"has-post-thumbnail","6":"product_cat-fetish-bdsm","7":"product_cat-sexo-anal","8":"desktop-align-left","9":"tablet-align-left","10":"mobile-align-left","12":"first","13":"instock","14":"sale","15":"shipping-taxable","16":"purchasable","17":"product-type-simple"},"_links":{"self":[{"href":"https:\/\/chibolita.es\/index.php\/wp-json\/wp\/v2\/product\/7016","targetHints":{"allow":["GET"]}}],"collection":[{"href":"https:\/\/chibolita.es\/index.php\/wp-json\/wp\/v2\/product"}],"about":[{"href":"https:\/\/chibolita.es\/index.php\/wp-json\/wp\/v2\/types\/product"}],"replies":[{"embeddable":true,"href":"https:\/\/chibolita.es\/index.php\/wp-json\/wp\/v2\/comments?post=7016"}],"wp:featuredmedia":[{"embeddable":true,"href":"https:\/\/chibolita.es\/index.php\/wp-json\/wp\/v2\/media\/7018"}],"wp:attachment":[{"href":"https:\/\/chibolita.es\/index.php\/wp-json\/wp\/v2\/media?parent=7016"}],"wp:term":[{"taxonomy":"product_brand","embeddable":true,"href":"https:\/\/chibolita.es\/index.php\/wp-json\/wp\/v2\/product_brand?post=7016"},{"taxonomy":"product_cat","embeddable":true,"href":"https:\/\/chibolita.es\/index.php\/wp-json\/wp\/v2\/product_cat?post=7016"},{"taxonomy":"product_tag","embeddable":true,"href":"https:\/\/chibolita.es\/index.php\/wp-json\/wp\/v2\/product_tag?post=7016"}],"curies":[{"name":"wp","href":"https:\/\/api.w.org\/{rel}","templated":true}]}}