{"id":6849,"date":"2023-05-18T09:25:36","date_gmt":"2023-05-18T09:25:36","guid":{"rendered":"https:\/\/chibolita.es\/?post_type=product&#038;p=6849"},"modified":"2023-05-18T09:26:13","modified_gmt":"2023-05-18T09:26:13","slug":"orgie-lubricante-cocktail-caipirinha-50-ml","status":"publish","type":"product","link":"https:\/\/chibolita.es\/index.php\/product\/orgie-lubricante-cocktail-caipirinha-50-ml\/","title":{"rendered":"ORGIE &#8211; LUBRICANTE COCKTAIL CAIPIRINHA 50 ML"},"content":{"rendered":"<p>Gel \u00edntimo a base de agua con sabor y aroma del c\u00f3ctel Caipirinha. Lubrificaci\u00f3n de larga duraci\u00f3n, no pegajoso, f\u00e1cil de limpiar y lavar. No alcoh\u00f3lico, lleno de sabor.<\/p>\n<p>&nbsp;<\/p>\n<ul>\n<li>Ingrediente saborizante de c\u00f3ctel Caipirinha de primera calidad y bien elaborado<\/li>\n<li>Atractivo<\/li>\n<li>Delicioso para el sexo oral<\/li>\n<li>Larga duraci\u00f3n, no pegajoso, f\u00e1cil de limpiar y lavar<\/li>\n<li>Amigable con los juguetes<\/li>\n<\/ul>\n<p>&nbsp;<\/p>\n<p>Aplicar una cantidad generosa en la zona \u00edntima. Vuelva a aplicar si lo desea.<\/p>\n<p>No lo use sobre la piel irritada o lesionada. En caso de irritaci\u00f3n, suspenda el uso del producto y enjuague con agua. En caso de contacto con los ojos, enjuagar con agua. El producto debe colocarse en un lugar fresco y seco. Mantener alejado de la luz. Mantener fuera del alcance de los ni\u00f1os. Solo uso externo. No ingerir.<\/p>\n","protected":false},"excerpt":{"rendered":"<p>Gel \u00edntimo a base de agua con sabor y aroma del c\u00f3ctel Caipirinha. Lubrificaci\u00f3n de larga duraci\u00f3n, no pegajoso, f\u00e1cil de limpiar y lavar. No alcoh\u00f3lico, lleno de sabor. &nbsp; Ingrediente saborizante de c\u00f3ctel Caipirinha de primera calidad y bien elaborado Atractivo Delicioso para el sexo oral Larga duraci\u00f3n, no pegajoso, f\u00e1cil de limpiar y [&hellip;]<\/p>\n","protected":false},"featured_media":6850,"comment_status":"open","ping_status":"closed","template":"","meta":{"_eb_attr":"","site-sidebar-layout":"default","site-content-layout":"default","ast-site-content-layout":"default","site-content-style":"default","site-sidebar-style":"default","ast-global-header-display":"","ast-banner-title-visibility":"","ast-main-header-display":"","ast-hfb-above-header-display":"","ast-hfb-below-header-display":"","ast-hfb-mobile-header-display":"","site-post-title":"","ast-breadcrumbs-content":"","ast-featured-img":"","footer-sml-layout":"","ast-disable-related-posts":"","theme-transparent-header-meta":"default","adv-header-id-meta":"","stick-header-meta":"","header-above-stick-meta":"","header-main-stick-meta":"","header-below-stick-meta":"","astra-migrate-meta-layouts":"default","ast-page-background-enabled":"default","ast-page-background-meta":{"desktop":{"background-color":"var(--ast-global-color-4)","background-image":"","background-repeat":"repeat","background-position":"center center","background-size":"auto","background-attachment":"scroll","background-type":"","background-media":"","overlay-type":"","overlay-color":"","overlay-opacity":"","overlay-gradient":""},"tablet":{"background-color":"","background-image":"","background-repeat":"repeat","background-position":"center center","background-size":"auto","background-attachment":"scroll","background-type":"","background-media":"","overlay-type":"","overlay-color":"","overlay-opacity":"","overlay-gradient":""},"mobile":{"background-color":"","background-image":"","background-repeat":"repeat","background-position":"center center","background-size":"auto","background-attachment":"scroll","background-type":"","background-media":"","overlay-type":"","overlay-color":"","overlay-opacity":"","overlay-gradient":""}},"ast-content-background-meta":{"desktop":{"background-color":"var(--ast-global-color-5)","background-image":"","background-repeat":"repeat","background-position":"center center","background-size":"auto","background-attachment":"scroll","background-type":"","background-media":"","overlay-type":"","overlay-color":"","overlay-opacity":"","overlay-gradient":""},"tablet":{"background-color":"var(--ast-global-color-5)","background-image":"","background-repeat":"repeat","background-position":"center center","background-size":"auto","background-attachment":"scroll","background-type":"","background-media":"","overlay-type":"","overlay-color":"","overlay-opacity":"","overlay-gradient":""},"mobile":{"background-color":"var(--ast-global-color-5)","background-image":"","background-repeat":"repeat","background-position":"center center","background-size":"auto","background-attachment":"scroll","background-type":"","background-media":"","overlay-type":"","overlay-color":"","overlay-opacity":"","overlay-gradient":""}}},"product_brand":[],"product_cat":[257,281],"product_tag":[],"class_list":{"0":"post-6849","1":"product","2":"type-product","3":"status-publish","4":"has-post-thumbnail","6":"product_cat-lubricantes","7":"product_cat-sexo-oral","8":"desktop-align-left","9":"tablet-align-left","10":"mobile-align-left","12":"first","13":"instock","14":"shipping-taxable","15":"purchasable","16":"product-type-simple"},"_links":{"self":[{"href":"https:\/\/chibolita.es\/index.php\/wp-json\/wp\/v2\/product\/6849","targetHints":{"allow":["GET"]}}],"collection":[{"href":"https:\/\/chibolita.es\/index.php\/wp-json\/wp\/v2\/product"}],"about":[{"href":"https:\/\/chibolita.es\/index.php\/wp-json\/wp\/v2\/types\/product"}],"replies":[{"embeddable":true,"href":"https:\/\/chibolita.es\/index.php\/wp-json\/wp\/v2\/comments?post=6849"}],"wp:featuredmedia":[{"embeddable":true,"href":"https:\/\/chibolita.es\/index.php\/wp-json\/wp\/v2\/media\/6850"}],"wp:attachment":[{"href":"https:\/\/chibolita.es\/index.php\/wp-json\/wp\/v2\/media?parent=6849"}],"wp:term":[{"taxonomy":"product_brand","embeddable":true,"href":"https:\/\/chibolita.es\/index.php\/wp-json\/wp\/v2\/product_brand?post=6849"},{"taxonomy":"product_cat","embeddable":true,"href":"https:\/\/chibolita.es\/index.php\/wp-json\/wp\/v2\/product_cat?post=6849"},{"taxonomy":"product_tag","embeddable":true,"href":"https:\/\/chibolita.es\/index.php\/wp-json\/wp\/v2\/product_tag?post=6849"}],"curies":[{"name":"wp","href":"https:\/\/api.w.org\/{rel}","templated":true}]}}