{"id":6808,"date":"2023-05-18T08:50:35","date_gmt":"2023-05-18T08:50:35","guid":{"rendered":"https:\/\/chibolita.es\/?post_type=product&#038;p=6808"},"modified":"2023-05-18T08:51:14","modified_gmt":"2023-05-18T08:51:14","slug":"waterfeel-lubricante-base-agua-fruta-de-la-pasion-175-ml","status":"publish","type":"product","link":"https:\/\/chibolita.es\/index.php\/product\/waterfeel-lubricante-base-agua-fruta-de-la-pasion-175-ml\/","title":{"rendered":"WATERFEEL LUBRICANTE BASE AGUA FRUTA DE LA PASI\u00d3N 175 ML"},"content":{"rendered":"<p>A veces m\u00e1s&#8230;\u00a1es mejor! La sensaci\u00f3n, textura, larga duraci\u00f3n y delicioso sabor de siempre.. \u00a1en un nuevo formato!<\/p>\n<p><strong>Waterfeel<\/strong>, la marca de lubricantes de referencia del mercado de lubricantes, con millones de unidades vendidas en los \u00faltimos a\u00f1os presenta sus lubricantes de siempre en un nuevo formato de 175 ml y nuevo tap\u00f3n de bloqueo.<\/p>\n<p>Su textura y lubricaci\u00f3n de larga duraci\u00f3n, hacen que sea perfecto para lubricar durante largos periodos de tiempo, para aplicar un sensual masaje a tu pareja, y, sobre todo, para el sexo oral gracias a su exquisito e intenso sabor.\u00a0Su limpieza, adem\u00e1s, no es un problema ya que no mancha ni es pegajoso, limpiandose\u00a0f\u00e1cilmente tan solo aplicando un poco de agua.<\/p>\n<ul>\n<li>Lubricante sabor a Frutas de la pasi\u00f3n<\/li>\n<li>Base agua<\/li>\n<li>Con tap\u00f3n de bloqueo, ll\u00e9valo a cualquier parte con seguridad.<\/li>\n<li>F\u00e1cil limpieza<\/li>\n<li>Compatible con preservativos de l\u00e1tex<\/li>\n<li>Formato: 175 ml<\/li>\n<\/ul>\n<p>Una buena lubricaci\u00f3n es elemental y sin\u00f3nimo de \u00e9xito en las\u00a0relaciones de pareja. Con\u00a0<strong>Waterfeel<\/strong>, deja que todo fluya, maximiza el placer y&#8230;\u00a1si\u00e9ntelo todo!<\/p>\n","protected":false},"excerpt":{"rendered":"<p>A veces m\u00e1s&#8230;\u00a1es mejor! La sensaci\u00f3n, textura, larga duraci\u00f3n y delicioso sabor de siempre.. \u00a1en un nuevo formato! Waterfeel, la marca de lubricantes de referencia del mercado de lubricantes, con millones de unidades vendidas en los \u00faltimos a\u00f1os presenta sus lubricantes de siempre en un nuevo formato de 175 ml y nuevo tap\u00f3n de bloqueo. [&hellip;]<\/p>\n","protected":false},"featured_media":6809,"comment_status":"open","ping_status":"closed","template":"","meta":{"_eb_attr":"","site-sidebar-layout":"default","site-content-layout":"default","ast-site-content-layout":"default","site-content-style":"default","site-sidebar-style":"default","ast-global-header-display":"","ast-banner-title-visibility":"","ast-main-header-display":"","ast-hfb-above-header-display":"","ast-hfb-below-header-display":"","ast-hfb-mobile-header-display":"","site-post-title":"","ast-breadcrumbs-content":"","ast-featured-img":"","footer-sml-layout":"","ast-disable-related-posts":"","theme-transparent-header-meta":"default","adv-header-id-meta":"","stick-header-meta":"","header-above-stick-meta":"","header-main-stick-meta":"","header-below-stick-meta":"","astra-migrate-meta-layouts":"default","ast-page-background-enabled":"default","ast-page-background-meta":{"desktop":{"background-color":"var(--ast-global-color-4)","background-image":"","background-repeat":"repeat","background-position":"center center","background-size":"auto","background-attachment":"scroll","background-type":"","background-media":"","overlay-type":"","overlay-color":"","overlay-opacity":"","overlay-gradient":""},"tablet":{"background-color":"","background-image":"","background-repeat":"repeat","background-position":"center center","background-size":"auto","background-attachment":"scroll","background-type":"","background-media":"","overlay-type":"","overlay-color":"","overlay-opacity":"","overlay-gradient":""},"mobile":{"background-color":"","background-image":"","background-repeat":"repeat","background-position":"center center","background-size":"auto","background-attachment":"scroll","background-type":"","background-media":"","overlay-type":"","overlay-color":"","overlay-opacity":"","overlay-gradient":""}},"ast-content-background-meta":{"desktop":{"background-color":"var(--ast-global-color-5)","background-image":"","background-repeat":"repeat","background-position":"center center","background-size":"auto","background-attachment":"scroll","background-type":"","background-media":"","overlay-type":"","overlay-color":"","overlay-opacity":"","overlay-gradient":""},"tablet":{"background-color":"var(--ast-global-color-5)","background-image":"","background-repeat":"repeat","background-position":"center center","background-size":"auto","background-attachment":"scroll","background-type":"","background-media":"","overlay-type":"","overlay-color":"","overlay-opacity":"","overlay-gradient":""},"mobile":{"background-color":"var(--ast-global-color-5)","background-image":"","background-repeat":"repeat","background-position":"center center","background-size":"auto","background-attachment":"scroll","background-type":"","background-media":"","overlay-type":"","overlay-color":"","overlay-opacity":"","overlay-gradient":""}}},"product_brand":[],"product_cat":[257],"product_tag":[],"class_list":{"0":"post-6808","1":"product","2":"type-product","3":"status-publish","4":"has-post-thumbnail","6":"product_cat-lubricantes","7":"desktop-align-left","8":"tablet-align-left","9":"mobile-align-left","11":"first","12":"instock","13":"shipping-taxable","14":"purchasable","15":"product-type-simple"},"_links":{"self":[{"href":"https:\/\/chibolita.es\/index.php\/wp-json\/wp\/v2\/product\/6808","targetHints":{"allow":["GET"]}}],"collection":[{"href":"https:\/\/chibolita.es\/index.php\/wp-json\/wp\/v2\/product"}],"about":[{"href":"https:\/\/chibolita.es\/index.php\/wp-json\/wp\/v2\/types\/product"}],"replies":[{"embeddable":true,"href":"https:\/\/chibolita.es\/index.php\/wp-json\/wp\/v2\/comments?post=6808"}],"wp:featuredmedia":[{"embeddable":true,"href":"https:\/\/chibolita.es\/index.php\/wp-json\/wp\/v2\/media\/6809"}],"wp:attachment":[{"href":"https:\/\/chibolita.es\/index.php\/wp-json\/wp\/v2\/media?parent=6808"}],"wp:term":[{"taxonomy":"product_brand","embeddable":true,"href":"https:\/\/chibolita.es\/index.php\/wp-json\/wp\/v2\/product_brand?post=6808"},{"taxonomy":"product_cat","embeddable":true,"href":"https:\/\/chibolita.es\/index.php\/wp-json\/wp\/v2\/product_cat?post=6808"},{"taxonomy":"product_tag","embeddable":true,"href":"https:\/\/chibolita.es\/index.php\/wp-json\/wp\/v2\/product_tag?post=6808"}],"curies":[{"name":"wp","href":"https:\/\/api.w.org\/{rel}","templated":true}]}}