{"id":6778,"date":"2023-05-17T12:12:26","date_gmt":"2023-05-17T12:12:26","guid":{"rendered":"https:\/\/chibolita.es\/?post_type=product&#038;p=6778"},"modified":"2023-05-18T09:03:52","modified_gmt":"2023-05-18T09:03:52","slug":"waterfeel-lubricante-efecto-calor-150ml-en-it-nl-fr-de","status":"publish","type":"product","link":"https:\/\/chibolita.es\/index.php\/product\/waterfeel-lubricante-efecto-calor-150ml-en-it-nl-fr-de\/","title":{"rendered":"WATERFEEL LUBRICANTE EFECTO CALOR 150ML EN IT NL FR DE"},"content":{"rendered":"<p>Lubricante sedoso con efecto calor, basta con una peque\u00f1a dosis para sentir la sensaci\u00f3n agradable para tu piel.<\/p>\n<p>Al contacto con la piel comienza a sentir una sensacion de calor sensitiva.<\/p>\n<p>Con los lubricantes\u00a0Waterfeel\u00ae tendras una experiencia de calidad apta para principiantes o avanzados en el sexo.<\/p>\n<ul>\n<li>Instrucciones de uso: aplica la cantidad de lubricante que quieras en las partes del cuerpo deseadas y rep\u00edtalo todas las veces que quieras.<\/li>\n<\/ul>\n<p>Los lubricantes\u00a0Waterfeel\u00ae son compatibles con preservativos de Latex.<\/p>\n<ul>\n<li>Perfecto para lubricacion y masajes<\/li>\n<li>Apto para el sexo oral<\/li>\n<li>Ideal para utilizarlo con juguetes sexuales<\/li>\n<\/ul>\n<p>Envase de 150ml<\/p>\n<p>EN<\/p>\n<p>Lubricant Warming is a water based lubricant. Suitable for body massages, sexual intercourse and for use with latex condoms.<br \/>\nDirections for use: apply as much lubricant as you want on the body parts you want and repeat as often as you like. Before using the lubricant on a regular basis; apply a small amount to your forearm. If an allergic reaction occurs, discontinue use. Keep out of reach of children. Store in a cool dark place. Best before use \/ Batch number: see package.<\/p>\n<p>DE<br \/>\nLubricant Warming lubricant ist ein Gleitmittel auf Wasserbasis. Geeignet f\u00fcr K\u00f6rpermassagen, Geschlechtsverkehr und in Kombination mit Latex Kondomen.<br \/>\nGebrauchsanweisung: Tragen Sie so viel Gleitmittel auf die gew\u00fcnschten K\u00f6rperteile auf, wie Sie wollen und wiederholen Sie dies so oft Sie wollen.<br \/>\nTesten Sie das Gleitmittel ehe Sie es regelm\u00e4\u00dfig benutzen, indem Sie ein wenig davon auf die Innenseite Ihres Unterarms einmassieren. Stoppen Sie die Anwendung bei einer allergischen Reaktion. Au\u00dferhalb der Reichweite von Kindern aufbewahren. K\u00fchl und dunkel lagern. Mindestens haltbar bis Ende\/Chargennummer: siehe Verpackung.<\/p>\n<p>FR<br \/>\nLubricant Warming est un lubrifiant \u00e0 base d\u2019eau. Adapt\u00e9 aux massages du corps et aux rapports sexuels. Peut \u00eatre utilis\u00e9 avec des pr\u00e9servatifs en latex.<br \/>\nMode d\u2019emploi: \u00e9tendre la quantit\u00e9 de lubrifiant souhait\u00e9e sur la partie du corps choisie. Usage illimit\u00e9. Avant d\u2019utiliser ce produit, testez une petite quantit\u00e9 de lubrifiant sur l\u2019int\u00e9rieur de votre avant-bras. Arr\u00eatez l\u2019utilisation d\u00e8s l\u2019apparition d\u2019une r\u00e9action allergique.<br \/>\nTenir hors de port\u00e9e des enfants. Conserver dans un endroit sec et frais, \u00e0 l\u2019abri de la lumi\u00e8re.<br \/>\n\u00c0 consommer avant fin \/ Num\u00e9ro de lot: voir l&#8217;emballage.<\/p>\n<div>IT<\/div>\n<div>Lubricant Warming \u00e8 un lubrificante a base d&#8217;acqua. \u00c8 particolarmente indicato per i massaggi su tutto il corpo e rapporto sessuale. \u00c8 indicato per l\u2019uso con profilattici in lattice.<\/div>\n<div>Istruzioni per l\u2019uso: applicare lubrificante a piacimento sulle parti del corpo desiderate e ripetere l\u2019applicazione ogni volta che volete. Prima di utilizzare il lubrificante sul corpo, applicare una piccola quantit\u00e0 sull&#8217;avambraccio. In caso di reazione allergica, interrompere l&#8217;uso.<\/div>\n<div>Tenere fuori dalla portata dei bambini. Conservare al fresco e al riparo dalla luce.<\/div>\n<div>Da consumarsi preferibilmente entro fine \/ Numero di lotto: vedere confezione<\/div>\n<div><\/div>\n<div>NL<\/div>\n<div>Lubricant Warming is een glijmiddel op waterbasis. Geschikt voor lichaamsmassages, geslachtsverkeer en voor gebruik met latex-condooms.<\/div>\n<div>Gebruiksaanwijzing: smeer zoveel lubricant als je wilt op de gewenste lichaamsdelen en herhaal zo vaak je wilt. Test voorafgaand aan regelmatig gebruik door het aanbrengen van een beetje lubricant op de binnenkant van de onderarm. Stop het gebruik bij een allergische reactie.<\/div>\n<div>Buiten het bereik van kinderen bewaren. Koel en donker bewaren.<\/div>\n<div>Ten minste houdbaar tot einde \/ Lotnummer: zie verpakking.<\/div>\n<div><\/div>\n<div>Ingredients: Aqua, Glycerin, Hydroxyethylcellulose, Benzyl Nicotinate, Carbomer, \u00a0Citric Acid, Polysorbate 80, Propylene Glycol, Tromethamine, \u00a0Potassium Sorbate, Sodium Benzoate.<\/div>\n<div><\/div>\n<div>150ml<\/div>\n","protected":false},"excerpt":{"rendered":"<p>Lubricante sedoso con efecto calor, basta con una peque\u00f1a dosis para sentir la sensaci\u00f3n agradable para tu piel. Al contacto con la piel comienza a sentir una sensacion de calor sensitiva. Con los lubricantes\u00a0Waterfeel\u00ae tendras una experiencia de calidad apta para principiantes o avanzados en el sexo. Instrucciones de uso: aplica la cantidad de lubricante [&hellip;]<\/p>\n","protected":false},"featured_media":6779,"comment_status":"open","ping_status":"closed","template":"","meta":{"_eb_attr":"","site-sidebar-layout":"default","site-content-layout":"default","ast-site-content-layout":"default","site-content-style":"default","site-sidebar-style":"default","ast-global-header-display":"","ast-banner-title-visibility":"","ast-main-header-display":"","ast-hfb-above-header-display":"","ast-hfb-below-header-display":"","ast-hfb-mobile-header-display":"","site-post-title":"","ast-breadcrumbs-content":"","ast-featured-img":"","footer-sml-layout":"","ast-disable-related-posts":"","theme-transparent-header-meta":"default","adv-header-id-meta":"","stick-header-meta":"","header-above-stick-meta":"","header-main-stick-meta":"","header-below-stick-meta":"","astra-migrate-meta-layouts":"default","ast-page-background-enabled":"default","ast-page-background-meta":{"desktop":{"background-color":"var(--ast-global-color-4)","background-image":"","background-repeat":"repeat","background-position":"center center","background-size":"auto","background-attachment":"scroll","background-type":"","background-media":"","overlay-type":"","overlay-color":"","overlay-opacity":"","overlay-gradient":""},"tablet":{"background-color":"","background-image":"","background-repeat":"repeat","background-position":"center center","background-size":"auto","background-attachment":"scroll","background-type":"","background-media":"","overlay-type":"","overlay-color":"","overlay-opacity":"","overlay-gradient":""},"mobile":{"background-color":"","background-image":"","background-repeat":"repeat","background-position":"center center","background-size":"auto","background-attachment":"scroll","background-type":"","background-media":"","overlay-type":"","overlay-color":"","overlay-opacity":"","overlay-gradient":""}},"ast-content-background-meta":{"desktop":{"background-color":"var(--ast-global-color-5)","background-image":"","background-repeat":"repeat","background-position":"center center","background-size":"auto","background-attachment":"scroll","background-type":"","background-media":"","overlay-type":"","overlay-color":"","overlay-opacity":"","overlay-gradient":""},"tablet":{"background-color":"var(--ast-global-color-5)","background-image":"","background-repeat":"repeat","background-position":"center center","background-size":"auto","background-attachment":"scroll","background-type":"","background-media":"","overlay-type":"","overlay-color":"","overlay-opacity":"","overlay-gradient":""},"mobile":{"background-color":"var(--ast-global-color-5)","background-image":"","background-repeat":"repeat","background-position":"center center","background-size":"auto","background-attachment":"scroll","background-type":"","background-media":"","overlay-type":"","overlay-color":"","overlay-opacity":"","overlay-gradient":""}}},"product_brand":[],"product_cat":[257,280],"product_tag":[],"class_list":{"0":"post-6778","1":"product","2":"type-product","3":"status-publish","4":"has-post-thumbnail","6":"product_cat-lubricantes","7":"product_cat-masajes-y-cuidados-corporales","8":"desktop-align-left","9":"tablet-align-left","10":"mobile-align-left","12":"first","13":"instock","14":"shipping-taxable","15":"purchasable","16":"product-type-simple"},"_links":{"self":[{"href":"https:\/\/chibolita.es\/index.php\/wp-json\/wp\/v2\/product\/6778","targetHints":{"allow":["GET"]}}],"collection":[{"href":"https:\/\/chibolita.es\/index.php\/wp-json\/wp\/v2\/product"}],"about":[{"href":"https:\/\/chibolita.es\/index.php\/wp-json\/wp\/v2\/types\/product"}],"replies":[{"embeddable":true,"href":"https:\/\/chibolita.es\/index.php\/wp-json\/wp\/v2\/comments?post=6778"}],"wp:featuredmedia":[{"embeddable":true,"href":"https:\/\/chibolita.es\/index.php\/wp-json\/wp\/v2\/media\/6779"}],"wp:attachment":[{"href":"https:\/\/chibolita.es\/index.php\/wp-json\/wp\/v2\/media?parent=6778"}],"wp:term":[{"taxonomy":"product_brand","embeddable":true,"href":"https:\/\/chibolita.es\/index.php\/wp-json\/wp\/v2\/product_brand?post=6778"},{"taxonomy":"product_cat","embeddable":true,"href":"https:\/\/chibolita.es\/index.php\/wp-json\/wp\/v2\/product_cat?post=6778"},{"taxonomy":"product_tag","embeddable":true,"href":"https:\/\/chibolita.es\/index.php\/wp-json\/wp\/v2\/product_tag?post=6778"}],"curies":[{"name":"wp","href":"https:\/\/api.w.org\/{rel}","templated":true}]}}