{"id":6719,"date":"2023-05-16T21:46:39","date_gmt":"2023-05-16T21:46:39","guid":{"rendered":"https:\/\/chibolita.es\/?post_type=product&#038;p=6719"},"modified":"2023-05-16T21:48:13","modified_gmt":"2023-05-16T21:48:13","slug":"fetish-submissive-posicion-master-con-4-esposas-con-forro-de-nopreno","status":"publish","type":"product","link":"https:\/\/chibolita.es\/index.php\/product\/fetish-submissive-posicion-master-con-4-esposas-con-forro-de-nopreno\/","title":{"rendered":"FETISH SUBMISSIVE POSICI\u00d3N MASTER CON 4 ESPOSAS CON FORRO DE NOPRENO"},"content":{"rendered":"<div>FETISH SUBMISIVE presenta un \u00fanico un set de ataduras para facilitar la posici\u00f3n maestro perfecto para la penetraci\u00f3n con piernas hacia arriba.<\/div>\n<div>Deje que su imaginaci\u00f3n le lleve m\u00e1s all\u00e1 de sus l\u00edmites f\u00edsicos, con la posici\u00f3n Maestro. Ataduras de cuero vegano ajustables y resistentes, para mantener las piernas en su sitio en el momento necesario. El arn\u00e9s de cuello de cuero vegano es suave y acolchado para una m\u00e1xima comodidad.<\/div>\n<div>El set incluye;<\/div>\n<ul>\n<li>\u2022 2 Correas ajustables de cuello a pierna<\/li>\n<li>\u2022 2 Esposas tobilleras<\/li>\n<li>\u2022 2 Esposas para mu\u00f1ecas<\/li>\n<li>\u2022 1 Accesorio para el cuello.<\/li>\n<li>\u2022 Fabricado en material; Neopreno, Metal libre de niquel y Cuero vegano.<\/li>\n<\/ul>\n<div>\u00a1La colecci\u00f3n Fetish Submisive es la perfecta para el BDSM, calidad y resistencia aptas para cualquier juego!<\/div>\n<div>100% Ajustable.<\/div>\n","protected":false},"excerpt":{"rendered":"<p>FETISH SUBMISIVE presenta un \u00fanico un set de ataduras para facilitar la posici\u00f3n maestro perfecto para la penetraci\u00f3n con piernas hacia arriba. Deje que su imaginaci\u00f3n le lleve m\u00e1s all\u00e1 de sus l\u00edmites f\u00edsicos, con la posici\u00f3n Maestro. Ataduras de cuero vegano ajustables y resistentes, para mantener las piernas en su sitio en el momento [&hellip;]<\/p>\n","protected":false},"featured_media":6721,"comment_status":"open","ping_status":"closed","template":"","meta":{"_eb_attr":"","site-sidebar-layout":"default","site-content-layout":"default","ast-site-content-layout":"default","site-content-style":"default","site-sidebar-style":"default","ast-global-header-display":"","ast-banner-title-visibility":"","ast-main-header-display":"","ast-hfb-above-header-display":"","ast-hfb-below-header-display":"","ast-hfb-mobile-header-display":"","site-post-title":"","ast-breadcrumbs-content":"","ast-featured-img":"","footer-sml-layout":"","ast-disable-related-posts":"","theme-transparent-header-meta":"default","adv-header-id-meta":"","stick-header-meta":"","header-above-stick-meta":"","header-main-stick-meta":"","header-below-stick-meta":"","astra-migrate-meta-layouts":"default","ast-page-background-enabled":"default","ast-page-background-meta":{"desktop":{"background-color":"var(--ast-global-color-4)","background-image":"","background-repeat":"repeat","background-position":"center center","background-size":"auto","background-attachment":"scroll","background-type":"","background-media":"","overlay-type":"","overlay-color":"","overlay-opacity":"","overlay-gradient":""},"tablet":{"background-color":"","background-image":"","background-repeat":"repeat","background-position":"center center","background-size":"auto","background-attachment":"scroll","background-type":"","background-media":"","overlay-type":"","overlay-color":"","overlay-opacity":"","overlay-gradient":""},"mobile":{"background-color":"","background-image":"","background-repeat":"repeat","background-position":"center center","background-size":"auto","background-attachment":"scroll","background-type":"","background-media":"","overlay-type":"","overlay-color":"","overlay-opacity":"","overlay-gradient":""}},"ast-content-background-meta":{"desktop":{"background-color":"var(--ast-global-color-5)","background-image":"","background-repeat":"repeat","background-position":"center center","background-size":"auto","background-attachment":"scroll","background-type":"","background-media":"","overlay-type":"","overlay-color":"","overlay-opacity":"","overlay-gradient":""},"tablet":{"background-color":"var(--ast-global-color-5)","background-image":"","background-repeat":"repeat","background-position":"center center","background-size":"auto","background-attachment":"scroll","background-type":"","background-media":"","overlay-type":"","overlay-color":"","overlay-opacity":"","overlay-gradient":""},"mobile":{"background-color":"var(--ast-global-color-5)","background-image":"","background-repeat":"repeat","background-position":"center center","background-size":"auto","background-attachment":"scroll","background-type":"","background-media":"","overlay-type":"","overlay-color":"","overlay-opacity":"","overlay-gradient":""}}},"product_brand":[],"product_cat":[278,265],"product_tag":[],"class_list":{"0":"post-6719","1":"product","2":"type-product","3":"status-publish","4":"has-post-thumbnail","6":"product_cat-esposas-y-latigos","7":"product_cat-fetish-bdsm","8":"desktop-align-left","9":"tablet-align-left","10":"mobile-align-left","12":"first","13":"instock","14":"shipping-taxable","15":"purchasable","16":"product-type-simple"},"_links":{"self":[{"href":"https:\/\/chibolita.es\/index.php\/wp-json\/wp\/v2\/product\/6719","targetHints":{"allow":["GET"]}}],"collection":[{"href":"https:\/\/chibolita.es\/index.php\/wp-json\/wp\/v2\/product"}],"about":[{"href":"https:\/\/chibolita.es\/index.php\/wp-json\/wp\/v2\/types\/product"}],"replies":[{"embeddable":true,"href":"https:\/\/chibolita.es\/index.php\/wp-json\/wp\/v2\/comments?post=6719"}],"wp:featuredmedia":[{"embeddable":true,"href":"https:\/\/chibolita.es\/index.php\/wp-json\/wp\/v2\/media\/6721"}],"wp:attachment":[{"href":"https:\/\/chibolita.es\/index.php\/wp-json\/wp\/v2\/media?parent=6719"}],"wp:term":[{"taxonomy":"product_brand","embeddable":true,"href":"https:\/\/chibolita.es\/index.php\/wp-json\/wp\/v2\/product_brand?post=6719"},{"taxonomy":"product_cat","embeddable":true,"href":"https:\/\/chibolita.es\/index.php\/wp-json\/wp\/v2\/product_cat?post=6719"},{"taxonomy":"product_tag","embeddable":true,"href":"https:\/\/chibolita.es\/index.php\/wp-json\/wp\/v2\/product_tag?post=6719"}],"curies":[{"name":"wp","href":"https:\/\/api.w.org\/{rel}","templated":true}]}}