{"id":6629,"date":"2023-05-16T12:38:42","date_gmt":"2023-05-16T12:38:42","guid":{"rendered":"https:\/\/chibolita.es\/?post_type=product&#038;p=6629"},"modified":"2023-05-16T13:23:02","modified_gmt":"2023-05-16T13:23:02","slug":"xray-arnes-dildo-realista-transparente-20cm-x-4-5cm","status":"publish","type":"product","link":"https:\/\/chibolita.es\/index.php\/product\/xray-arnes-dildo-realista-transparente-20cm-x-4-5cm\/","title":{"rendered":"XRAY ARN\u00c9S + DILDO REALISTA TRANSPARENTE 20CM X 4.5CM"},"content":{"rendered":"<p><strong>PACK DILDO + ARN\u00c9S\u00a0<\/strong><\/p>\n<p>\u00a1Claramente el mejor Pene!<\/p>\n<p>X Ray Clear es una aut\u00e9ntica experiencia de placer con una formula especialmente desarrollada que optimiza la sensaci\u00f3n suave y sedosa con la firmeza de un dildo real\u00edstico completamente transparente.<\/p>\n<p>X Ray est\u00e1 fabricado con material Jelly de ultima calidad versi\u00f3n 2020, completamente inodoro, suave al tacto y muy f\u00e1cil de limpiar.<\/p>\n<p>\u00a1La claridad luminosa y la forma realista cumplir\u00e1n todas tus fantas\u00edas!<\/p>\n<p>Con su eje flexible, venas detalladas y cabeza definida, X Ray Clear atraer\u00e1 sus sentidos visual y f\u00edsicamente.<\/p>\n<p>La potente base de ventosa se adhiere a casi cualquier superficie plana y hace que cada arn\u00e9s de consolador sea compatible.<\/p>\n<ul>\n<li>Ver im\u00e1genes del producto para saber el tama\u00f1o real<\/li>\n<li>Longitud total; 20\u00a0cm x 4.5\u00a0cm de di\u00e1metro.<\/li>\n<li>Completamente Sumergible.<\/li>\n<li>Material Jelly hipoalerg\u00e9nico testado<\/li>\n<li>Libre de Phalatos.<\/li>\n<li>Facil mantenimiento.<\/li>\n<\/ul>\n<p>Material y cuidado:<\/p>\n<p>El Material Jelly de Xray \u00a0que no da\u00f1a la piel, no es poroso y, por lo tanto, es muy higi\u00e9nico. La textura suave y flexible asegura que el material Jelly sea agradable y f\u00e1cil de deslizar. Absorbe y almacena r\u00e1pidamente el calor de su cuerpo. Para el uso de lubricantes, recomendamos un lubricante a base de agua Waterfeel. Esto es suave con el material y garantiza que mantenga la textura durante mucho tiempo.\u00a0 Despu\u00e9s de utilizarlo l\u00edmpialo con el waterfeel toy cleaner o jab\u00f3n ph neutro y agua tibia para una perfecta limpieza.<\/p>\n<p>INFORMACI\u00d3N SOBRE EL ARN\u00c9S:<\/p>\n<p>Vive la experiencia de poder tener el poder y\u00a0control con este arn\u00e9s adaptado tanto para principiantes como para los usuarios m\u00e1s avanzados. Su material es suave pero a la vez resistente y ha sido dise\u00f1ado especialmente para todos los dildos de la gama X RAY<\/p>\n<ul>\n<li>Arn\u00e9s compatible con todos los dildos X RAY<\/li>\n<li>Incluye 3 anillos de silicona que har\u00e1n que la adaptaci\u00f3n sea perfecta haciendo que ambos se\u00e1is uno<\/li>\n<li>Material bodysafe.<\/li>\n<li>Correas de nylon para un ajuste perfecto.<\/li>\n<li>C\u00f3modo de llevar<\/li>\n<li>Detalles met\u00e1licos, dise\u00f1o luxury.<\/li>\n<\/ul>\n<p><strong>LA MARCA XRAY<\/strong><\/p>\n<p>Sensaci\u00f3n firme y realista definen a la marca XRAY, un producto de m\u00e1xima calidad a un precio asequible que garantizan una perfecta combinaci\u00f3n de precio y Placer.<\/p>\n<p>&nbsp;<\/p>\n<div class=\"ast-oembed-container \" style=\"height: 100%;\"><iframe title=\"XRay CLEAR DILDO + HARNESS\" src=\"https:\/\/player.vimeo.com\/video\/548875121?dnt=1&amp;app_id=122963\" width=\"500\" height=\"281\" frameborder=\"0\" allow=\"autoplay; fullscreen; picture-in-picture; clipboard-write; encrypted-media\"><\/iframe><\/div>\n","protected":false},"excerpt":{"rendered":"<p>PACK DILDO + ARN\u00c9S\u00a0 \u00a1Claramente el mejor Pene! X Ray Clear es una aut\u00e9ntica experiencia de placer con una formula especialmente desarrollada que optimiza la sensaci\u00f3n suave y sedosa con la firmeza de un dildo real\u00edstico completamente transparente. X Ray est\u00e1 fabricado con material Jelly de ultima calidad versi\u00f3n 2020, completamente inodoro, suave al tacto [&hellip;]<\/p>\n","protected":false},"featured_media":6638,"comment_status":"open","ping_status":"closed","template":"","meta":{"_eb_attr":"","site-sidebar-layout":"default","site-content-layout":"default","ast-site-content-layout":"default","site-content-style":"default","site-sidebar-style":"default","ast-global-header-display":"","ast-banner-title-visibility":"","ast-main-header-display":"","ast-hfb-above-header-display":"","ast-hfb-below-header-display":"","ast-hfb-mobile-header-display":"","site-post-title":"","ast-breadcrumbs-content":"","ast-featured-img":"","footer-sml-layout":"","ast-disable-related-posts":"","theme-transparent-header-meta":"default","adv-header-id-meta":"","stick-header-meta":"","header-above-stick-meta":"","header-main-stick-meta":"","header-below-stick-meta":"","astra-migrate-meta-layouts":"default","ast-page-background-enabled":"default","ast-page-background-meta":{"desktop":{"background-color":"var(--ast-global-color-4)","background-image":"","background-repeat":"repeat","background-position":"center center","background-size":"auto","background-attachment":"scroll","background-type":"","background-media":"","overlay-type":"","overlay-color":"","overlay-opacity":"","overlay-gradient":""},"tablet":{"background-color":"","background-image":"","background-repeat":"repeat","background-position":"center center","background-size":"auto","background-attachment":"scroll","background-type":"","background-media":"","overlay-type":"","overlay-color":"","overlay-opacity":"","overlay-gradient":""},"mobile":{"background-color":"","background-image":"","background-repeat":"repeat","background-position":"center center","background-size":"auto","background-attachment":"scroll","background-type":"","background-media":"","overlay-type":"","overlay-color":"","overlay-opacity":"","overlay-gradient":""}},"ast-content-background-meta":{"desktop":{"background-color":"var(--ast-global-color-5)","background-image":"","background-repeat":"repeat","background-position":"center center","background-size":"auto","background-attachment":"scroll","background-type":"","background-media":"","overlay-type":"","overlay-color":"","overlay-opacity":"","overlay-gradient":""},"tablet":{"background-color":"var(--ast-global-color-5)","background-image":"","background-repeat":"repeat","background-position":"center center","background-size":"auto","background-attachment":"scroll","background-type":"","background-media":"","overlay-type":"","overlay-color":"","overlay-opacity":"","overlay-gradient":""},"mobile":{"background-color":"var(--ast-global-color-5)","background-image":"","background-repeat":"repeat","background-position":"center center","background-size":"auto","background-attachment":"scroll","background-type":"","background-media":"","overlay-type":"","overlay-color":"","overlay-opacity":"","overlay-gradient":""}}},"product_brand":[],"product_cat":[265,272],"product_tag":[],"class_list":{"0":"post-6629","1":"product","2":"type-product","3":"status-publish","4":"has-post-thumbnail","6":"product_cat-fetish-bdsm","7":"product_cat-strapon","8":"desktop-align-left","9":"tablet-align-left","10":"mobile-align-left","12":"first","13":"instock","14":"sale","15":"shipping-taxable","16":"purchasable","17":"product-type-simple"},"_links":{"self":[{"href":"https:\/\/chibolita.es\/index.php\/wp-json\/wp\/v2\/product\/6629","targetHints":{"allow":["GET"]}}],"collection":[{"href":"https:\/\/chibolita.es\/index.php\/wp-json\/wp\/v2\/product"}],"about":[{"href":"https:\/\/chibolita.es\/index.php\/wp-json\/wp\/v2\/types\/product"}],"replies":[{"embeddable":true,"href":"https:\/\/chibolita.es\/index.php\/wp-json\/wp\/v2\/comments?post=6629"}],"wp:featuredmedia":[{"embeddable":true,"href":"https:\/\/chibolita.es\/index.php\/wp-json\/wp\/v2\/media\/6638"}],"wp:attachment":[{"href":"https:\/\/chibolita.es\/index.php\/wp-json\/wp\/v2\/media?parent=6629"}],"wp:term":[{"taxonomy":"product_brand","embeddable":true,"href":"https:\/\/chibolita.es\/index.php\/wp-json\/wp\/v2\/product_brand?post=6629"},{"taxonomy":"product_cat","embeddable":true,"href":"https:\/\/chibolita.es\/index.php\/wp-json\/wp\/v2\/product_cat?post=6629"},{"taxonomy":"product_tag","embeddable":true,"href":"https:\/\/chibolita.es\/index.php\/wp-json\/wp\/v2\/product_tag?post=6629"}],"curies":[{"name":"wp","href":"https:\/\/api.w.org\/{rel}","templated":true}]}}