{"id":6466,"date":"2023-05-15T22:10:33","date_gmt":"2023-05-15T22:10:33","guid":{"rendered":"https:\/\/chibolita.es\/?post_type=product&#038;p=6466"},"modified":"2023-05-15T22:12:49","modified_gmt":"2023-05-15T22:12:49","slug":"satisfyer-pro-4-couples-edicion-2020","status":"publish","type":"product","link":"https:\/\/chibolita.es\/index.php\/product\/satisfyer-pro-4-couples-edicion-2020\/","title":{"rendered":"SATISFYER PRO 4 COUPLES EDICI\u00d3N 2020"},"content":{"rendered":"<ul>\n<li>2:1 &#8211; Ondas de presi\u00f3n y vibraci\u00f3n<\/li>\n<li>Novedad mundial: Un imprescindible para parejas<\/li>\n<li>Los programas se controlan por separado<\/li>\n<li>2 motores potentes impermeable<\/li>\n<li>recargable, incl. cable USB de carga<\/li>\n<\/ul>\n<p>Es la hora de cl\u00edmax inolvidables &#8211; el Satisfyer Pro 4 Couples os abre un mundo nuevo de juegos er\u00f3ticos juntos. Inspirado por los vibradores cl\u00e1sicos para parejas se usa durante el coito y los estimula a los dos. Pero este pasional compa\u00f1ero de juegos puede mucho m\u00e1s que despertar una sensaci\u00f3n de estrechez, vibraciones ardorosas y un masaje atractivo del punto G. Siguiendo el estilo de la familia de los Satisfyer mima la perla de pasi\u00f3n con ondas de presi\u00f3n sin contacto, para retaros a vivir orgasmos m\u00faltiples con una estimulaci\u00f3n profunda. \u00a1Despertad el placer!<\/p>\n<p>\u00a1VIVA EL CL\u00cdMAX!<br \/>\nLa forma ergon\u00f3mica y su funda sedosa y suave de silicona convierte al Pro 4 Couples en un aut\u00e9ntico mimador. Si su atractivo dise\u00f1o os convence llegar\u00e9is juntos a lo m\u00e1s alto. El esbelto v\u00e1stago se introduce en la vagina y vibra con 10 potentes programas que masajean sensualmente durante el coito tanto el pene como la vagina. Mientras su mejor amigo disfruta de la estrechez ella podr\u00e1 disfrutar de la estimulante presi\u00f3n sobre su punto G. La parte externa del vibrador en U estimula el cl\u00edtoris con ondas de presi\u00f3n efectivas que recuerdan al sexo oral. El estimulante cambio entre presi\u00f3n y succi\u00f3n en 11 intensidades genera una sensaci\u00f3n de placer inolvidable. El elemento de silicona redondo rodea el cl\u00edtoris mientras se desplaza sin contacto hacia el cl\u00edmax.<\/p>\n<p>Con el mando de manejo intuitivo pod\u00e9is controlar la vibraci\u00f3n y las ondas de presi\u00f3n por separado, con innumerables combinaciones. El Satisfyer Pro 4 Couples es silencioso, mientras que vosotros soltar\u00e9is de vez en cuando alg\u00fan suspiro. El acabado impermeable lo convierte, adem\u00e1s en un compa\u00f1ero perfecto bajo el agua, para que disfrut\u00e9is con \u00e9l en la ducha o en la ba\u00f1era.<\/p>\n<p>MATERIAL Y CUIDADO<br \/>\nEl cabezal intercambiable de silicona, hipoalerg\u00e9nico es oval y manejable en este modelo Satisfyer. El anillo suave ofrece una superficie de deslizamiento con la que rodea tu perla de placer. Con lubricante acuoso la sensaci\u00f3n es incluso mucho m\u00e1s intensa. Las pilas recargables integradas del Satisfyer Pro 4 Couples consiguen un juguete er\u00f3tico recargable de forma ecol\u00f3gica. Si quieres cargar tu juguete con cable, puedes completar el cable magn\u00e9tico USB con un enchufe habitual de 5 V. La silicona hipoalerg\u00e9nica es muy f\u00e1cil de cuidar. Puedes lavar tu juguete debajo de agua tibia usando un poco de jab\u00f3n,. El cabezal lo puedes sacar con facilidad. Con un par de pulverizaciones del Toycleaner desinfectante consigues despu\u00e9s una higiene perfecta.<\/p>\n<p>LA MARCA SATISFYER<br \/>\nLa se\u00f1a de identidad de los productos de la familia Satisfyer es la estimulaci\u00f3n del cl\u00edtoris sin contacto mediante ondas de presi\u00f3n intensivas. Este tipo de estimulaci\u00f3n depara orgasmos especialmente intensos a mujeres de todo el mundo, evitando al mismo tiempo la irritaci\u00f3n de la piel. Sus cabezales son de silicona de alta calidad en todos los modelos, y se pueden extraer y volver a colocar sin complicaciones, manteniendo as\u00ed la higiene de los dildos resistentes al agua durante mucho tiempo. Con estos juguetes, nada te impedir\u00e1 disfrutar de orgasmos m\u00faltiples.<\/p>\n<p>Te advertimos que algunos de nuestros productos se pueden suministrar con las bater\u00edas incluidas. A este respecto, ten en cuenta nuestras indicaciones sobre la ley que rige las cuestiones sobre bater\u00edas.<\/p>\n<p>&nbsp;<\/p>\n<div class=\"ast-oembed-container \" style=\"height: 100%;\"><iframe title=\"Satisyfer Spot US\" width=\"500\" height=\"281\" src=\"https:\/\/www.youtube.com\/embed\/CipgDTC1ffY?feature=oembed\" frameborder=\"0\" allow=\"accelerometer; autoplay; clipboard-write; encrypted-media; gyroscope; picture-in-picture; web-share\" referrerpolicy=\"strict-origin-when-cross-origin\" allowfullscreen><\/iframe><\/div>\n","protected":false},"excerpt":{"rendered":"<p>2:1 &#8211; Ondas de presi\u00f3n y vibraci\u00f3n Novedad mundial: Un imprescindible para parejas Los programas se controlan por separado 2 motores potentes impermeable recargable, incl. cable USB de carga Es la hora de cl\u00edmax inolvidables &#8211; el Satisfyer Pro 4 Couples os abre un mundo nuevo de juegos er\u00f3ticos juntos. Inspirado por los vibradores cl\u00e1sicos [&hellip;]<\/p>\n","protected":false},"featured_media":6471,"comment_status":"open","ping_status":"closed","template":"","meta":{"_eb_attr":"","site-sidebar-layout":"default","site-content-layout":"default","ast-site-content-layout":"default","site-content-style":"default","site-sidebar-style":"default","ast-global-header-display":"","ast-banner-title-visibility":"","ast-main-header-display":"","ast-hfb-above-header-display":"","ast-hfb-below-header-display":"","ast-hfb-mobile-header-display":"","site-post-title":"","ast-breadcrumbs-content":"","ast-featured-img":"","footer-sml-layout":"","ast-disable-related-posts":"","theme-transparent-header-meta":"default","adv-header-id-meta":"","stick-header-meta":"","header-above-stick-meta":"","header-main-stick-meta":"","header-below-stick-meta":"","astra-migrate-meta-layouts":"default","ast-page-background-enabled":"default","ast-page-background-meta":{"desktop":{"background-color":"var(--ast-global-color-4)","background-image":"","background-repeat":"repeat","background-position":"center center","background-size":"auto","background-attachment":"scroll","background-type":"","background-media":"","overlay-type":"","overlay-color":"","overlay-opacity":"","overlay-gradient":""},"tablet":{"background-color":"","background-image":"","background-repeat":"repeat","background-position":"center center","background-size":"auto","background-attachment":"scroll","background-type":"","background-media":"","overlay-type":"","overlay-color":"","overlay-opacity":"","overlay-gradient":""},"mobile":{"background-color":"","background-image":"","background-repeat":"repeat","background-position":"center center","background-size":"auto","background-attachment":"scroll","background-type":"","background-media":"","overlay-type":"","overlay-color":"","overlay-opacity":"","overlay-gradient":""}},"ast-content-background-meta":{"desktop":{"background-color":"var(--ast-global-color-5)","background-image":"","background-repeat":"repeat","background-position":"center center","background-size":"auto","background-attachment":"scroll","background-type":"","background-media":"","overlay-type":"","overlay-color":"","overlay-opacity":"","overlay-gradient":""},"tablet":{"background-color":"var(--ast-global-color-5)","background-image":"","background-repeat":"repeat","background-position":"center center","background-size":"auto","background-attachment":"scroll","background-type":"","background-media":"","overlay-type":"","overlay-color":"","overlay-opacity":"","overlay-gradient":""},"mobile":{"background-color":"var(--ast-global-color-5)","background-image":"","background-repeat":"repeat","background-position":"center center","background-size":"auto","background-attachment":"scroll","background-type":"","background-media":"","overlay-type":"","overlay-color":"","overlay-opacity":"","overlay-gradient":""}}},"product_brand":[],"product_cat":[260,263],"product_tag":[],"class_list":{"0":"post-6466","1":"product","2":"type-product","3":"status-publish","4":"has-post-thumbnail","6":"product_cat-dildos-y-vibradores","7":"product_cat-vibradores-lay-on-clitoris","8":"desktop-align-left","9":"tablet-align-left","10":"mobile-align-left","12":"first","13":"instock","14":"sale","15":"shipping-taxable","16":"purchasable","17":"product-type-simple"},"_links":{"self":[{"href":"https:\/\/chibolita.es\/index.php\/wp-json\/wp\/v2\/product\/6466","targetHints":{"allow":["GET"]}}],"collection":[{"href":"https:\/\/chibolita.es\/index.php\/wp-json\/wp\/v2\/product"}],"about":[{"href":"https:\/\/chibolita.es\/index.php\/wp-json\/wp\/v2\/types\/product"}],"replies":[{"embeddable":true,"href":"https:\/\/chibolita.es\/index.php\/wp-json\/wp\/v2\/comments?post=6466"}],"wp:featuredmedia":[{"embeddable":true,"href":"https:\/\/chibolita.es\/index.php\/wp-json\/wp\/v2\/media\/6471"}],"wp:attachment":[{"href":"https:\/\/chibolita.es\/index.php\/wp-json\/wp\/v2\/media?parent=6466"}],"wp:term":[{"taxonomy":"product_brand","embeddable":true,"href":"https:\/\/chibolita.es\/index.php\/wp-json\/wp\/v2\/product_brand?post=6466"},{"taxonomy":"product_cat","embeddable":true,"href":"https:\/\/chibolita.es\/index.php\/wp-json\/wp\/v2\/product_cat?post=6466"},{"taxonomy":"product_tag","embeddable":true,"href":"https:\/\/chibolita.es\/index.php\/wp-json\/wp\/v2\/product_tag?post=6466"}],"curies":[{"name":"wp","href":"https:\/\/api.w.org\/{rel}","templated":true}]}}