{"id":6391,"date":"2023-05-15T06:17:06","date_gmt":"2023-05-15T06:17:06","guid":{"rendered":"https:\/\/chibolita.es\/?post_type=product&#038;p=6391"},"modified":"2023-05-15T06:17:39","modified_gmt":"2023-05-15T06:17:39","slug":"xpower-penis-development-cream-tamano-y-volumen-pene-60-ml","status":"publish","type":"product","link":"https:\/\/chibolita.es\/index.php\/product\/xpower-penis-development-cream-tamano-y-volumen-pene-60-ml\/","title":{"rendered":"XPOWER PENIS DEVELOPMENT CREAM TAMA\u00d1O Y VOLUMEN PENE 60 ML"},"content":{"rendered":"<p>Penis Development Cream de la gama de productos XPOWER ha sido dise\u00f1ado para hombres que quieren aumentar el tama\u00f1o de su pene.<\/p>\n<p>Aplicado diariamente, esta crema de desarrollo del pene estimula los vasos sangu\u00edneos de su sexo. Estimula la circulaci\u00f3n sangu\u00ednea y apoya la funci\u00f3n del tejido er\u00e9ctil. Usted ver\u00e1 el tama\u00f1o de su pene aumentar despu\u00e9s de s\u00f3lo 2 semanas de uso. Crema de desarrollo del pene simplemente se aplica directamente sobre el pene todos los d\u00edas.<\/p>\n<ul>\n<li>Crema para aumentar el tama\u00f1o y el volumen del pene<\/li>\n<li>Tubo de\u00a060 ml<\/li>\n<\/ul>\n<p>Res\u00famenes:<\/p>\n<ul>\n<li>Penis Development Cream de Labophyto ayuda a aumentar el tama\u00f1o y el volumen del pene gracias a todos los ingredientes naturales:<\/li>\n<li>Aloe Vera con sus beneficios vasoconstrictores.<\/li>\n<li>Ginkgo Biloba aumenta el flujo sangu\u00edneo de los peque\u00f1os vasos en el pene<\/li>\n<li>El \u00e1rnica act\u00faa sobre la circulaci\u00f3n sangu\u00ednea subcut\u00e1nea.<\/li>\n<\/ul>\n<p>Direcci\u00f3n de uso:<\/p>\n<ul>\n<li>Aplique una cantidad de crema y masajee en el pene a fondo. Los ingredientes exclusivos de este producto tensar\u00e1n y nutrir\u00e1n la piel de los genitales externos. Pruebe la sensibilidad de la piel antes de usarla aplicando una peque\u00f1a cantidad en el antebrazo. Deje de usar en caso de reacci\u00f3n al\u00e9rgica. Uso externo. Mantener fuera del alcance de los ni\u00f1os. Almacenar en un lugar fresco, seco y oscuro.<\/li>\n<\/ul>\n<p>Volumen neto:<\/p>\n<ul>\n<li>60 ml<\/li>\n<\/ul>\n","protected":false},"excerpt":{"rendered":"<p>Penis Development Cream de la gama de productos XPOWER ha sido dise\u00f1ado para hombres que quieren aumentar el tama\u00f1o de su pene. Aplicado diariamente, esta crema de desarrollo del pene estimula los vasos sangu\u00edneos de su sexo. Estimula la circulaci\u00f3n sangu\u00ednea y apoya la funci\u00f3n del tejido er\u00e9ctil. Usted ver\u00e1 el tama\u00f1o de su pene [&hellip;]<\/p>\n","protected":false},"featured_media":6392,"comment_status":"open","ping_status":"closed","template":"","meta":{"_eb_attr":"","site-sidebar-layout":"default","site-content-layout":"default","ast-site-content-layout":"default","site-content-style":"default","site-sidebar-style":"default","ast-global-header-display":"","ast-banner-title-visibility":"","ast-main-header-display":"","ast-hfb-above-header-display":"","ast-hfb-below-header-display":"","ast-hfb-mobile-header-display":"","site-post-title":"","ast-breadcrumbs-content":"","ast-featured-img":"","footer-sml-layout":"","ast-disable-related-posts":"","theme-transparent-header-meta":"default","adv-header-id-meta":"","stick-header-meta":"","header-above-stick-meta":"","header-main-stick-meta":"","header-below-stick-meta":"","astra-migrate-meta-layouts":"default","ast-page-background-enabled":"default","ast-page-background-meta":{"desktop":{"background-color":"var(--ast-global-color-4)","background-image":"","background-repeat":"repeat","background-position":"center center","background-size":"auto","background-attachment":"scroll","background-type":"","background-media":"","overlay-type":"","overlay-color":"","overlay-opacity":"","overlay-gradient":""},"tablet":{"background-color":"","background-image":"","background-repeat":"repeat","background-position":"center center","background-size":"auto","background-attachment":"scroll","background-type":"","background-media":"","overlay-type":"","overlay-color":"","overlay-opacity":"","overlay-gradient":""},"mobile":{"background-color":"","background-image":"","background-repeat":"repeat","background-position":"center center","background-size":"auto","background-attachment":"scroll","background-type":"","background-media":"","overlay-type":"","overlay-color":"","overlay-opacity":"","overlay-gradient":""}},"ast-content-background-meta":{"desktop":{"background-color":"var(--ast-global-color-5)","background-image":"","background-repeat":"repeat","background-position":"center center","background-size":"auto","background-attachment":"scroll","background-type":"","background-media":"","overlay-type":"","overlay-color":"","overlay-opacity":"","overlay-gradient":""},"tablet":{"background-color":"var(--ast-global-color-5)","background-image":"","background-repeat":"repeat","background-position":"center center","background-size":"auto","background-attachment":"scroll","background-type":"","background-media":"","overlay-type":"","overlay-color":"","overlay-opacity":"","overlay-gradient":""},"mobile":{"background-color":"var(--ast-global-color-5)","background-image":"","background-repeat":"repeat","background-position":"center center","background-size":"auto","background-attachment":"scroll","background-type":"","background-media":"","overlay-type":"","overlay-color":"","overlay-opacity":"","overlay-gradient":""}}},"product_brand":[],"product_cat":[243,259],"product_tag":[],"class_list":{"0":"post-6391","1":"product","2":"type-product","3":"status-publish","4":"has-post-thumbnail","6":"product_cat-aumento-del-pene","7":"product_cat-cremas-para-el-pene","8":"desktop-align-left","9":"tablet-align-left","10":"mobile-align-left","12":"first","13":"instock","14":"shipping-taxable","15":"purchasable","16":"product-type-simple"},"_links":{"self":[{"href":"https:\/\/chibolita.es\/index.php\/wp-json\/wp\/v2\/product\/6391","targetHints":{"allow":["GET"]}}],"collection":[{"href":"https:\/\/chibolita.es\/index.php\/wp-json\/wp\/v2\/product"}],"about":[{"href":"https:\/\/chibolita.es\/index.php\/wp-json\/wp\/v2\/types\/product"}],"replies":[{"embeddable":true,"href":"https:\/\/chibolita.es\/index.php\/wp-json\/wp\/v2\/comments?post=6391"}],"wp:featuredmedia":[{"embeddable":true,"href":"https:\/\/chibolita.es\/index.php\/wp-json\/wp\/v2\/media\/6392"}],"wp:attachment":[{"href":"https:\/\/chibolita.es\/index.php\/wp-json\/wp\/v2\/media?parent=6391"}],"wp:term":[{"taxonomy":"product_brand","embeddable":true,"href":"https:\/\/chibolita.es\/index.php\/wp-json\/wp\/v2\/product_brand?post=6391"},{"taxonomy":"product_cat","embeddable":true,"href":"https:\/\/chibolita.es\/index.php\/wp-json\/wp\/v2\/product_cat?post=6391"},{"taxonomy":"product_tag","embeddable":true,"href":"https:\/\/chibolita.es\/index.php\/wp-json\/wp\/v2\/product_tag?post=6391"}],"curies":[{"name":"wp","href":"https:\/\/api.w.org\/{rel}","templated":true}]}}