{"id":6348,"date":"2023-05-14T17:53:27","date_gmt":"2023-05-14T17:53:27","guid":{"rendered":"https:\/\/chibolita.es\/?post_type=product&#038;p=6348"},"modified":"2026-04-14T07:56:59","modified_gmt":"2026-04-14T07:56:59","slug":"hot-rhino-crema-retardante-30ml","status":"publish","type":"product","link":"https:\/\/chibolita.es\/index.php\/product\/hot-rhino-crema-retardante-30ml\/","title":{"rendered":"HOT &#8211; RHINO CREMA RETARDANTE 30ML"},"content":{"rendered":"<p><strong>HOT &#8211; RHINO CREMA RETARDANTE\u00a0<\/strong><\/p>\n<p>\u00a1Crema retardante absolutamente excepcional para \u00c9L! Act\u00faa de forma proactiva y eficaz contra la eyaculaci\u00f3n precoz.<\/p>\n<p>Elaborado seg\u00fan una antigua f\u00f3rmula china.<\/p>\n<p>Han utilizado su composici\u00f3n con \u00e9xito durante siglos en China. Ginkgo &amp;erio; una sustancia especial tiene efectos en ambos productos.<\/p>\n<p>&nbsp;<\/p>\n<p><strong>Ingredientes:<\/strong><\/p>\n<p>Aqua agua, palmitato de isopropilo, laureth-9, estearato de poliglicerilo-3, alcohol cetear\u00edlico, estearato de glicerilo, glicerina, estearoil lactilato de sodio, dimeticona, fenoxietanol, propilenglicol, aceite de semilla de Simmondsia chinensis jojoba, hexilenglicol, Acetato de tocoferilo, pantenol, goma xantana, alanto\u00edna, etilhexilglicerina, mentol, \u00e1cido c\u00edtrico, fructosa, glucosa, extracto de ra\u00edz de panax ginseng, extracto de hoja de ginkgo biloba, polvo de jugo de hoja de aloe barbadensis, dextrina, \u00e1cido l\u00e1ctico, sacarosa, urea, sorbato de potasio, sodio Benzoato, Alanina, \u00c1cido Asp\u00e1rtico, \u00c1cido Glut\u00e1mico<\/p>\n","protected":false},"excerpt":{"rendered":"<p>HOT &#8211; RHINO CREMA RETARDANTE\u00a0 \u00a1Crema retardante absolutamente excepcional para \u00c9L! Act\u00faa de forma proactiva y eficaz contra la eyaculaci\u00f3n precoz. Elaborado seg\u00fan una antigua f\u00f3rmula china. Han utilizado su composici\u00f3n con \u00e9xito durante siglos en China. Ginkgo &amp;erio; una sustancia especial tiene efectos en ambos productos. &nbsp; Ingredientes: Aqua agua, palmitato de isopropilo, laureth-9, [&hellip;]<\/p>\n","protected":false},"featured_media":6349,"comment_status":"open","ping_status":"closed","template":"","meta":{"_eb_attr":"","site-sidebar-layout":"default","site-content-layout":"default","ast-site-content-layout":"default","site-content-style":"default","site-sidebar-style":"default","ast-global-header-display":"","ast-banner-title-visibility":"","ast-main-header-display":"","ast-hfb-above-header-display":"","ast-hfb-below-header-display":"","ast-hfb-mobile-header-display":"","site-post-title":"","ast-breadcrumbs-content":"","ast-featured-img":"","footer-sml-layout":"","ast-disable-related-posts":"","theme-transparent-header-meta":"default","adv-header-id-meta":"","stick-header-meta":"","header-above-stick-meta":"","header-main-stick-meta":"","header-below-stick-meta":"","astra-migrate-meta-layouts":"default","ast-page-background-enabled":"default","ast-page-background-meta":{"desktop":{"background-color":"var(--ast-global-color-4)","background-image":"","background-repeat":"repeat","background-position":"center center","background-size":"auto","background-attachment":"scroll","background-type":"","background-media":"","overlay-type":"","overlay-color":"","overlay-opacity":"","overlay-gradient":""},"tablet":{"background-color":"","background-image":"","background-repeat":"repeat","background-position":"center center","background-size":"auto","background-attachment":"scroll","background-type":"","background-media":"","overlay-type":"","overlay-color":"","overlay-opacity":"","overlay-gradient":""},"mobile":{"background-color":"","background-image":"","background-repeat":"repeat","background-position":"center center","background-size":"auto","background-attachment":"scroll","background-type":"","background-media":"","overlay-type":"","overlay-color":"","overlay-opacity":"","overlay-gradient":""}},"ast-content-background-meta":{"desktop":{"background-color":"var(--ast-global-color-5)","background-image":"","background-repeat":"repeat","background-position":"center center","background-size":"auto","background-attachment":"scroll","background-type":"","background-media":"","overlay-type":"","overlay-color":"","overlay-opacity":"","overlay-gradient":""},"tablet":{"background-color":"var(--ast-global-color-5)","background-image":"","background-repeat":"repeat","background-position":"center center","background-size":"auto","background-attachment":"scroll","background-type":"","background-media":"","overlay-type":"","overlay-color":"","overlay-opacity":"","overlay-gradient":""},"mobile":{"background-color":"var(--ast-global-color-5)","background-image":"","background-repeat":"repeat","background-position":"center center","background-size":"auto","background-attachment":"scroll","background-type":"","background-media":"","overlay-type":"","overlay-color":"","overlay-opacity":"","overlay-gradient":""}}},"product_brand":[],"product_cat":[230,236],"product_tag":[],"class_list":{"0":"post-6348","1":"product","2":"type-product","3":"status-publish","4":"has-post-thumbnail","6":"product_cat-farmacia","7":"product_cat-retardantes","8":"desktop-align-left","9":"tablet-align-left","10":"mobile-align-left","12":"first","13":"instock","14":"shipping-taxable","15":"purchasable","16":"product-type-simple"},"_links":{"self":[{"href":"https:\/\/chibolita.es\/index.php\/wp-json\/wp\/v2\/product\/6348","targetHints":{"allow":["GET"]}}],"collection":[{"href":"https:\/\/chibolita.es\/index.php\/wp-json\/wp\/v2\/product"}],"about":[{"href":"https:\/\/chibolita.es\/index.php\/wp-json\/wp\/v2\/types\/product"}],"replies":[{"embeddable":true,"href":"https:\/\/chibolita.es\/index.php\/wp-json\/wp\/v2\/comments?post=6348"}],"wp:featuredmedia":[{"embeddable":true,"href":"https:\/\/chibolita.es\/index.php\/wp-json\/wp\/v2\/media\/6349"}],"wp:attachment":[{"href":"https:\/\/chibolita.es\/index.php\/wp-json\/wp\/v2\/media?parent=6348"}],"wp:term":[{"taxonomy":"product_brand","embeddable":true,"href":"https:\/\/chibolita.es\/index.php\/wp-json\/wp\/v2\/product_brand?post=6348"},{"taxonomy":"product_cat","embeddable":true,"href":"https:\/\/chibolita.es\/index.php\/wp-json\/wp\/v2\/product_cat?post=6348"},{"taxonomy":"product_tag","embeddable":true,"href":"https:\/\/chibolita.es\/index.php\/wp-json\/wp\/v2\/product_tag?post=6348"}],"curies":[{"name":"wp","href":"https:\/\/api.w.org\/{rel}","templated":true}]}}