{"id":6338,"date":"2023-05-14T17:47:08","date_gmt":"2023-05-14T17:47:08","guid":{"rendered":"https:\/\/chibolita.es\/?post_type=product&#038;p=6338"},"modified":"2023-05-14T17:47:41","modified_gmt":"2023-05-14T17:47:41","slug":"penis-plus-lotion-aumenta-ereccion-150ml-en-de-fr-es-it-nl","status":"publish","type":"product","link":"https:\/\/chibolita.es\/index.php\/product\/penis-plus-lotion-aumenta-ereccion-150ml-en-de-fr-es-it-nl\/","title":{"rendered":"PENIS PLUS LOTION AUMENTA ERECCI\u00d3N 150ML \/en\/de\/fr\/es\/it\/nl\/"},"content":{"rendered":"<p>Aplicar la cantidad deseada de crema sobre el pene y su alrededor. El producto es pr\u00e1ctico y eficaz de usar gracias a su c\u00f3modo envase. La crema est\u00e1 elaborada a partir de extractos naturales de plantas, entra las que se incluye el ginkgo biloba. Los componentes operativos del ginkgo biloba mejoran el flujo sangu\u00edneo hacia los genitales masculinos y, por tanto, tienen un efecto positivo en la erecci\u00f3n. Las propiedades nutritivas del aceite de almedro, manteca de karit\u00e9, aceite de semilla de jojoba y arnica montana mejoran la flexibilidad de la piel y refuerzan la erecci\u00f3n.<\/p>\n<ul>\n<li>Plus +\u00a0 Cream hace que tu erecci\u00f3n se ponga m\u00e1s dura y fuerte.<\/li>\n<li>Esta crema te garantiza una erecci\u00f3n m\u00e1s dura y har\u00e1 tu pene m\u00e1s largo.<\/li>\n<\/ul>\n<p>La combinaci\u00f3n de estos ingredientes te aseguran una circulaci\u00f3n sangu\u00ednea mejorada y expansion del tejido delicado del pene.<\/p>\n<p>Plus +\u00a0 hace crecer y engordar al pene.<\/p>\n<p>Envase 50 Ml<\/p>\n<p>\u00a1Se recomienda!<\/p>\n<p>* Este producto contiene una etiqueta con instrucciones facilitadas en los siguientes idiomas: \/en\/de\/fr\/es\/it\/nl\/<\/p>\n","protected":false},"excerpt":{"rendered":"<p>Aplicar la cantidad deseada de crema sobre el pene y su alrededor. El producto es pr\u00e1ctico y eficaz de usar gracias a su c\u00f3modo envase. La crema est\u00e1 elaborada a partir de extractos naturales de plantas, entra las que se incluye el ginkgo biloba. Los componentes operativos del ginkgo biloba mejoran el flujo sangu\u00edneo hacia [&hellip;]<\/p>\n","protected":false},"featured_media":6339,"comment_status":"open","ping_status":"closed","template":"","meta":{"_eb_attr":"","site-sidebar-layout":"default","site-content-layout":"default","ast-site-content-layout":"default","site-content-style":"default","site-sidebar-style":"default","ast-global-header-display":"","ast-banner-title-visibility":"","ast-main-header-display":"","ast-hfb-above-header-display":"","ast-hfb-below-header-display":"","ast-hfb-mobile-header-display":"","site-post-title":"","ast-breadcrumbs-content":"","ast-featured-img":"","footer-sml-layout":"","ast-disable-related-posts":"","theme-transparent-header-meta":"default","adv-header-id-meta":"","stick-header-meta":"","header-above-stick-meta":"","header-main-stick-meta":"","header-below-stick-meta":"","astra-migrate-meta-layouts":"default","ast-page-background-enabled":"default","ast-page-background-meta":{"desktop":{"background-color":"var(--ast-global-color-4)","background-image":"","background-repeat":"repeat","background-position":"center center","background-size":"auto","background-attachment":"scroll","background-type":"","background-media":"","overlay-type":"","overlay-color":"","overlay-opacity":"","overlay-gradient":""},"tablet":{"background-color":"","background-image":"","background-repeat":"repeat","background-position":"center center","background-size":"auto","background-attachment":"scroll","background-type":"","background-media":"","overlay-type":"","overlay-color":"","overlay-opacity":"","overlay-gradient":""},"mobile":{"background-color":"","background-image":"","background-repeat":"repeat","background-position":"center center","background-size":"auto","background-attachment":"scroll","background-type":"","background-media":"","overlay-type":"","overlay-color":"","overlay-opacity":"","overlay-gradient":""}},"ast-content-background-meta":{"desktop":{"background-color":"var(--ast-global-color-5)","background-image":"","background-repeat":"repeat","background-position":"center center","background-size":"auto","background-attachment":"scroll","background-type":"","background-media":"","overlay-type":"","overlay-color":"","overlay-opacity":"","overlay-gradient":""},"tablet":{"background-color":"var(--ast-global-color-5)","background-image":"","background-repeat":"repeat","background-position":"center center","background-size":"auto","background-attachment":"scroll","background-type":"","background-media":"","overlay-type":"","overlay-color":"","overlay-opacity":"","overlay-gradient":""},"mobile":{"background-color":"var(--ast-global-color-5)","background-image":"","background-repeat":"repeat","background-position":"center center","background-size":"auto","background-attachment":"scroll","background-type":"","background-media":"","overlay-type":"","overlay-color":"","overlay-opacity":"","overlay-gradient":""}}},"product_brand":[],"product_cat":[243,259],"product_tag":[],"class_list":{"0":"post-6338","1":"product","2":"type-product","3":"status-publish","4":"has-post-thumbnail","6":"product_cat-aumento-del-pene","7":"product_cat-cremas-para-el-pene","8":"desktop-align-left","9":"tablet-align-left","10":"mobile-align-left","12":"first","13":"instock","14":"shipping-taxable","15":"purchasable","16":"product-type-simple"},"_links":{"self":[{"href":"https:\/\/chibolita.es\/index.php\/wp-json\/wp\/v2\/product\/6338","targetHints":{"allow":["GET"]}}],"collection":[{"href":"https:\/\/chibolita.es\/index.php\/wp-json\/wp\/v2\/product"}],"about":[{"href":"https:\/\/chibolita.es\/index.php\/wp-json\/wp\/v2\/types\/product"}],"replies":[{"embeddable":true,"href":"https:\/\/chibolita.es\/index.php\/wp-json\/wp\/v2\/comments?post=6338"}],"wp:featuredmedia":[{"embeddable":true,"href":"https:\/\/chibolita.es\/index.php\/wp-json\/wp\/v2\/media\/6339"}],"wp:attachment":[{"href":"https:\/\/chibolita.es\/index.php\/wp-json\/wp\/v2\/media?parent=6338"}],"wp:term":[{"taxonomy":"product_brand","embeddable":true,"href":"https:\/\/chibolita.es\/index.php\/wp-json\/wp\/v2\/product_brand?post=6338"},{"taxonomy":"product_cat","embeddable":true,"href":"https:\/\/chibolita.es\/index.php\/wp-json\/wp\/v2\/product_cat?post=6338"},{"taxonomy":"product_tag","embeddable":true,"href":"https:\/\/chibolita.es\/index.php\/wp-json\/wp\/v2\/product_tag?post=6338"}],"curies":[{"name":"wp","href":"https:\/\/api.w.org\/{rel}","templated":true}]}}