{"id":6195,"date":"2023-05-14T15:15:09","date_gmt":"2023-05-14T15:15:09","guid":{"rendered":"https:\/\/chibolita.es\/?post_type=product&#038;p=6195"},"modified":"2023-05-14T15:16:01","modified_gmt":"2023-05-14T15:16:01","slug":"jamyjob-extreme-masturbador-transparente-tensek-2","status":"publish","type":"product","link":"https:\/\/chibolita.es\/index.php\/product\/jamyjob-extreme-masturbador-transparente-tensek-2\/","title":{"rendered":"JAMYJOB EXTREME MASTURBADOR TRANSPARENTE TENSEK 2"},"content":{"rendered":"<p>Disfruta de una experiencia completamente nueva. El innovador modelo TENSEK 2\u00a0se une a la l\u00ednea JAMYJOB \u00a0de masturbadores y presenta un dise\u00f1o \u00fanico completamente transparente que no deja nada a la imaginaci\u00f3n.<\/p>\n<p>Cada parte de TENSEK 2\u00a0est\u00e1 formado por numerosas puntas de succi\u00f3n y protuberancias acariciantes que te mimar\u00e1n cada vez que introduces y sacas la mejor parte de tu cuerpo. El primer tercio de la funda posee unas pronunciadas y suaves puntas en forma de espiral sensual. Adem\u00e1s, las finas protuberancias situadas en el extremo del t\u00fanel te acarician y te llevan de forma segura al cl\u00edmax. Las paredes flexibles se adaptan al pene y potencian a\u00fan m\u00e1s la experiencia sensual.<\/p>\n<p>Como siempre, JAMYJOB est\u00e1 dise\u00f1ado para poner la energ\u00eda en tus manos y conseguir una estimulaci\u00f3n perfecta.<\/p>\n<p>Es muy recomendable el uso de lubricantes a base de agua para un orgasmo intenso. Recomendamos las marcas AQUA o WATERFEEL.<\/p>\n<p>\u00bfC\u00f3mo limpio mi masturbador TENSEK?<\/p>\n<p>El material TPE ULTRASKYN suave hace que el masturbador sea f\u00e1cil de limpiar. Para una limpieza superficial, es suficiente usar agua tibia y un jab\u00f3n suave. A continuaci\u00f3n, moja la funda con un pulverizador desinfectante, \u00a1como el Desinfectante Spray de Waterfeel!<\/p>\n","protected":false},"excerpt":{"rendered":"<p>Disfruta de una experiencia completamente nueva. El innovador modelo TENSEK 2\u00a0se une a la l\u00ednea JAMYJOB \u00a0de masturbadores y presenta un dise\u00f1o \u00fanico completamente transparente que no deja nada a la imaginaci\u00f3n. Cada parte de TENSEK 2\u00a0est\u00e1 formado por numerosas puntas de succi\u00f3n y protuberancias acariciantes que te mimar\u00e1n cada vez que introduces y sacas [&hellip;]<\/p>\n","protected":false},"featured_media":6196,"comment_status":"open","ping_status":"closed","template":"","meta":{"_eb_attr":"","site-sidebar-layout":"default","site-content-layout":"default","ast-site-content-layout":"default","site-content-style":"default","site-sidebar-style":"default","ast-global-header-display":"","ast-banner-title-visibility":"","ast-main-header-display":"","ast-hfb-above-header-display":"","ast-hfb-below-header-display":"","ast-hfb-mobile-header-display":"","site-post-title":"","ast-breadcrumbs-content":"","ast-featured-img":"","footer-sml-layout":"","ast-disable-related-posts":"","theme-transparent-header-meta":"default","adv-header-id-meta":"","stick-header-meta":"","header-above-stick-meta":"","header-main-stick-meta":"","header-below-stick-meta":"","astra-migrate-meta-layouts":"default","ast-page-background-enabled":"default","ast-page-background-meta":{"desktop":{"background-color":"var(--ast-global-color-4)","background-image":"","background-repeat":"repeat","background-position":"center center","background-size":"auto","background-attachment":"scroll","background-type":"","background-media":"","overlay-type":"","overlay-color":"","overlay-opacity":"","overlay-gradient":""},"tablet":{"background-color":"","background-image":"","background-repeat":"repeat","background-position":"center center","background-size":"auto","background-attachment":"scroll","background-type":"","background-media":"","overlay-type":"","overlay-color":"","overlay-opacity":"","overlay-gradient":""},"mobile":{"background-color":"","background-image":"","background-repeat":"repeat","background-position":"center center","background-size":"auto","background-attachment":"scroll","background-type":"","background-media":"","overlay-type":"","overlay-color":"","overlay-opacity":"","overlay-gradient":""}},"ast-content-background-meta":{"desktop":{"background-color":"var(--ast-global-color-5)","background-image":"","background-repeat":"repeat","background-position":"center center","background-size":"auto","background-attachment":"scroll","background-type":"","background-media":"","overlay-type":"","overlay-color":"","overlay-opacity":"","overlay-gradient":""},"tablet":{"background-color":"var(--ast-global-color-5)","background-image":"","background-repeat":"repeat","background-position":"center center","background-size":"auto","background-attachment":"scroll","background-type":"","background-media":"","overlay-type":"","overlay-color":"","overlay-opacity":"","overlay-gradient":""},"mobile":{"background-color":"var(--ast-global-color-5)","background-image":"","background-repeat":"repeat","background-position":"center center","background-size":"auto","background-attachment":"scroll","background-type":"","background-media":"","overlay-type":"","overlay-color":"","overlay-opacity":"","overlay-gradient":""}}},"product_brand":[],"product_cat":[273,276],"product_tag":[],"class_list":{"0":"post-6195","1":"product","2":"type-product","3":"status-publish","4":"has-post-thumbnail","6":"product_cat-juguetes-para-hombres","7":"product_cat-masturbadores-para-ellos","8":"desktop-align-left","9":"tablet-align-left","10":"mobile-align-left","12":"first","13":"instock","14":"shipping-taxable","15":"purchasable","16":"product-type-simple"},"_links":{"self":[{"href":"https:\/\/chibolita.es\/index.php\/wp-json\/wp\/v2\/product\/6195","targetHints":{"allow":["GET"]}}],"collection":[{"href":"https:\/\/chibolita.es\/index.php\/wp-json\/wp\/v2\/product"}],"about":[{"href":"https:\/\/chibolita.es\/index.php\/wp-json\/wp\/v2\/types\/product"}],"replies":[{"embeddable":true,"href":"https:\/\/chibolita.es\/index.php\/wp-json\/wp\/v2\/comments?post=6195"}],"wp:featuredmedia":[{"embeddable":true,"href":"https:\/\/chibolita.es\/index.php\/wp-json\/wp\/v2\/media\/6196"}],"wp:attachment":[{"href":"https:\/\/chibolita.es\/index.php\/wp-json\/wp\/v2\/media?parent=6195"}],"wp:term":[{"taxonomy":"product_brand","embeddable":true,"href":"https:\/\/chibolita.es\/index.php\/wp-json\/wp\/v2\/product_brand?post=6195"},{"taxonomy":"product_cat","embeddable":true,"href":"https:\/\/chibolita.es\/index.php\/wp-json\/wp\/v2\/product_cat?post=6195"},{"taxonomy":"product_tag","embeddable":true,"href":"https:\/\/chibolita.es\/index.php\/wp-json\/wp\/v2\/product_tag?post=6195"}],"curies":[{"name":"wp","href":"https:\/\/api.w.org\/{rel}","templated":true}]}}