{"id":6189,"date":"2023-05-14T15:13:25","date_gmt":"2023-05-14T15:13:25","guid":{"rendered":"https:\/\/chibolita.es\/?post_type=product&#038;p=6189"},"modified":"2023-05-14T15:14:42","modified_gmt":"2023-05-14T15:14:42","slug":"womanvibe-masturbador-doble-gumy","status":"publish","type":"product","link":"https:\/\/chibolita.es\/index.php\/product\/womanvibe-masturbador-doble-gumy\/","title":{"rendered":"WOMANVIBE MASTURBADOR DOBLE GUMY"},"content":{"rendered":"<p>Womanvibe lanza Gumy, el masturbador masculino desarrollado por Mujeres para Hombres, el perfecto juguete que te permite jugar solo o en pareja! Completamente sensaci\u00f3n realista est\u00e1 fabricado en Tpr y funda de silicona f\u00e1cil agarre perfecto para el jugo duro. Gumy tiene dos orificios! Vagina y Ano, util\u00edzalo seg\u00fan te guste.<\/p>\n<p>Gumy ha sido desarrollado con materiales de primera calidad completamente respetuoso con tu cuerpo.<\/p>\n<p>Es flexible y se adapta a todos los tama\u00f1os de pene.<\/p>\n<ul>\n<li>Tacto real\u00edstico<\/li>\n<li>Medidas; 6.2 x 13.4 cm<\/li>\n<li>Material seguro<\/li>\n<li>Flexible<\/li>\n<li>Resistente al agua.<\/li>\n<\/ul>\n<p>Instrucciones de uso;<\/p>\n<ul>\n<li>Aplica unas gotas de lubricante a base de agua dentro del masturbador, introduce el pene suavemente y empieza a moverlo de arriba abajo.<\/li>\n<\/ul>\n<p><strong>Contenido<\/strong><\/p>\n<p>Abrir una caja de productos Womanvibe es exclusividad. Todos los productos incluyen caja de presentaci\u00f3n Deluxe en fondo dorado.<\/p>\n<p>En su interior encontrar\u00e1s<\/p>\n<p>&nbsp;<\/p>\n<p>https:\/\/www.youtube.com\/watch?v=0neoJTRGZ9s<\/p>\n","protected":false},"excerpt":{"rendered":"<p>Womanvibe lanza Gumy, el masturbador masculino desarrollado por Mujeres para Hombres, el perfecto juguete que te permite jugar solo o en pareja! Completamente sensaci\u00f3n realista est\u00e1 fabricado en Tpr y funda de silicona f\u00e1cil agarre perfecto para el jugo duro. Gumy tiene dos orificios! Vagina y Ano, util\u00edzalo seg\u00fan te guste. Gumy ha sido desarrollado [&hellip;]<\/p>\n","protected":false},"featured_media":6194,"comment_status":"open","ping_status":"closed","template":"","meta":{"_eb_attr":"","site-sidebar-layout":"default","site-content-layout":"default","ast-site-content-layout":"default","site-content-style":"default","site-sidebar-style":"default","ast-global-header-display":"","ast-banner-title-visibility":"","ast-main-header-display":"","ast-hfb-above-header-display":"","ast-hfb-below-header-display":"","ast-hfb-mobile-header-display":"","site-post-title":"","ast-breadcrumbs-content":"","ast-featured-img":"","footer-sml-layout":"","ast-disable-related-posts":"","theme-transparent-header-meta":"default","adv-header-id-meta":"","stick-header-meta":"","header-above-stick-meta":"","header-main-stick-meta":"","header-below-stick-meta":"","astra-migrate-meta-layouts":"default","ast-page-background-enabled":"default","ast-page-background-meta":{"desktop":{"background-color":"var(--ast-global-color-4)","background-image":"","background-repeat":"repeat","background-position":"center center","background-size":"auto","background-attachment":"scroll","background-type":"","background-media":"","overlay-type":"","overlay-color":"","overlay-opacity":"","overlay-gradient":""},"tablet":{"background-color":"","background-image":"","background-repeat":"repeat","background-position":"center center","background-size":"auto","background-attachment":"scroll","background-type":"","background-media":"","overlay-type":"","overlay-color":"","overlay-opacity":"","overlay-gradient":""},"mobile":{"background-color":"","background-image":"","background-repeat":"repeat","background-position":"center center","background-size":"auto","background-attachment":"scroll","background-type":"","background-media":"","overlay-type":"","overlay-color":"","overlay-opacity":"","overlay-gradient":""}},"ast-content-background-meta":{"desktop":{"background-color":"var(--ast-global-color-5)","background-image":"","background-repeat":"repeat","background-position":"center center","background-size":"auto","background-attachment":"scroll","background-type":"","background-media":"","overlay-type":"","overlay-color":"","overlay-opacity":"","overlay-gradient":""},"tablet":{"background-color":"var(--ast-global-color-5)","background-image":"","background-repeat":"repeat","background-position":"center center","background-size":"auto","background-attachment":"scroll","background-type":"","background-media":"","overlay-type":"","overlay-color":"","overlay-opacity":"","overlay-gradient":""},"mobile":{"background-color":"var(--ast-global-color-5)","background-image":"","background-repeat":"repeat","background-position":"center center","background-size":"auto","background-attachment":"scroll","background-type":"","background-media":"","overlay-type":"","overlay-color":"","overlay-opacity":"","overlay-gradient":""}}},"product_brand":[],"product_cat":[273,276],"product_tag":[],"class_list":{"0":"post-6189","1":"product","2":"type-product","3":"status-publish","4":"has-post-thumbnail","6":"product_cat-juguetes-para-hombres","7":"product_cat-masturbadores-para-ellos","8":"desktop-align-left","9":"tablet-align-left","10":"mobile-align-left","12":"first","13":"instock","14":"shipping-taxable","15":"purchasable","16":"product-type-simple"},"_links":{"self":[{"href":"https:\/\/chibolita.es\/index.php\/wp-json\/wp\/v2\/product\/6189","targetHints":{"allow":["GET"]}}],"collection":[{"href":"https:\/\/chibolita.es\/index.php\/wp-json\/wp\/v2\/product"}],"about":[{"href":"https:\/\/chibolita.es\/index.php\/wp-json\/wp\/v2\/types\/product"}],"replies":[{"embeddable":true,"href":"https:\/\/chibolita.es\/index.php\/wp-json\/wp\/v2\/comments?post=6189"}],"wp:featuredmedia":[{"embeddable":true,"href":"https:\/\/chibolita.es\/index.php\/wp-json\/wp\/v2\/media\/6194"}],"wp:attachment":[{"href":"https:\/\/chibolita.es\/index.php\/wp-json\/wp\/v2\/media?parent=6189"}],"wp:term":[{"taxonomy":"product_brand","embeddable":true,"href":"https:\/\/chibolita.es\/index.php\/wp-json\/wp\/v2\/product_brand?post=6189"},{"taxonomy":"product_cat","embeddable":true,"href":"https:\/\/chibolita.es\/index.php\/wp-json\/wp\/v2\/product_cat?post=6189"},{"taxonomy":"product_tag","embeddable":true,"href":"https:\/\/chibolita.es\/index.php\/wp-json\/wp\/v2\/product_tag?post=6189"}],"curies":[{"name":"wp","href":"https:\/\/api.w.org\/{rel}","templated":true}]}}