{"id":6050,"date":"2023-05-14T14:21:23","date_gmt":"2023-05-14T14:21:23","guid":{"rendered":"https:\/\/chibolita.es\/?post_type=product&#038;p=6050"},"modified":"2023-05-14T14:22:31","modified_gmt":"2023-05-14T14:22:31","slug":"pdx-elite-estimulador-teazer-power-pump","status":"publish","type":"product","link":"https:\/\/chibolita.es\/index.php\/product\/pdx-elite-estimulador-teazer-power-pump\/","title":{"rendered":"PDX ELITE ESTIMULADOR TEAZER POWER PUMP"},"content":{"rendered":"<p>Experimenta un intenso placer justo ah\u00ed donde mas te gusta. Las potentes\u00a0vibraciones y la increible succi\u00f3n que te proporcionar\u00e1n el Teazer Power Pump sobre la punta de tu pene ser\u00e1n pura satisfacci\u00f3n.<\/p>\n<p>Disfruta de una poderosa combinaci\u00f3n de placer en la punta del pene como nunca antes hab\u00edas visto,\u00a0con sus dos funciones de succion y vibracion, ya que podr\u00e1s combinarlas como quieras. Dispone de un cabezal redondo que se ajustar\u00e1 perfectamente fabricado con la silicona premium Elite y de un sistema de ajuste perfecto y de liberaci\u00f3n r\u00e1pida de presi\u00f3n.<\/p>\n<ul>\n<li>Estimulador para la punta del pene.<\/li>\n<li>Funci\u00f3n ultra succi\u00f3n. Utilizalo en tu punto mas sensitivo. Su aro de silicona Elite te proporcionar\u00e1 un ajuste seguro. Dispone de sistema de liberaci\u00f3n r\u00e1pida de presi\u00f3n.<\/li>\n<li>Vibraciones ultra potentes. Su potente motor generar\u00e1 unas vibraciones muy fuertes para que disfrutes de una estimulacion muy intensa.<\/li>\n<li>Pilas: 2xAA (No incluidas)<\/li>\n<li>Silicona Elite: Utiliza la mejor silicona del mercado, una silicona super suave y muy f\u00e1cil de limpiar.<\/li>\n<li>Solo uso de lubricante de base agua<\/li>\n<li>Limpiar despues de usar con limpiador de juguetes y agua tibia.<\/li>\n<\/ul>\n<p>Con PDX Elite podr\u00e1s disfrutar\u00a0del placer de una estimulaci\u00f3n vers\u00e1til y potente. Todo ello, adem\u00e1s, con materiales de primera calidad que te har\u00e1n sentir el lado mas \u00e9lite de la masturbaci\u00f3n.<\/p>\n","protected":false},"excerpt":{"rendered":"<p>Experimenta un intenso placer justo ah\u00ed donde mas te gusta. Las potentes\u00a0vibraciones y la increible succi\u00f3n que te proporcionar\u00e1n el Teazer Power Pump sobre la punta de tu pene ser\u00e1n pura satisfacci\u00f3n. Disfruta de una poderosa combinaci\u00f3n de placer en la punta del pene como nunca antes hab\u00edas visto,\u00a0con sus dos funciones de succion y [&hellip;]<\/p>\n","protected":false},"featured_media":6053,"comment_status":"open","ping_status":"closed","template":"","meta":{"_eb_attr":"","site-sidebar-layout":"default","site-content-layout":"default","ast-site-content-layout":"default","site-content-style":"default","site-sidebar-style":"default","ast-global-header-display":"","ast-banner-title-visibility":"","ast-main-header-display":"","ast-hfb-above-header-display":"","ast-hfb-below-header-display":"","ast-hfb-mobile-header-display":"","site-post-title":"","ast-breadcrumbs-content":"","ast-featured-img":"","footer-sml-layout":"","ast-disable-related-posts":"","theme-transparent-header-meta":"default","adv-header-id-meta":"","stick-header-meta":"","header-above-stick-meta":"","header-main-stick-meta":"","header-below-stick-meta":"","astra-migrate-meta-layouts":"default","ast-page-background-enabled":"default","ast-page-background-meta":{"desktop":{"background-color":"var(--ast-global-color-4)","background-image":"","background-repeat":"repeat","background-position":"center center","background-size":"auto","background-attachment":"scroll","background-type":"","background-media":"","overlay-type":"","overlay-color":"","overlay-opacity":"","overlay-gradient":""},"tablet":{"background-color":"","background-image":"","background-repeat":"repeat","background-position":"center center","background-size":"auto","background-attachment":"scroll","background-type":"","background-media":"","overlay-type":"","overlay-color":"","overlay-opacity":"","overlay-gradient":""},"mobile":{"background-color":"","background-image":"","background-repeat":"repeat","background-position":"center center","background-size":"auto","background-attachment":"scroll","background-type":"","background-media":"","overlay-type":"","overlay-color":"","overlay-opacity":"","overlay-gradient":""}},"ast-content-background-meta":{"desktop":{"background-color":"var(--ast-global-color-5)","background-image":"","background-repeat":"repeat","background-position":"center center","background-size":"auto","background-attachment":"scroll","background-type":"","background-media":"","overlay-type":"","overlay-color":"","overlay-opacity":"","overlay-gradient":""},"tablet":{"background-color":"var(--ast-global-color-5)","background-image":"","background-repeat":"repeat","background-position":"center center","background-size":"auto","background-attachment":"scroll","background-type":"","background-media":"","overlay-type":"","overlay-color":"","overlay-opacity":"","overlay-gradient":""},"mobile":{"background-color":"var(--ast-global-color-5)","background-image":"","background-repeat":"repeat","background-position":"center center","background-size":"auto","background-attachment":"scroll","background-type":"","background-media":"","overlay-type":"","overlay-color":"","overlay-opacity":"","overlay-gradient":""}}},"product_brand":[],"product_cat":[243,275,273,276],"product_tag":[],"class_list":{"0":"post-6050","1":"product","2":"type-product","3":"status-publish","4":"has-post-thumbnail","6":"product_cat-aumento-del-pene","7":"product_cat-bomba-alargadora-pene","8":"product_cat-juguetes-para-hombres","9":"product_cat-masturbadores-para-ellos","10":"desktop-align-left","11":"tablet-align-left","12":"mobile-align-left","14":"first","15":"instock","16":"sale","17":"shipping-taxable","18":"purchasable","19":"product-type-simple"},"_links":{"self":[{"href":"https:\/\/chibolita.es\/index.php\/wp-json\/wp\/v2\/product\/6050","targetHints":{"allow":["GET"]}}],"collection":[{"href":"https:\/\/chibolita.es\/index.php\/wp-json\/wp\/v2\/product"}],"about":[{"href":"https:\/\/chibolita.es\/index.php\/wp-json\/wp\/v2\/types\/product"}],"replies":[{"embeddable":true,"href":"https:\/\/chibolita.es\/index.php\/wp-json\/wp\/v2\/comments?post=6050"}],"wp:featuredmedia":[{"embeddable":true,"href":"https:\/\/chibolita.es\/index.php\/wp-json\/wp\/v2\/media\/6053"}],"wp:attachment":[{"href":"https:\/\/chibolita.es\/index.php\/wp-json\/wp\/v2\/media?parent=6050"}],"wp:term":[{"taxonomy":"product_brand","embeddable":true,"href":"https:\/\/chibolita.es\/index.php\/wp-json\/wp\/v2\/product_brand?post=6050"},{"taxonomy":"product_cat","embeddable":true,"href":"https:\/\/chibolita.es\/index.php\/wp-json\/wp\/v2\/product_cat?post=6050"},{"taxonomy":"product_tag","embeddable":true,"href":"https:\/\/chibolita.es\/index.php\/wp-json\/wp\/v2\/product_tag?post=6050"}],"curies":[{"name":"wp","href":"https:\/\/api.w.org\/{rel}","templated":true}]}}