{"id":6016,"date":"2023-05-14T14:06:28","date_gmt":"2023-05-14T14:06:28","guid":{"rendered":"https:\/\/chibolita.es\/?post_type=product&#038;p=6016"},"modified":"2023-05-14T14:07:23","modified_gmt":"2023-05-14T14:07:23","slug":"pretty-love-bomba-de-ereccion-automatica-alexander","status":"publish","type":"product","link":"https:\/\/chibolita.es\/index.php\/product\/pretty-love-bomba-de-ereccion-automatica-alexander\/","title":{"rendered":"PRETTY LOVE BOMBA DE ERECCION AUTOMATICA ALEXANDER"},"content":{"rendered":"<p>Una\u00a0bomba de erecci\u00f3n f\u00e1cil de usar incluso para un principiante, es un simple sistema de bombeo del pene que utiliza la succi\u00f3n suave para llegar a su punto m\u00e1s dif\u00edcil.<\/p>\n<p>El tubo est\u00e1 fabricado con un pl\u00e1stico transparente muy fuerte\u00a0y de alta calidad, un sellado perfecto para asegurar el vac\u00edo de aire. Una escala graduada le permite ver el aumento de longitud en tiempo real.<\/p>\n<p>Caracter\u00edsticas:<\/p>\n<ul>\n<li>Bomba de erecci\u00f3n\u00a0Alexander<\/li>\n<li>Material: TPR, PC y ABS<\/li>\n<li>Bater\u00edas: 3AAA<\/li>\n<li>Perfecto para principiantes<\/li>\n<li>Sistema de liberaci\u00f3n r\u00e1pida de la presi\u00f3n<\/li>\n<\/ul>\n<p>Pretty Love fabrica productos de alta calidad. Tienen 1 a\u00f1o de garant\u00eda en defectos t\u00e9cnicos.<\/p>\n","protected":false},"excerpt":{"rendered":"<p>Una\u00a0bomba de erecci\u00f3n f\u00e1cil de usar incluso para un principiante, es un simple sistema de bombeo del pene que utiliza la succi\u00f3n suave para llegar a su punto m\u00e1s dif\u00edcil. El tubo est\u00e1 fabricado con un pl\u00e1stico transparente muy fuerte\u00a0y de alta calidad, un sellado perfecto para asegurar el vac\u00edo de aire. Una escala graduada [&hellip;]<\/p>\n","protected":false},"featured_media":6021,"comment_status":"open","ping_status":"closed","template":"","meta":{"_eb_attr":"","site-sidebar-layout":"default","site-content-layout":"default","ast-site-content-layout":"default","site-content-style":"default","site-sidebar-style":"default","ast-global-header-display":"","ast-banner-title-visibility":"","ast-main-header-display":"","ast-hfb-above-header-display":"","ast-hfb-below-header-display":"","ast-hfb-mobile-header-display":"","site-post-title":"","ast-breadcrumbs-content":"","ast-featured-img":"","footer-sml-layout":"","ast-disable-related-posts":"","theme-transparent-header-meta":"default","adv-header-id-meta":"","stick-header-meta":"","header-above-stick-meta":"","header-main-stick-meta":"","header-below-stick-meta":"","astra-migrate-meta-layouts":"default","ast-page-background-enabled":"default","ast-page-background-meta":{"desktop":{"background-color":"var(--ast-global-color-4)","background-image":"","background-repeat":"repeat","background-position":"center center","background-size":"auto","background-attachment":"scroll","background-type":"","background-media":"","overlay-type":"","overlay-color":"","overlay-opacity":"","overlay-gradient":""},"tablet":{"background-color":"","background-image":"","background-repeat":"repeat","background-position":"center center","background-size":"auto","background-attachment":"scroll","background-type":"","background-media":"","overlay-type":"","overlay-color":"","overlay-opacity":"","overlay-gradient":""},"mobile":{"background-color":"","background-image":"","background-repeat":"repeat","background-position":"center center","background-size":"auto","background-attachment":"scroll","background-type":"","background-media":"","overlay-type":"","overlay-color":"","overlay-opacity":"","overlay-gradient":""}},"ast-content-background-meta":{"desktop":{"background-color":"var(--ast-global-color-5)","background-image":"","background-repeat":"repeat","background-position":"center center","background-size":"auto","background-attachment":"scroll","background-type":"","background-media":"","overlay-type":"","overlay-color":"","overlay-opacity":"","overlay-gradient":""},"tablet":{"background-color":"var(--ast-global-color-5)","background-image":"","background-repeat":"repeat","background-position":"center center","background-size":"auto","background-attachment":"scroll","background-type":"","background-media":"","overlay-type":"","overlay-color":"","overlay-opacity":"","overlay-gradient":""},"mobile":{"background-color":"var(--ast-global-color-5)","background-image":"","background-repeat":"repeat","background-position":"center center","background-size":"auto","background-attachment":"scroll","background-type":"","background-media":"","overlay-type":"","overlay-color":"","overlay-opacity":"","overlay-gradient":""}}},"product_brand":[],"product_cat":[243,275],"product_tag":[],"class_list":{"0":"post-6016","1":"product","2":"type-product","3":"status-publish","4":"has-post-thumbnail","6":"product_cat-aumento-del-pene","7":"product_cat-bomba-alargadora-pene","8":"desktop-align-left","9":"tablet-align-left","10":"mobile-align-left","12":"first","13":"instock","14":"shipping-taxable","15":"purchasable","16":"product-type-simple"},"_links":{"self":[{"href":"https:\/\/chibolita.es\/index.php\/wp-json\/wp\/v2\/product\/6016","targetHints":{"allow":["GET"]}}],"collection":[{"href":"https:\/\/chibolita.es\/index.php\/wp-json\/wp\/v2\/product"}],"about":[{"href":"https:\/\/chibolita.es\/index.php\/wp-json\/wp\/v2\/types\/product"}],"replies":[{"embeddable":true,"href":"https:\/\/chibolita.es\/index.php\/wp-json\/wp\/v2\/comments?post=6016"}],"wp:featuredmedia":[{"embeddable":true,"href":"https:\/\/chibolita.es\/index.php\/wp-json\/wp\/v2\/media\/6021"}],"wp:attachment":[{"href":"https:\/\/chibolita.es\/index.php\/wp-json\/wp\/v2\/media?parent=6016"}],"wp:term":[{"taxonomy":"product_brand","embeddable":true,"href":"https:\/\/chibolita.es\/index.php\/wp-json\/wp\/v2\/product_brand?post=6016"},{"taxonomy":"product_cat","embeddable":true,"href":"https:\/\/chibolita.es\/index.php\/wp-json\/wp\/v2\/product_cat?post=6016"},{"taxonomy":"product_tag","embeddable":true,"href":"https:\/\/chibolita.es\/index.php\/wp-json\/wp\/v2\/product_tag?post=6016"}],"curies":[{"name":"wp","href":"https:\/\/api.w.org\/{rel}","templated":true}]}}