{"id":5848,"date":"2023-05-14T09:09:42","date_gmt":"2023-05-14T09:09:42","guid":{"rendered":"https:\/\/chibolita.es\/?post_type=product&#038;p=5848"},"modified":"2023-05-14T09:10:44","modified_gmt":"2023-05-14T09:10:44","slug":"moressa-brad-premium-silicone-recargable-negro","status":"publish","type":"product","link":"https:\/\/chibolita.es\/index.php\/product\/moressa-brad-premium-silicone-recargable-negro\/","title":{"rendered":"MORESSA BRAD PREMIUM SILICONE RECARGABLE NEGRO"},"content":{"rendered":"<div><strong>SOFISTICADO<\/strong>, por su tecnolog\u00eda y su dedicaci\u00f3n a la firmeza del Hombre<\/div>\n<div><\/div>\n<div><strong>REVOLUCIONARIO<\/strong>, las vibraciones junto a la anilla confortable aplican un climax a ambos cosquilleante e intrigante. \u00a0Una sensaci\u00f3n intensa que recuerda a orgasmos adolescentes.<\/div>\n<div><\/div>\n<div><strong>ELEGANTE<\/strong>, Discreto y silencioso juega a la ambig\u00fcedad de lo que esconde, un anillo que har\u00e1 alargar el acto sexual.<\/div>\n<div><\/div>\n<div>Se adapta r\u00e1pidamente de forma natural a la temperatura de tu cuerpo.<\/div>\n<ul>\n<li>Brad es de f\u00e1cil colocaci\u00f3n gracias a su anilla flexible, tan solo posicionar Brad en la base del pene y activar mediante el bot\u00f3n superior la rotaci\u00f3n que proporciona de forma \u00fanica estimulaci\u00f3n clitorial.<\/li>\n<li>Potente estimulaci\u00f3n clitorial, gracias al rabbit sensorial.<\/li>\n<li>Garantizado: el anillo de silicona es extremamente flexible y se puede quitar en cualquier momento.<\/li>\n<li>Con un alegre dise\u00f1o y una estudiada funcionalidad.<\/li>\n<li>Incorpora un motor recargable con diferentes programas que har\u00e1n de tus veladas remolinos de placer.<\/li>\n<li>Silicona 100% Medica suave<\/li>\n<li>7 Funciones de Vibracion<\/li>\n<li>Material seguro para el cuerpo<\/li>\n<li>Libre de ftalatos<\/li>\n<li>Medida Total; L 39mm x W 57mm x H 65 mm.<\/li>\n<li>Di\u00e1metro interior anilla; 3 cm flexible adaptable a todos los tama\u00f1os de pene<\/li>\n<li>1 motor<\/li>\n<li>Recargable por USB ( Cable incluido )<\/li>\n<li>Ergon\u00f3mico<\/li>\n<li>Sumergible \/ Apto para la ducha o Spa.<\/li>\n<li>Estimulaci\u00f3n clitorial<\/li>\n<li>Control retro iluminado con luces LED<\/li>\n<\/ul>\n<p>Funcionamiento\/Uso<\/p>\n<p>Para encender BRAD, pulsa el bot\u00f3n\u00a0<img decoding=\"async\" src=\"https:\/\/store.dreamlove.es\/UserFiles\/images\/ENCENDIDO.png\" \/>\u00a0 de encendido durante unos 2 segundos. De esta forma se activar\u00e1 la vibraci\u00f3n. Seguidamente pulse el bot\u00f3n\u00a0<img decoding=\"async\" src=\"https:\/\/store.dreamlove.es\/UserFiles\/images\/VIBRCION.png\" \/>\u00a0 que recorrer\u00e1 los 7 modos de vibraci\u00f3n diferentes. Una vez Brad haya finalizado pulse el bot\u00f3n \u00a0<img decoding=\"async\" src=\"https:\/\/store.dreamlove.es\/UserFiles\/images\/ENCENDIDO.png\" \/>\u00a0durante dos segundos y se apagar\u00e1.<\/p>\n<div>Cargar<\/div>\n<div>El vibrador es recargable y permite un manejo c\u00f3modo, sin molestos cables. Antes de utilizarlo por primera vez, debes cargarlo completamente. Utiliza para ello el cable de carga USB incluido.<\/div>\n<div>Introducir la clavija del cable USB\u00a0<img decoding=\"async\" src=\"https:\/\/store.dreamlove.es\/UserFiles\/images\/CARGA.png\" \/>\u00a0 \u00a0en el orificio de conexi\u00f3n de carga. Enchufar a la corriente con un conector o al ordenador mediante USB.<\/div>\n<div><\/div>\n<div><strong>Advertencia<\/strong>: el primer proceso de carga puede durar hasta ocho horas.<\/div>\n<div><\/div>\n<div><strong>Eliminaci\u00f3n<\/strong><\/div>\n<div>La eliminaci\u00f3n de aparatos electr\u00f3nicos debe realizarse seg\u00fan la normativa para residuos peligrosos vigente en la Uni\u00f3n Europea y en otros pa\u00edses europeos o seg\u00fan las reglamentaciones locales. Respeta las normativas de eliminaci\u00f3n de basuras<\/div>\n<div>Espec\u00edficas de tu pa\u00eds y, en caso de duda, pregunta a tu distribuidor sobre las opciones de eliminaci\u00f3n.<\/div>\n<div><\/div>\n<div><strong>Contenido<\/strong><\/div>\n<div><\/div>\n<div>Abrir una caja de productos MORESSA es exclusividad. La satisfacci\u00f3n es nuestro objetivo, por ello hemos cuidado cada detalle.<\/div>\n<ul>\n<li>BRAD Anillo vibrador<\/li>\n<li>Cargador<\/li>\n<li>Manual de usuario<\/li>\n<\/ul>\n<p>Moressa es la marca referente por su dise\u00f1o, calidad y tecnolog\u00eda. Hemos desarrollado un producto innovador y mimado cada proceso de fabricaci\u00f3n para conseguir el mejor resultado. Moressa es s\u00edmbolo de energ\u00eda, fuerza y garant\u00eda. Comprar un Sextoy Moressa es sentirse reflejado con la actualidad. \u00a0Cada Juguete Moressa te transportara a diferentes sensaciones. Un resultado inigualable gracias a la silicona Premium confortable y los dise\u00f1os ergon\u00f3micos.<\/p>\n","protected":false},"excerpt":{"rendered":"<p>SOFISTICADO, por su tecnolog\u00eda y su dedicaci\u00f3n a la firmeza del Hombre REVOLUCIONARIO, las vibraciones junto a la anilla confortable aplican un climax a ambos cosquilleante e intrigante. \u00a0Una sensaci\u00f3n intensa que recuerda a orgasmos adolescentes. ELEGANTE, Discreto y silencioso juega a la ambig\u00fcedad de lo que esconde, un anillo que har\u00e1 alargar el acto [&hellip;]<\/p>\n","protected":false},"featured_media":5851,"comment_status":"open","ping_status":"closed","template":"","meta":{"_eb_attr":"","site-sidebar-layout":"default","site-content-layout":"default","ast-site-content-layout":"default","site-content-style":"default","site-sidebar-style":"default","ast-global-header-display":"","ast-banner-title-visibility":"","ast-main-header-display":"","ast-hfb-above-header-display":"","ast-hfb-below-header-display":"","ast-hfb-mobile-header-display":"","site-post-title":"","ast-breadcrumbs-content":"","ast-featured-img":"","footer-sml-layout":"","ast-disable-related-posts":"","theme-transparent-header-meta":"default","adv-header-id-meta":"","stick-header-meta":"","header-above-stick-meta":"","header-main-stick-meta":"","header-below-stick-meta":"","astra-migrate-meta-layouts":"default","ast-page-background-enabled":"default","ast-page-background-meta":{"desktop":{"background-color":"var(--ast-global-color-4)","background-image":"","background-repeat":"repeat","background-position":"center center","background-size":"auto","background-attachment":"scroll","background-type":"","background-media":"","overlay-type":"","overlay-color":"","overlay-opacity":"","overlay-gradient":""},"tablet":{"background-color":"","background-image":"","background-repeat":"repeat","background-position":"center center","background-size":"auto","background-attachment":"scroll","background-type":"","background-media":"","overlay-type":"","overlay-color":"","overlay-opacity":"","overlay-gradient":""},"mobile":{"background-color":"","background-image":"","background-repeat":"repeat","background-position":"center center","background-size":"auto","background-attachment":"scroll","background-type":"","background-media":"","overlay-type":"","overlay-color":"","overlay-opacity":"","overlay-gradient":""}},"ast-content-background-meta":{"desktop":{"background-color":"var(--ast-global-color-5)","background-image":"","background-repeat":"repeat","background-position":"center center","background-size":"auto","background-attachment":"scroll","background-type":"","background-media":"","overlay-type":"","overlay-color":"","overlay-opacity":"","overlay-gradient":""},"tablet":{"background-color":"var(--ast-global-color-5)","background-image":"","background-repeat":"repeat","background-position":"center center","background-size":"auto","background-attachment":"scroll","background-type":"","background-media":"","overlay-type":"","overlay-color":"","overlay-opacity":"","overlay-gradient":""},"mobile":{"background-color":"var(--ast-global-color-5)","background-image":"","background-repeat":"repeat","background-position":"center center","background-size":"auto","background-attachment":"scroll","background-type":"","background-media":"","overlay-type":"","overlay-color":"","overlay-opacity":"","overlay-gradient":""}}},"product_brand":[],"product_cat":[274,273],"product_tag":[],"class_list":{"0":"post-5848","1":"product","2":"type-product","3":"status-publish","4":"has-post-thumbnail","6":"product_cat-accesorios-para-el-pene","7":"product_cat-juguetes-para-hombres","8":"desktop-align-left","9":"tablet-align-left","10":"mobile-align-left","12":"first","13":"instock","14":"shipping-taxable","15":"purchasable","16":"product-type-simple"},"_links":{"self":[{"href":"https:\/\/chibolita.es\/index.php\/wp-json\/wp\/v2\/product\/5848","targetHints":{"allow":["GET"]}}],"collection":[{"href":"https:\/\/chibolita.es\/index.php\/wp-json\/wp\/v2\/product"}],"about":[{"href":"https:\/\/chibolita.es\/index.php\/wp-json\/wp\/v2\/types\/product"}],"replies":[{"embeddable":true,"href":"https:\/\/chibolita.es\/index.php\/wp-json\/wp\/v2\/comments?post=5848"}],"wp:featuredmedia":[{"embeddable":true,"href":"https:\/\/chibolita.es\/index.php\/wp-json\/wp\/v2\/media\/5851"}],"wp:attachment":[{"href":"https:\/\/chibolita.es\/index.php\/wp-json\/wp\/v2\/media?parent=5848"}],"wp:term":[{"taxonomy":"product_brand","embeddable":true,"href":"https:\/\/chibolita.es\/index.php\/wp-json\/wp\/v2\/product_brand?post=5848"},{"taxonomy":"product_cat","embeddable":true,"href":"https:\/\/chibolita.es\/index.php\/wp-json\/wp\/v2\/product_cat?post=5848"},{"taxonomy":"product_tag","embeddable":true,"href":"https:\/\/chibolita.es\/index.php\/wp-json\/wp\/v2\/product_tag?post=5848"}],"curies":[{"name":"wp","href":"https:\/\/api.w.org\/{rel}","templated":true}]}}