{"id":5630,"date":"2023-05-13T15:31:44","date_gmt":"2023-05-13T15:31:44","guid":{"rendered":"https:\/\/chibolita.es\/?post_type=product&#038;p=5630"},"modified":"2023-05-13T15:33:09","modified_gmt":"2023-05-13T15:33:09","slug":"fleshjack-colby-keller-dildo-19-5-cm","status":"publish","type":"product","link":"https:\/\/chibolita.es\/index.php\/product\/fleshjack-colby-keller-dildo-19-5-cm\/","title":{"rendered":"FLESHJACK COLBY KELLER DILDO 19.5 CM"},"content":{"rendered":"<p>\u00bfEst\u00e1 buscando al hombre ideal? \u00a1Pues no busque m\u00e1s! Tiene ante usted el dildo realista de Colby.<\/p>\n<p>Est\u00e1 tan logrado que hasta es posible que renuncie a lo real. Al igual que la polla de Colby, este dildo tiene la gordura y longitud perfecta para satisfacer todas sus necesidades una y otra vez.<\/p>\n<ul>\n<li>R\u00e9plica del pene de Colby Keller<\/li>\n<li>Fabricado con silicona platino de la mejor calidad.<\/li>\n<li>Sensaci\u00f3n real\u00edstica<\/li>\n<li>Longitud desde la base hasta la punta: 7.5&#8243; incluyendo los test\u00edculos.<\/li>\n<li>Longitud insertable 5.75&#8243; excluyendo los test\u00edculos.<\/li>\n<li>Circunferencia en la base del pene: 6&#8243;.<\/li>\n<\/ul>\n<p>Por fin podr\u00e1 disfrutar de una de las estrellas del porno m\u00e1s solicitadas.\u00a0\u00a1Prep\u00e1rese para un viaje al lado salvaje! Este le\u00f1ador le echar\u00e1 una mano con su tronco. Moldeado sobre el cuerpo del mism\u00edsimo actor.<\/p>\n","protected":false},"excerpt":{"rendered":"<p>\u00bfEst\u00e1 buscando al hombre ideal? \u00a1Pues no busque m\u00e1s! Tiene ante usted el dildo realista de Colby. Est\u00e1 tan logrado que hasta es posible que renuncie a lo real. Al igual que la polla de Colby, este dildo tiene la gordura y longitud perfecta para satisfacer todas sus necesidades una y otra vez. R\u00e9plica del [&hellip;]<\/p>\n","protected":false},"featured_media":5631,"comment_status":"open","ping_status":"closed","template":"","meta":{"_eb_attr":"","site-sidebar-layout":"default","site-content-layout":"default","ast-site-content-layout":"default","site-content-style":"default","site-sidebar-style":"default","ast-global-header-display":"","ast-banner-title-visibility":"","ast-main-header-display":"","ast-hfb-above-header-display":"","ast-hfb-below-header-display":"","ast-hfb-mobile-header-display":"","site-post-title":"","ast-breadcrumbs-content":"","ast-featured-img":"","footer-sml-layout":"","ast-disable-related-posts":"","theme-transparent-header-meta":"default","adv-header-id-meta":"","stick-header-meta":"","header-above-stick-meta":"","header-main-stick-meta":"","header-below-stick-meta":"","astra-migrate-meta-layouts":"default","ast-page-background-enabled":"default","ast-page-background-meta":{"desktop":{"background-color":"var(--ast-global-color-4)","background-image":"","background-repeat":"repeat","background-position":"center center","background-size":"auto","background-attachment":"scroll","background-type":"","background-media":"","overlay-type":"","overlay-color":"","overlay-opacity":"","overlay-gradient":""},"tablet":{"background-color":"","background-image":"","background-repeat":"repeat","background-position":"center center","background-size":"auto","background-attachment":"scroll","background-type":"","background-media":"","overlay-type":"","overlay-color":"","overlay-opacity":"","overlay-gradient":""},"mobile":{"background-color":"","background-image":"","background-repeat":"repeat","background-position":"center center","background-size":"auto","background-attachment":"scroll","background-type":"","background-media":"","overlay-type":"","overlay-color":"","overlay-opacity":"","overlay-gradient":""}},"ast-content-background-meta":{"desktop":{"background-color":"var(--ast-global-color-5)","background-image":"","background-repeat":"repeat","background-position":"center center","background-size":"auto","background-attachment":"scroll","background-type":"","background-media":"","overlay-type":"","overlay-color":"","overlay-opacity":"","overlay-gradient":""},"tablet":{"background-color":"var(--ast-global-color-5)","background-image":"","background-repeat":"repeat","background-position":"center center","background-size":"auto","background-attachment":"scroll","background-type":"","background-media":"","overlay-type":"","overlay-color":"","overlay-opacity":"","overlay-gradient":""},"mobile":{"background-color":"var(--ast-global-color-5)","background-image":"","background-repeat":"repeat","background-position":"center center","background-size":"auto","background-attachment":"scroll","background-type":"","background-media":"","overlay-type":"","overlay-color":"","overlay-opacity":"","overlay-gradient":""}}},"product_brand":[],"product_cat":[271,261,260,268],"product_tag":[],"class_list":{"0":"post-5630","1":"product","2":"type-product","3":"status-publish","4":"has-post-thumbnail","6":"product_cat-dildo-coleccion","7":"product_cat-dildos","8":"product_cat-dildos-y-vibradores","9":"product_cat-special-gay","10":"desktop-align-left","11":"tablet-align-left","12":"mobile-align-left","14":"first","15":"instock","16":"sale","17":"shipping-taxable","18":"purchasable","19":"product-type-simple"},"_links":{"self":[{"href":"https:\/\/chibolita.es\/index.php\/wp-json\/wp\/v2\/product\/5630","targetHints":{"allow":["GET"]}}],"collection":[{"href":"https:\/\/chibolita.es\/index.php\/wp-json\/wp\/v2\/product"}],"about":[{"href":"https:\/\/chibolita.es\/index.php\/wp-json\/wp\/v2\/types\/product"}],"replies":[{"embeddable":true,"href":"https:\/\/chibolita.es\/index.php\/wp-json\/wp\/v2\/comments?post=5630"}],"wp:featuredmedia":[{"embeddable":true,"href":"https:\/\/chibolita.es\/index.php\/wp-json\/wp\/v2\/media\/5631"}],"wp:attachment":[{"href":"https:\/\/chibolita.es\/index.php\/wp-json\/wp\/v2\/media?parent=5630"}],"wp:term":[{"taxonomy":"product_brand","embeddable":true,"href":"https:\/\/chibolita.es\/index.php\/wp-json\/wp\/v2\/product_brand?post=5630"},{"taxonomy":"product_cat","embeddable":true,"href":"https:\/\/chibolita.es\/index.php\/wp-json\/wp\/v2\/product_cat?post=5630"},{"taxonomy":"product_tag","embeddable":true,"href":"https:\/\/chibolita.es\/index.php\/wp-json\/wp\/v2\/product_tag?post=5630"}],"curies":[{"name":"wp","href":"https:\/\/api.w.org\/{rel}","templated":true}]}}