{"id":5623,"date":"2023-05-13T15:27:02","date_gmt":"2023-05-13T15:27:02","guid":{"rendered":"https:\/\/chibolita.es\/?post_type=product&#038;p=5623"},"modified":"2023-05-13T15:28:13","modified_gmt":"2023-05-13T15:28:13","slug":"colt-pene-realistico-adam-dexter","status":"publish","type":"product","link":"https:\/\/chibolita.es\/index.php\/product\/colt-pene-realistico-adam-dexter\/","title":{"rendered":"COLT PENE REALISTICO ADAM DEXTER"},"content":{"rendered":"<p>R\u00e9plica del pene de la estrella del porno Adam Dexter, a tama\u00f1o real.<\/p>\n<p>Dispone de todo lujo de detalles, glande, venas y test\u00edculos muy bien reproducidos, con apariencia completamente real, para llegar a la m\u00e1xima estimulaci\u00f3n e incre\u00edbles sensaciones.<\/p>\n<p>De alt\u00edsima calidad. Incre\u00edble material Better Than Real Plus que te har\u00e1 pensar que tienes uno real en tus manos.<\/p>\n<p>Incluye una potente ventosa circular en su base, para una mayor sujeci\u00f3n.<\/p>\n<p>Este pene real\u00edstico no tiene nada que ver con los dem\u00e1s de su clase.<\/p>\n<ul>\n<li>Serie COLT COCK.<\/li>\n<\/ul>\n<p>Se entrega con una pr\u00e1ctica funda para mantenerlo en perfectas condiciones.<\/p>\n<p>Medidas: 21 cm x 4,5 cm.<\/p>\n","protected":false},"excerpt":{"rendered":"<p>R\u00e9plica del pene de la estrella del porno Adam Dexter, a tama\u00f1o real. Dispone de todo lujo de detalles, glande, venas y test\u00edculos muy bien reproducidos, con apariencia completamente real, para llegar a la m\u00e1xima estimulaci\u00f3n e incre\u00edbles sensaciones. De alt\u00edsima calidad. Incre\u00edble material Better Than Real Plus que te har\u00e1 pensar que tienes uno [&hellip;]<\/p>\n","protected":false},"featured_media":5625,"comment_status":"open","ping_status":"closed","template":"","meta":{"_eb_attr":"","site-sidebar-layout":"default","site-content-layout":"default","ast-site-content-layout":"default","site-content-style":"default","site-sidebar-style":"default","ast-global-header-display":"","ast-banner-title-visibility":"","ast-main-header-display":"","ast-hfb-above-header-display":"","ast-hfb-below-header-display":"","ast-hfb-mobile-header-display":"","site-post-title":"","ast-breadcrumbs-content":"","ast-featured-img":"","footer-sml-layout":"","ast-disable-related-posts":"","theme-transparent-header-meta":"default","adv-header-id-meta":"","stick-header-meta":"","header-above-stick-meta":"","header-main-stick-meta":"","header-below-stick-meta":"","astra-migrate-meta-layouts":"default","ast-page-background-enabled":"default","ast-page-background-meta":{"desktop":{"background-color":"var(--ast-global-color-4)","background-image":"","background-repeat":"repeat","background-position":"center center","background-size":"auto","background-attachment":"scroll","background-type":"","background-media":"","overlay-type":"","overlay-color":"","overlay-opacity":"","overlay-gradient":""},"tablet":{"background-color":"","background-image":"","background-repeat":"repeat","background-position":"center center","background-size":"auto","background-attachment":"scroll","background-type":"","background-media":"","overlay-type":"","overlay-color":"","overlay-opacity":"","overlay-gradient":""},"mobile":{"background-color":"","background-image":"","background-repeat":"repeat","background-position":"center center","background-size":"auto","background-attachment":"scroll","background-type":"","background-media":"","overlay-type":"","overlay-color":"","overlay-opacity":"","overlay-gradient":""}},"ast-content-background-meta":{"desktop":{"background-color":"var(--ast-global-color-5)","background-image":"","background-repeat":"repeat","background-position":"center center","background-size":"auto","background-attachment":"scroll","background-type":"","background-media":"","overlay-type":"","overlay-color":"","overlay-opacity":"","overlay-gradient":""},"tablet":{"background-color":"var(--ast-global-color-5)","background-image":"","background-repeat":"repeat","background-position":"center center","background-size":"auto","background-attachment":"scroll","background-type":"","background-media":"","overlay-type":"","overlay-color":"","overlay-opacity":"","overlay-gradient":""},"mobile":{"background-color":"var(--ast-global-color-5)","background-image":"","background-repeat":"repeat","background-position":"center center","background-size":"auto","background-attachment":"scroll","background-type":"","background-media":"","overlay-type":"","overlay-color":"","overlay-opacity":"","overlay-gradient":""}}},"product_brand":[],"product_cat":[261,260,268],"product_tag":[],"class_list":{"0":"post-5623","1":"product","2":"type-product","3":"status-publish","4":"has-post-thumbnail","6":"product_cat-dildos","7":"product_cat-dildos-y-vibradores","8":"product_cat-special-gay","9":"desktop-align-left","10":"tablet-align-left","11":"mobile-align-left","13":"first","14":"instock","15":"sale","16":"shipping-taxable","17":"purchasable","18":"product-type-simple"},"_links":{"self":[{"href":"https:\/\/chibolita.es\/index.php\/wp-json\/wp\/v2\/product\/5623","targetHints":{"allow":["GET"]}}],"collection":[{"href":"https:\/\/chibolita.es\/index.php\/wp-json\/wp\/v2\/product"}],"about":[{"href":"https:\/\/chibolita.es\/index.php\/wp-json\/wp\/v2\/types\/product"}],"replies":[{"embeddable":true,"href":"https:\/\/chibolita.es\/index.php\/wp-json\/wp\/v2\/comments?post=5623"}],"wp:featuredmedia":[{"embeddable":true,"href":"https:\/\/chibolita.es\/index.php\/wp-json\/wp\/v2\/media\/5625"}],"wp:attachment":[{"href":"https:\/\/chibolita.es\/index.php\/wp-json\/wp\/v2\/media?parent=5623"}],"wp:term":[{"taxonomy":"product_brand","embeddable":true,"href":"https:\/\/chibolita.es\/index.php\/wp-json\/wp\/v2\/product_brand?post=5623"},{"taxonomy":"product_cat","embeddable":true,"href":"https:\/\/chibolita.es\/index.php\/wp-json\/wp\/v2\/product_cat?post=5623"},{"taxonomy":"product_tag","embeddable":true,"href":"https:\/\/chibolita.es\/index.php\/wp-json\/wp\/v2\/product_tag?post=5623"}],"curies":[{"name":"wp","href":"https:\/\/api.w.org\/{rel}","templated":true}]}}