{"id":5550,"date":"2023-05-13T14:55:44","date_gmt":"2023-05-13T14:55:44","guid":{"rendered":"https:\/\/chibolita.es\/?post_type=product&#038;p=5550"},"modified":"2023-05-13T14:57:21","modified_gmt":"2023-05-13T14:57:21","slug":"fleshlight-herspot-dildo-curvado-golden-rose-l","status":"publish","type":"product","link":"https:\/\/chibolita.es\/index.php\/product\/fleshlight-herspot-dildo-curvado-golden-rose-l\/","title":{"rendered":"FLESHLIGHT HERSPOT DILDO CURVADO &#8211; GOLDEN ROSE L"},"content":{"rendered":"<p>Los dildos HerSpot han sido fabricados por la copropietaria\u00a0 de Fleshlight Kathy Shubin para proporcionar juguetes de alta calidad para las mujeres y empoderar a las mujeres a\u00a0abrazar su sexualidad.<\/p>\n<p>Los dildos Golden Rose son flexibles pero firmes, perfectos para todo, desde un juego suave hasta una sesi\u00f3n intensa. El eje curvo y la cabeza sutil son ideales para el juego de punto g. La l\u00ednea de consoladores Golden Rose tiene un tama\u00f1o realista con tres opciones de tama\u00f1o: peque\u00f1o, mediano y grande.<\/p>\n<p>\u00c1mate a ti misma\u00a0con nuestra lujosa l\u00ednea de juguetes femeninos HerSpot.<\/p>\n<p>Funciones:<\/p>\n<ul>\n<li>Longitud desde la base hasta la punta: 17.8 cm<\/li>\n<li>Circunferencia en la base: 13.2 cm<\/li>\n<li>Fabricado con silicona curada con platino de la m\u00e1s alta calidad<\/li>\n<li>Hipoalerg\u00e9nico y seguro para el cuerpo<\/li>\n<li>Seguro para la inserci\u00f3n vaginal y anal<\/li>\n<li>Compatible con arneses<\/li>\n<li>Compatible con el mango del consolador<\/li>\n<\/ul>\n<p>Como usar :<\/p>\n<p>Lubrique el producto generosamente antes de la inserci\u00f3n. Aseg\u00farese de usar solo lubricantes a base de agua o aceite. Los lubricantes a base de silicona deteriorar\u00e1n el material de silicona curado con platino.<\/p>\n<p>Cuidados:<\/p>\n<p>Lavar con agua y jab\u00f3n antibacteriano. Para una limpieza a fondo, hervir en agua caliente o pasar por el ciclo del lavavajillas. Deje que el producto se seque completamente al aire o seque con un pa\u00f1o sin pelusas antes de almacenarlo.<\/p>\n","protected":false},"excerpt":{"rendered":"<p>Los dildos HerSpot han sido fabricados por la copropietaria\u00a0 de Fleshlight Kathy Shubin para proporcionar juguetes de alta calidad para las mujeres y empoderar a las mujeres a\u00a0abrazar su sexualidad. Los dildos Golden Rose son flexibles pero firmes, perfectos para todo, desde un juego suave hasta una sesi\u00f3n intensa. El eje curvo y la cabeza [&hellip;]<\/p>\n","protected":false},"featured_media":5555,"comment_status":"open","ping_status":"closed","template":"","meta":{"_eb_attr":"","site-sidebar-layout":"default","site-content-layout":"default","ast-site-content-layout":"default","site-content-style":"default","site-sidebar-style":"default","ast-global-header-display":"","ast-banner-title-visibility":"","ast-main-header-display":"","ast-hfb-above-header-display":"","ast-hfb-below-header-display":"","ast-hfb-mobile-header-display":"","site-post-title":"","ast-breadcrumbs-content":"","ast-featured-img":"","footer-sml-layout":"","ast-disable-related-posts":"","theme-transparent-header-meta":"default","adv-header-id-meta":"","stick-header-meta":"","header-above-stick-meta":"","header-main-stick-meta":"","header-below-stick-meta":"","astra-migrate-meta-layouts":"default","ast-page-background-enabled":"default","ast-page-background-meta":{"desktop":{"background-color":"var(--ast-global-color-4)","background-image":"","background-repeat":"repeat","background-position":"center center","background-size":"auto","background-attachment":"scroll","background-type":"","background-media":"","overlay-type":"","overlay-color":"","overlay-opacity":"","overlay-gradient":""},"tablet":{"background-color":"","background-image":"","background-repeat":"repeat","background-position":"center center","background-size":"auto","background-attachment":"scroll","background-type":"","background-media":"","overlay-type":"","overlay-color":"","overlay-opacity":"","overlay-gradient":""},"mobile":{"background-color":"","background-image":"","background-repeat":"repeat","background-position":"center center","background-size":"auto","background-attachment":"scroll","background-type":"","background-media":"","overlay-type":"","overlay-color":"","overlay-opacity":"","overlay-gradient":""}},"ast-content-background-meta":{"desktop":{"background-color":"var(--ast-global-color-5)","background-image":"","background-repeat":"repeat","background-position":"center center","background-size":"auto","background-attachment":"scroll","background-type":"","background-media":"","overlay-type":"","overlay-color":"","overlay-opacity":"","overlay-gradient":""},"tablet":{"background-color":"var(--ast-global-color-5)","background-image":"","background-repeat":"repeat","background-position":"center center","background-size":"auto","background-attachment":"scroll","background-type":"","background-media":"","overlay-type":"","overlay-color":"","overlay-opacity":"","overlay-gradient":""},"mobile":{"background-color":"var(--ast-global-color-5)","background-image":"","background-repeat":"repeat","background-position":"center center","background-size":"auto","background-attachment":"scroll","background-type":"","background-media":"","overlay-type":"","overlay-color":"","overlay-opacity":"","overlay-gradient":""}}},"product_brand":[],"product_cat":[271,261,260],"product_tag":[],"class_list":{"0":"post-5550","1":"product","2":"type-product","3":"status-publish","4":"has-post-thumbnail","6":"product_cat-dildo-coleccion","7":"product_cat-dildos","8":"product_cat-dildos-y-vibradores","9":"desktop-align-left","10":"tablet-align-left","11":"mobile-align-left","13":"first","14":"instock","15":"shipping-taxable","16":"purchasable","17":"product-type-simple"},"_links":{"self":[{"href":"https:\/\/chibolita.es\/index.php\/wp-json\/wp\/v2\/product\/5550","targetHints":{"allow":["GET"]}}],"collection":[{"href":"https:\/\/chibolita.es\/index.php\/wp-json\/wp\/v2\/product"}],"about":[{"href":"https:\/\/chibolita.es\/index.php\/wp-json\/wp\/v2\/types\/product"}],"replies":[{"embeddable":true,"href":"https:\/\/chibolita.es\/index.php\/wp-json\/wp\/v2\/comments?post=5550"}],"wp:featuredmedia":[{"embeddable":true,"href":"https:\/\/chibolita.es\/index.php\/wp-json\/wp\/v2\/media\/5555"}],"wp:attachment":[{"href":"https:\/\/chibolita.es\/index.php\/wp-json\/wp\/v2\/media?parent=5550"}],"wp:term":[{"taxonomy":"product_brand","embeddable":true,"href":"https:\/\/chibolita.es\/index.php\/wp-json\/wp\/v2\/product_brand?post=5550"},{"taxonomy":"product_cat","embeddable":true,"href":"https:\/\/chibolita.es\/index.php\/wp-json\/wp\/v2\/product_cat?post=5550"},{"taxonomy":"product_tag","embeddable":true,"href":"https:\/\/chibolita.es\/index.php\/wp-json\/wp\/v2\/product_tag?post=5550"}],"curies":[{"name":"wp","href":"https:\/\/api.w.org\/{rel}","templated":true}]}}