{"id":5293,"date":"2023-05-12T21:50:35","date_gmt":"2023-05-12T21:50:35","guid":{"rendered":"https:\/\/chibolita.es\/?post_type=product&#038;p=5293"},"modified":"2023-05-12T22:03:11","modified_gmt":"2023-05-12T22:03:11","slug":"cloneboy-kit-clonador-de-pene-negro","status":"publish","type":"product","link":"https:\/\/chibolita.es\/index.php\/product\/cloneboy-kit-clonador-de-pene-negro\/","title":{"rendered":"CLONEBOY KIT CLONADOR DE PENE NEGRO"},"content":{"rendered":"<p>Consolador Cloneboy Negro | Diversi\u00f3n para todos<\/p>\n<p>Despu\u00e9s del \u00e9xito de la primera serie, el equipo de Cloneboy desarroll\u00f3 una serie Cloneboy completamente nueva. La simplicidad del kit le permite crear su propio Clon en unos sencillos pasos con resultados perfectos en todo momento. A diferencia de otros kits de clones, Cloneboy siempre brinda una segunda oportunidad para hacer un segundo molde si el primero falla, un anillo de pene de lazo que garantiza que mantenga una erecci\u00f3n durante el proceso de moldeo, es mucho m\u00e1s f\u00e1cil de usar con un tiempo de fraguado de molde de 3 minutos m\u00e1s largo y tiene una funda de estimulaci\u00f3n adicional que se puede usar con la creaci\u00f3n de su propio pene. El kit es adecuado para penes de todos los tama\u00f1os. Incluso doblar los.<\/p>\n<p>El kit Cloneboy Cast Your Own Dildo contiene todos los elementos necesarios para hacer una copia de caucho de silicona de su pene, ya sea solo o junto con su pareja. El Cloneboy no contiene yeso que pueda irritar la piel y utiliza un material de moldeo probado m\u00e9dicamente hecho de algas naturales.<\/p>\n","protected":false},"excerpt":{"rendered":"<p>Consolador Cloneboy Negro | Diversi\u00f3n para todos Despu\u00e9s del \u00e9xito de la primera serie, el equipo de Cloneboy desarroll\u00f3 una serie Cloneboy completamente nueva. La simplicidad del kit le permite crear su propio Clon en unos sencillos pasos con resultados perfectos en todo momento. A diferencia de otros kits de clones, Cloneboy siempre brinda una [&hellip;]<\/p>\n","protected":false},"featured_media":5295,"comment_status":"open","ping_status":"closed","template":"","meta":{"_eb_attr":"","site-sidebar-layout":"default","site-content-layout":"default","ast-site-content-layout":"default","site-content-style":"default","site-sidebar-style":"default","ast-global-header-display":"","ast-banner-title-visibility":"","ast-main-header-display":"","ast-hfb-above-header-display":"","ast-hfb-below-header-display":"","ast-hfb-mobile-header-display":"","site-post-title":"","ast-breadcrumbs-content":"","ast-featured-img":"","footer-sml-layout":"","ast-disable-related-posts":"","theme-transparent-header-meta":"default","adv-header-id-meta":"","stick-header-meta":"","header-above-stick-meta":"","header-main-stick-meta":"","header-below-stick-meta":"","astra-migrate-meta-layouts":"default","ast-page-background-enabled":"default","ast-page-background-meta":{"desktop":{"background-color":"var(--ast-global-color-4)","background-image":"","background-repeat":"repeat","background-position":"center center","background-size":"auto","background-attachment":"scroll","background-type":"","background-media":"","overlay-type":"","overlay-color":"","overlay-opacity":"","overlay-gradient":""},"tablet":{"background-color":"","background-image":"","background-repeat":"repeat","background-position":"center center","background-size":"auto","background-attachment":"scroll","background-type":"","background-media":"","overlay-type":"","overlay-color":"","overlay-opacity":"","overlay-gradient":""},"mobile":{"background-color":"","background-image":"","background-repeat":"repeat","background-position":"center center","background-size":"auto","background-attachment":"scroll","background-type":"","background-media":"","overlay-type":"","overlay-color":"","overlay-opacity":"","overlay-gradient":""}},"ast-content-background-meta":{"desktop":{"background-color":"var(--ast-global-color-5)","background-image":"","background-repeat":"repeat","background-position":"center center","background-size":"auto","background-attachment":"scroll","background-type":"","background-media":"","overlay-type":"","overlay-color":"","overlay-opacity":"","overlay-gradient":""},"tablet":{"background-color":"var(--ast-global-color-5)","background-image":"","background-repeat":"repeat","background-position":"center center","background-size":"auto","background-attachment":"scroll","background-type":"","background-media":"","overlay-type":"","overlay-color":"","overlay-opacity":"","overlay-gradient":""},"mobile":{"background-color":"var(--ast-global-color-5)","background-image":"","background-repeat":"repeat","background-position":"center center","background-size":"auto","background-attachment":"scroll","background-type":"","background-media":"","overlay-type":"","overlay-color":"","overlay-opacity":"","overlay-gradient":""}}},"product_brand":[],"product_cat":[261,260,268],"product_tag":[],"class_list":{"0":"post-5293","1":"product","2":"type-product","3":"status-publish","4":"has-post-thumbnail","6":"product_cat-dildos","7":"product_cat-dildos-y-vibradores","8":"product_cat-special-gay","9":"desktop-align-left","10":"tablet-align-left","11":"mobile-align-left","13":"first","14":"instock","15":"shipping-taxable","16":"purchasable","17":"product-type-simple"},"_links":{"self":[{"href":"https:\/\/chibolita.es\/index.php\/wp-json\/wp\/v2\/product\/5293","targetHints":{"allow":["GET"]}}],"collection":[{"href":"https:\/\/chibolita.es\/index.php\/wp-json\/wp\/v2\/product"}],"about":[{"href":"https:\/\/chibolita.es\/index.php\/wp-json\/wp\/v2\/types\/product"}],"replies":[{"embeddable":true,"href":"https:\/\/chibolita.es\/index.php\/wp-json\/wp\/v2\/comments?post=5293"}],"wp:featuredmedia":[{"embeddable":true,"href":"https:\/\/chibolita.es\/index.php\/wp-json\/wp\/v2\/media\/5295"}],"wp:attachment":[{"href":"https:\/\/chibolita.es\/index.php\/wp-json\/wp\/v2\/media?parent=5293"}],"wp:term":[{"taxonomy":"product_brand","embeddable":true,"href":"https:\/\/chibolita.es\/index.php\/wp-json\/wp\/v2\/product_brand?post=5293"},{"taxonomy":"product_cat","embeddable":true,"href":"https:\/\/chibolita.es\/index.php\/wp-json\/wp\/v2\/product_cat?post=5293"},{"taxonomy":"product_tag","embeddable":true,"href":"https:\/\/chibolita.es\/index.php\/wp-json\/wp\/v2\/product_tag?post=5293"}],"curies":[{"name":"wp","href":"https:\/\/api.w.org\/{rel}","templated":true}]}}