{"id":4962,"date":"2023-05-11T21:56:05","date_gmt":"2023-05-11T21:56:05","guid":{"rendered":"https:\/\/chibolita.es\/?post_type=product&#038;p=4962"},"modified":"2023-05-11T21:57:08","modified_gmt":"2023-05-11T21:57:08","slug":"hot-lady-ii-rotador-rabbit-pearl","status":"publish","type":"product","link":"https:\/\/chibolita.es\/index.php\/product\/hot-lady-ii-rotador-rabbit-pearl\/","title":{"rendered":"HOT LADY II ROTADOR RABBIT PEARL"},"content":{"rendered":"<p>Para las mujeres que prefieren las cosas buenas de la vida, este Hot Lady Rabbit Pearl dispone de un dise\u00f1o brillante y es el must en el caj\u00f3n de cada mujer!<\/p>\n<p>Fabricado con TPE seguro para el cuerpo y libre de phtalatos, este vibrador con doble estimulaci\u00f3n\u00a0 dispone de dos hileras de brillantes perlas met\u00e1licas, un eje de rotaci\u00f3n suave y un potente estimulador con forma de conejito para tu cl\u00edtoris que te estimular\u00e1 y satisfacer\u00e1.<\/p>\n<ul>\n<li>Los controles est\u00e1n separados para que puedas escoger la combinaci\u00f3n que m\u00e1s desees, el control de la diversi\u00f3n lo tienes en tus manos.<\/li>\n<li>Medidas: 24cm desde la base x 3,6 cm.<\/li>\n<li>Funciona con 3 pilas R6\/AA que puedes encontrar en la secci\u00f3n Pilas.<\/li>\n<\/ul>\n<p>Cuando hayas terminado, lo podr\u00e1s limpiar facilmente con agua tibia y un gel de ba\u00f1o ph neutro.<\/p>\n","protected":false},"excerpt":{"rendered":"<p>Para las mujeres que prefieren las cosas buenas de la vida, este Hot Lady Rabbit Pearl dispone de un dise\u00f1o brillante y es el must en el caj\u00f3n de cada mujer! Fabricado con TPE seguro para el cuerpo y libre de phtalatos, este vibrador con doble estimulaci\u00f3n\u00a0 dispone de dos hileras de brillantes perlas met\u00e1licas, [&hellip;]<\/p>\n","protected":false},"featured_media":4967,"comment_status":"open","ping_status":"closed","template":"","meta":{"_eb_attr":"","site-sidebar-layout":"default","site-content-layout":"default","ast-site-content-layout":"default","site-content-style":"default","site-sidebar-style":"default","ast-global-header-display":"","ast-banner-title-visibility":"","ast-main-header-display":"","ast-hfb-above-header-display":"","ast-hfb-below-header-display":"","ast-hfb-mobile-header-display":"","site-post-title":"","ast-breadcrumbs-content":"","ast-featured-img":"","footer-sml-layout":"","ast-disable-related-posts":"","theme-transparent-header-meta":"default","adv-header-id-meta":"","stick-header-meta":"","header-above-stick-meta":"","header-main-stick-meta":"","header-below-stick-meta":"","astra-migrate-meta-layouts":"default","ast-page-background-enabled":"default","ast-page-background-meta":{"desktop":{"background-color":"var(--ast-global-color-4)","background-image":"","background-repeat":"repeat","background-position":"center center","background-size":"auto","background-attachment":"scroll","background-type":"","background-media":"","overlay-type":"","overlay-color":"","overlay-opacity":"","overlay-gradient":""},"tablet":{"background-color":"","background-image":"","background-repeat":"repeat","background-position":"center center","background-size":"auto","background-attachment":"scroll","background-type":"","background-media":"","overlay-type":"","overlay-color":"","overlay-opacity":"","overlay-gradient":""},"mobile":{"background-color":"","background-image":"","background-repeat":"repeat","background-position":"center center","background-size":"auto","background-attachment":"scroll","background-type":"","background-media":"","overlay-type":"","overlay-color":"","overlay-opacity":"","overlay-gradient":""}},"ast-content-background-meta":{"desktop":{"background-color":"var(--ast-global-color-5)","background-image":"","background-repeat":"repeat","background-position":"center center","background-size":"auto","background-attachment":"scroll","background-type":"","background-media":"","overlay-type":"","overlay-color":"","overlay-opacity":"","overlay-gradient":""},"tablet":{"background-color":"var(--ast-global-color-5)","background-image":"","background-repeat":"repeat","background-position":"center center","background-size":"auto","background-attachment":"scroll","background-type":"","background-media":"","overlay-type":"","overlay-color":"","overlay-opacity":"","overlay-gradient":""},"mobile":{"background-color":"var(--ast-global-color-5)","background-image":"","background-repeat":"repeat","background-position":"center center","background-size":"auto","background-attachment":"scroll","background-type":"","background-media":"","overlay-type":"","overlay-color":"","overlay-opacity":"","overlay-gradient":""}}},"product_brand":[],"product_cat":[260,262],"product_tag":[],"class_list":{"0":"post-4962","1":"product","2":"type-product","3":"status-publish","4":"has-post-thumbnail","6":"product_cat-dildos-y-vibradores","7":"product_cat-vibradores","8":"desktop-align-left","9":"tablet-align-left","10":"mobile-align-left","12":"first","13":"instock","14":"shipping-taxable","15":"purchasable","16":"product-type-simple"},"_links":{"self":[{"href":"https:\/\/chibolita.es\/index.php\/wp-json\/wp\/v2\/product\/4962","targetHints":{"allow":["GET"]}}],"collection":[{"href":"https:\/\/chibolita.es\/index.php\/wp-json\/wp\/v2\/product"}],"about":[{"href":"https:\/\/chibolita.es\/index.php\/wp-json\/wp\/v2\/types\/product"}],"replies":[{"embeddable":true,"href":"https:\/\/chibolita.es\/index.php\/wp-json\/wp\/v2\/comments?post=4962"}],"wp:featuredmedia":[{"embeddable":true,"href":"https:\/\/chibolita.es\/index.php\/wp-json\/wp\/v2\/media\/4967"}],"wp:attachment":[{"href":"https:\/\/chibolita.es\/index.php\/wp-json\/wp\/v2\/media?parent=4962"}],"wp:term":[{"taxonomy":"product_brand","embeddable":true,"href":"https:\/\/chibolita.es\/index.php\/wp-json\/wp\/v2\/product_brand?post=4962"},{"taxonomy":"product_cat","embeddable":true,"href":"https:\/\/chibolita.es\/index.php\/wp-json\/wp\/v2\/product_cat?post=4962"},{"taxonomy":"product_tag","embeddable":true,"href":"https:\/\/chibolita.es\/index.php\/wp-json\/wp\/v2\/product_tag?post=4962"}],"curies":[{"name":"wp","href":"https:\/\/api.w.org\/{rel}","templated":true}]}}