{"id":4899,"date":"2023-05-11T06:53:11","date_gmt":"2023-05-11T06:53:11","guid":{"rendered":"https:\/\/chibolita.es\/?post_type=product&#038;p=4899"},"modified":"2024-02-10T17:11:21","modified_gmt":"2024-02-10T17:11:21","slug":"provirilia-gel-intimo-masculino-para-potenciar-el-rendimiento-sexual","status":"publish","type":"product","link":"https:\/\/chibolita.es\/index.php\/product\/provirilia-gel-intimo-masculino-para-potenciar-el-rendimiento-sexual\/","title":{"rendered":"PROVIRILIA &#8211; Gel \u00edntimo masculino para potenciar el rendimiento sexual"},"content":{"rendered":"<p><span>Provirilia es un gel \u00edntimo con efecto fr\u00edo que aumenta el rendimiento sexual, maximizando el placer de las relaciones para unas relaciones sexuales m\u00e1s duraderas.\u00a0Gracias a sus nuevos ingredientes como el lactato de mentilo.<\/span><\/p>\n<p><span>Obtendr\u00e1s estos beneficios:<\/span><\/p>\n<ul>\n<li><span>Mejorar el rendimiento sexual<\/span><\/li>\n<li><span>Maximiza el placer gracias a su efecto cool<\/span><\/li>\n<li><span>relaciones m\u00e1s satisfactorias<\/span><\/li>\n<\/ul>\n<p><span>Adem\u00e1s, adem\u00e1s:<\/span><\/p>\n<ul>\n<li><span>Gana m\u00e1s confianza en tus relaciones<\/span><\/li>\n<li><span>tener m\u00e1s placer<\/span><\/li>\n<li><span>aumenta tu libido<\/span><\/li>\n<li><span>Indicaci\u00f3n: Hombres que deseen mejorar el rendimiento sexual.<\/span><\/li>\n<li><span>Modo de empleo: Aplicar ligeras gotas en el pene, masajear la zona y esperar unos minutos a que se absorba antes de la relaci\u00f3n sexual.<\/span><\/li>\n<li><span>Formato: Gel \u2013 50 ml<\/span><\/li>\n<\/ul>\n","protected":false},"excerpt":{"rendered":"<p>Provirilia es un gel \u00edntimo con efecto fr\u00edo que aumenta el rendimiento sexual, maximizando el placer de las relaciones para unas relaciones sexuales m\u00e1s duraderas.\u00a0Gracias a sus nuevos ingredientes como el lactato de mentilo. Obtendr\u00e1s estos beneficios: Mejorar el rendimiento sexual Maximiza el placer gracias a su efecto cool relaciones m\u00e1s satisfactorias Adem\u00e1s, adem\u00e1s: Gana [&hellip;]<\/p>\n","protected":false},"featured_media":4900,"comment_status":"open","ping_status":"closed","template":"","meta":{"_eb_attr":"","site-sidebar-layout":"default","site-content-layout":"default","ast-site-content-layout":"default","site-content-style":"default","site-sidebar-style":"default","ast-global-header-display":"","ast-banner-title-visibility":"","ast-main-header-display":"","ast-hfb-above-header-display":"","ast-hfb-below-header-display":"","ast-hfb-mobile-header-display":"","site-post-title":"","ast-breadcrumbs-content":"","ast-featured-img":"","footer-sml-layout":"","ast-disable-related-posts":"","theme-transparent-header-meta":"default","adv-header-id-meta":"","stick-header-meta":"","header-above-stick-meta":"","header-main-stick-meta":"","header-below-stick-meta":"","astra-migrate-meta-layouts":"default","ast-page-background-enabled":"default","ast-page-background-meta":{"desktop":{"background-color":"var(--ast-global-color-4)","background-image":"","background-repeat":"repeat","background-position":"center center","background-size":"auto","background-attachment":"scroll","background-type":"","background-media":"","overlay-type":"","overlay-color":"","overlay-opacity":"","overlay-gradient":""},"tablet":{"background-color":"","background-image":"","background-repeat":"repeat","background-position":"center center","background-size":"auto","background-attachment":"scroll","background-type":"","background-media":"","overlay-type":"","overlay-color":"","overlay-opacity":"","overlay-gradient":""},"mobile":{"background-color":"","background-image":"","background-repeat":"repeat","background-position":"center center","background-size":"auto","background-attachment":"scroll","background-type":"","background-media":"","overlay-type":"","overlay-color":"","overlay-opacity":"","overlay-gradient":""}},"ast-content-background-meta":{"desktop":{"background-color":"var(--ast-global-color-5)","background-image":"","background-repeat":"repeat","background-position":"center center","background-size":"auto","background-attachment":"scroll","background-type":"","background-media":"","overlay-type":"","overlay-color":"","overlay-opacity":"","overlay-gradient":""},"tablet":{"background-color":"var(--ast-global-color-5)","background-image":"","background-repeat":"repeat","background-position":"center center","background-size":"auto","background-attachment":"scroll","background-type":"","background-media":"","overlay-type":"","overlay-color":"","overlay-opacity":"","overlay-gradient":""},"mobile":{"background-color":"var(--ast-global-color-5)","background-image":"","background-repeat":"repeat","background-position":"center center","background-size":"auto","background-attachment":"scroll","background-type":"","background-media":"","overlay-type":"","overlay-color":"","overlay-opacity":"","overlay-gradient":""}}},"product_brand":[],"product_cat":[243,259,230,238],"product_tag":[],"class_list":{"0":"post-4899","1":"product","2":"type-product","3":"status-publish","4":"has-post-thumbnail","6":"product_cat-aumento-del-pene","7":"product_cat-cremas-para-el-pene","8":"product_cat-farmacia","9":"product_cat-todos-los-afrodisiacos-para-hombres","10":"desktop-align-left","11":"tablet-align-left","12":"mobile-align-left","14":"first","15":"instock","16":"shipping-taxable","17":"purchasable","18":"product-type-simple"},"_links":{"self":[{"href":"https:\/\/chibolita.es\/index.php\/wp-json\/wp\/v2\/product\/4899","targetHints":{"allow":["GET"]}}],"collection":[{"href":"https:\/\/chibolita.es\/index.php\/wp-json\/wp\/v2\/product"}],"about":[{"href":"https:\/\/chibolita.es\/index.php\/wp-json\/wp\/v2\/types\/product"}],"replies":[{"embeddable":true,"href":"https:\/\/chibolita.es\/index.php\/wp-json\/wp\/v2\/comments?post=4899"}],"wp:featuredmedia":[{"embeddable":true,"href":"https:\/\/chibolita.es\/index.php\/wp-json\/wp\/v2\/media\/4900"}],"wp:attachment":[{"href":"https:\/\/chibolita.es\/index.php\/wp-json\/wp\/v2\/media?parent=4899"}],"wp:term":[{"taxonomy":"product_brand","embeddable":true,"href":"https:\/\/chibolita.es\/index.php\/wp-json\/wp\/v2\/product_brand?post=4899"},{"taxonomy":"product_cat","embeddable":true,"href":"https:\/\/chibolita.es\/index.php\/wp-json\/wp\/v2\/product_cat?post=4899"},{"taxonomy":"product_tag","embeddable":true,"href":"https:\/\/chibolita.es\/index.php\/wp-json\/wp\/v2\/product_tag?post=4899"}],"curies":[{"name":"wp","href":"https:\/\/api.w.org\/{rel}","templated":true}]}}