{"id":4773,"date":"2023-05-10T21:26:42","date_gmt":"2023-05-10T21:26:42","guid":{"rendered":"https:\/\/chibolita.es\/?post_type=product&#038;p=4773"},"modified":"2026-04-14T07:57:19","modified_gmt":"2026-04-14T07:57:19","slug":"hot-exxtreme-capsulas-aumento-libido-mujer-2-cps","status":"publish","type":"product","link":"https:\/\/chibolita.es\/index.php\/product\/hot-exxtreme-capsulas-aumento-libido-mujer-2-cps\/","title":{"rendered":"HOT &#8211; EXXTREME C\u00c1PSULAS AUMENTO L\u00cdBIDO MUJER 2 CPS"},"content":{"rendered":"<p><strong><span>HOT EXTREME LIBIDO CAPS<\/span><\/strong><\/p>\n<p>Sin embargo, para aumentar el efecto general, estas c\u00e1psulas tambi\u00e9n contienen extracto de Muira Puama \u2013 que es conocido entre los nativos por sus efectos de fortalecimiento y aumento de la libido. Para redondear, est\u00e1 la Vitamina B3 y el cido F\u00f3lico, especialmente desarrollados a partir de la composici\u00f3n femenina.<\/p>\n<p>&nbsp;<\/p>\n<p><strong><span>Ingredientes:<\/span><\/strong><\/p>\n<p><span>Semen de Cardamomo en Pulpo, Harina de Avena, C\u00e1psula de Gelatina, Colorante E171 y E172, Separador de Estearato de Magnesio Semen de Guaran\u00e1 en Pulpo, Extracto de Muira Puama Corteza, Nicotinamida, \u00c1cido F\u00f3lico<\/span><\/p>\n","protected":false},"excerpt":{"rendered":"<p>HOT EXTREME LIBIDO CAPS Sin embargo, para aumentar el efecto general, estas c\u00e1psulas tambi\u00e9n contienen extracto de Muira Puama \u2013 que es conocido entre los nativos por sus efectos de fortalecimiento y aumento de la libido. Para redondear, est\u00e1 la Vitamina B3 y el cido F\u00f3lico, especialmente desarrollados a partir de la composici\u00f3n femenina. &nbsp; [&hellip;]<\/p>\n","protected":false},"featured_media":4774,"comment_status":"open","ping_status":"closed","template":"","meta":{"_eb_attr":"","site-sidebar-layout":"default","site-content-layout":"default","ast-site-content-layout":"default","site-content-style":"default","site-sidebar-style":"default","ast-global-header-display":"","ast-banner-title-visibility":"","ast-main-header-display":"","ast-hfb-above-header-display":"","ast-hfb-below-header-display":"","ast-hfb-mobile-header-display":"","site-post-title":"","ast-breadcrumbs-content":"","ast-featured-img":"","footer-sml-layout":"","ast-disable-related-posts":"","theme-transparent-header-meta":"default","adv-header-id-meta":"","stick-header-meta":"","header-above-stick-meta":"","header-main-stick-meta":"","header-below-stick-meta":"","astra-migrate-meta-layouts":"default","ast-page-background-enabled":"default","ast-page-background-meta":{"desktop":{"background-color":"var(--ast-global-color-4)","background-image":"","background-repeat":"repeat","background-position":"center center","background-size":"auto","background-attachment":"scroll","background-type":"","background-media":"","overlay-type":"","overlay-color":"","overlay-opacity":"","overlay-gradient":""},"tablet":{"background-color":"","background-image":"","background-repeat":"repeat","background-position":"center center","background-size":"auto","background-attachment":"scroll","background-type":"","background-media":"","overlay-type":"","overlay-color":"","overlay-opacity":"","overlay-gradient":""},"mobile":{"background-color":"","background-image":"","background-repeat":"repeat","background-position":"center center","background-size":"auto","background-attachment":"scroll","background-type":"","background-media":"","overlay-type":"","overlay-color":"","overlay-opacity":"","overlay-gradient":""}},"ast-content-background-meta":{"desktop":{"background-color":"var(--ast-global-color-5)","background-image":"","background-repeat":"repeat","background-position":"center center","background-size":"auto","background-attachment":"scroll","background-type":"","background-media":"","overlay-type":"","overlay-color":"","overlay-opacity":"","overlay-gradient":""},"tablet":{"background-color":"var(--ast-global-color-5)","background-image":"","background-repeat":"repeat","background-position":"center center","background-size":"auto","background-attachment":"scroll","background-type":"","background-media":"","overlay-type":"","overlay-color":"","overlay-opacity":"","overlay-gradient":""},"mobile":{"background-color":"var(--ast-global-color-5)","background-image":"","background-repeat":"repeat","background-position":"center center","background-size":"auto","background-attachment":"scroll","background-type":"","background-media":"","overlay-type":"","overlay-color":"","overlay-opacity":"","overlay-gradient":""}}},"product_brand":[],"product_cat":[233,230,255],"product_tag":[],"class_list":{"0":"post-4773","1":"product","2":"type-product","3":"status-publish","4":"has-post-thumbnail","6":"product_cat-afrodisiacos-para-mujeres","7":"product_cat-farmacia","8":"product_cat-vida-sexual-saludable","9":"desktop-align-left","10":"tablet-align-left","11":"mobile-align-left","13":"first","14":"instock","15":"shipping-taxable","16":"purchasable","17":"product-type-simple"},"_links":{"self":[{"href":"https:\/\/chibolita.es\/index.php\/wp-json\/wp\/v2\/product\/4773","targetHints":{"allow":["GET"]}}],"collection":[{"href":"https:\/\/chibolita.es\/index.php\/wp-json\/wp\/v2\/product"}],"about":[{"href":"https:\/\/chibolita.es\/index.php\/wp-json\/wp\/v2\/types\/product"}],"replies":[{"embeddable":true,"href":"https:\/\/chibolita.es\/index.php\/wp-json\/wp\/v2\/comments?post=4773"}],"wp:featuredmedia":[{"embeddable":true,"href":"https:\/\/chibolita.es\/index.php\/wp-json\/wp\/v2\/media\/4774"}],"wp:attachment":[{"href":"https:\/\/chibolita.es\/index.php\/wp-json\/wp\/v2\/media?parent=4773"}],"wp:term":[{"taxonomy":"product_brand","embeddable":true,"href":"https:\/\/chibolita.es\/index.php\/wp-json\/wp\/v2\/product_brand?post=4773"},{"taxonomy":"product_cat","embeddable":true,"href":"https:\/\/chibolita.es\/index.php\/wp-json\/wp\/v2\/product_cat?post=4773"},{"taxonomy":"product_tag","embeddable":true,"href":"https:\/\/chibolita.es\/index.php\/wp-json\/wp\/v2\/product_tag?post=4773"}],"curies":[{"name":"wp","href":"https:\/\/api.w.org\/{rel}","templated":true}]}}